46.105.196.5 www.astro52.com - [07/Jan/2016:16:24:41 +0100] "GET /labydata/t3est.html HTTP/1.1" 200 257 "http://www.astro52.com/labydata/b2droite.html" "Mozilla/5.0 (Windows NT 6.1; WOW64; rv:42.0) Gecko/20100101 Firefox/42.0"
46.105.196.8 www.astro52.com - [07/Jan/2016:16:24:41 +0100] "GET /labydata/t3estgauche.html HTTP/1.1" 200 326 "http://www.astro52.com/labydata/t3est.html" "Mozilla/5.0 (Windows NT 6.1; WOW64; rv:42.0) Gecko/20100101 Firefox/42.0"
46.105.196.8 www.astro52.com - [07/Jan/2016:16:24:41 +0100] "GET /labydata/t3estdroite.html HTTP/1.1" 200 326 "http://www.astro52.com/labydata/t3est.html" "Mozilla/5.0 (Windows NT 6.1; WOW64; rv:42.0) Gecko/20100101 Firefox/42.0"
46.105.196.5 www.astro52.com - [07/Jan/2016:16:24:41 +0100] "GET /labydata/t3est.gif HTTP/1.1" 200 5813 "http://www.astro52.com/labydata/t3estdroite.html" "Mozilla/5.0 (Windows NT 6.1; WOW64; rv:42.0) Gecko/20100101 Firefox/42.0"
46.105.196.10 www.astro52.com - [07/Jan/2016:16:24:41 +0100] "GET /labydata/pb12a.html HTTP/1.1" 200 260 "http://www.astro52.com/labydata/a11droite.html" "Mozilla/5.0 (Windows NT 6.1; WOW64; rv:43.0) Gecko/20100101 Firefox/43.0"
46.105.196.9 www.astro52.com - [07/Jan/2016:16:24:41 +0100] "GET /labydata/pb12agauche.html HTTP/1.1" 200 560 "http://www.astro52.com/labydata/pb12a.html" "Mozilla/5.0 (Windows NT 6.1; WOW64; rv:43.0) Gecko/20100101 Firefox/43.0"
46.105.196.7 www.astro52.com - [07/Jan/2016:16:24:41 +0100] "GET /labydata/pb12adroite.html HTTP/1.1" 200 344 "http://www.astro52.com/labydata/pb12a.html" "Mozilla/5.0 (Windows NT 6.1; WOW64; rv:43.0) Gecko/20100101 Firefox/43.0"
46.105.196.5 www.astro52.com - [07/Jan/2016:16:24:42 +0100] "GET /labydata/pb3.html HTTP/1.1" 200 257 "http://www.astro52.com/labydata/t3estdroite.html" "Mozilla/5.0 (Windows NT 6.1; WOW64; rv:42.0) Gecko/20100101 Firefox/42.0"
46.105.196.6 www.astro52.com - [07/Jan/2016:16:24:42 +0100] "GET /labydata/pb3gauche.html HTTP/1.1" 200 595 "http://www.astro52.com/labydata/pb3.html" "Mozilla/5.0 (Windows NT 6.1; WOW64; rv:42.0) Gecko/20100101 Firefox/42.0"
46.105.196.10 www.astro52.com - [07/Jan/2016:16:24:43 +0100] "GET /labydata/pb3droite.html HTTP/1.1" 200 355 "http://www.astro52.com/labydata/pb3.html" "Mozilla/5.0 (Windows NT 6.1; WOW64; rv:42.0) Gecko/20100101 Firefox/42.0"
46.105.196.7 www.astro52.com - [07/Jan/2016:16:24:43 +0100] "GET /labydata/b12.html HTTP/1.1" 200 257 "http://www.astro52.com/labydata/pb12adroite.html" "Mozilla/5.0 (Windows NT 6.1; WOW64; rv:43.0) Gecko/20100101 Firefox/43.0"
46.105.196.10 www.astro52.com - [07/Jan/2016:16:24:43 +0100] "GET /labydata/b12gauche.html HTTP/1.1" 200 409 "http://www.astro52.com/labydata/b12.html" "Mozilla/5.0 (Windows NT 6.1; WOW64; rv:43.0) Gecko/20100101 Firefox/43.0"
46.105.196.10 www.astro52.com - [07/Jan/2016:16:24:43 +0100] "GET /labydata/b12droite.html HTTP/1.1" 200 328 "http://www.astro52.com/labydata/b12.html" "Mozilla/5.0 (Windows NT 6.1; WOW64; rv:43.0) Gecko/20100101 Firefox/43.0"
46.105.196.10 www.astro52.com - [07/Jan/2016:16:24:45 +0100] "GET /labydata/t20ouest.html HTTP/1.1" 200 263 "http://www.astro52.com/labydata/b12droite.html" "Mozilla/5.0 (Windows NT 6.1; WOW64; rv:43.0) Gecko/20100101 Firefox/43.0"
46.105.196.12 www.astro52.com - [07/Jan/2016:16:24:45 +0100] "GET /labydata/t20ouestdroite.html HTTP/1.1" 200 327 "http://www.astro52.com/labydata/t20ouest.html" "Mozilla/5.0 (Windows NT 6.1; WOW64; rv:43.0) Gecko/20100101 Firefox/43.0"
46.105.196.11 www.astro52.com - [07/Jan/2016:16:24:45 +0100] "GET /labydata/t20ouestgauche.html HTTP/1.1" 200 320 "http://www.astro52.com/labydata/t20ouest.html" "Mozilla/5.0 (Windows NT 6.1; WOW64; rv:43.0) Gecko/20100101 Firefox/43.0"
46.105.196.12 www.astro52.com - [07/Jan/2016:16:24:45 +0100] "GET /labydata/a3.html HTTP/1.1" 200 256 "http://www.astro52.com/labydata/pb3droite.html" "Mozilla/5.0 (Windows NT 6.1; WOW64; rv:42.0) Gecko/20100101 Firefox/42.0"
46.105.196.9 www.astro52.com - [07/Jan/2016:16:24:45 +0100] "GET /labydata/a3gauche.html HTTP/1.1" 200 394 "http://www.astro52.com/labydata/a3.html" "Mozilla/5.0 (Windows NT 6.1; WOW64; rv:42.0) Gecko/20100101 Firefox/42.0"
46.105.196.9 www.astro52.com - [07/Jan/2016:16:24:45 +0100] "GET /labydata/a3droite.html HTTP/1.1" 200 324 "http://www.astro52.com/labydata/a3.html" "Mozilla/5.0 (Windows NT 6.1; WOW64; rv:42.0) Gecko/20100101 Firefox/42.0"
46.105.196.11 www.astro52.com - [07/Jan/2016:16:24:45 +0100] "GET /labydata/a3.gif HTTP/1.1" 200 5253 "http://www.astro52.com/labydata/a3droite.html" "Mozilla/5.0 (Windows NT 6.1; WOW64; rv:42.0) Gecko/20100101 Firefox/42.0"
46.105.196.12 www.astro52.com - [07/Jan/2016:16:24:46 +0100] "GET /labydata/t17.html HTTP/1.1" 200 257 "http://www.astro52.com/labydata/t20ouestdroite.html" "Mozilla/5.0 (Windows NT 6.1; WOW64; rv:43.0) Gecko/20100101 Firefox/43.0"
46.105.196.10 www.astro52.com - [07/Jan/2016:16:24:46 +0100] "GET /labydata/t17gauche.html HTTP/1.1" 200 320 "http://www.astro52.com/labydata/t17.html" "Mozilla/5.0 (Windows NT 6.1; WOW64; rv:43.0) Gecko/20100101 Firefox/43.0"
46.105.196.10 www.astro52.com - [07/Jan/2016:16:24:46 +0100] "GET /labydata/t17droite.html HTTP/1.1" 200 326 "http://www.astro52.com/labydata/t17.html" "Mozilla/5.0 (Windows NT 6.1; WOW64; rv:43.0) Gecko/20100101 Firefox/43.0"
46.105.196.7 www.astro52.com - [07/Jan/2016:16:24:47 +0100] "GET /labydata/a7.html HTTP/1.1" 200 256 "http://www.astro52.com/labydata/pb7droite.html" "Mozilla/5.0 (Windows NT 6.1; WOW64; rv:43.0) Gecko/20100101 Firefox/43.0"
46.105.196.12 www.astro52.com - [07/Jan/2016:16:24:47 +0100] "GET /labydata/a7gauche.html HTTP/1.1" 200 384 "http://www.astro52.com/labydata/a7.html" "Mozilla/5.0 (Windows NT 6.1; WOW64; rv:43.0) Gecko/20100101 Firefox/43.0"
46.105.196.9 www.astro52.com - [07/Jan/2016:16:24:47 +0100] "GET /labydata/a7droite.html HTTP/1.1" 200 323 "http://www.astro52.com/labydata/a7.html" "Mozilla/5.0 (Windows NT 6.1; WOW64; rv:43.0) Gecko/20100101 Firefox/43.0"
46.105.196.9 www.astro52.com - [07/Jan/2016:16:24:47 +0100] "GET /labydata/t4est.html HTTP/1.1" 200 258 "http://www.astro52.com/labydata/a3droite.html" "Mozilla/5.0 (Windows NT 6.1; WOW64; rv:42.0) Gecko/20100101 Firefox/42.0"
46.105.196.9 www.astro52.com - [07/Jan/2016:16:24:47 +0100] "GET /labydata/t4estgauche.html HTTP/1.1" 200 320 "http://www.astro52.com/labydata/t4est.html" "Mozilla/5.0 (Windows NT 6.1; WOW64; rv:42.0) Gecko/20100101 Firefox/42.0"
46.105.196.6 www.astro52.com - [07/Jan/2016:16:24:47 +0100] "GET /labydata/t4estdroite.html HTTP/1.1" 200 326 "http://www.astro52.com/labydata/t4est.html" "Mozilla/5.0 (Windows NT 6.1; WOW64; rv:42.0) Gecko/20100101 Firefox/42.0"
46.105.196.11 www.astro52.com - [07/Jan/2016:16:24:47 +0100] "GET /labydata/t4est.gif HTTP/1.1" 200 6824 "http://www.astro52.com/labydata/t4estdroite.html" "Mozilla/5.0 (Windows NT 6.1; WOW64; rv:42.0) Gecko/20100101 Firefox/42.0"
46.105.196.9 www.astro52.com - [07/Jan/2016:16:24:48 +0100] "GET /labydata/t2ouest.html HTTP/1.1" 200 259 "http://www.astro52.com/labydata/t17droite.html" "Mozilla/5.0 (Windows NT 6.1; WOW64; rv:43.0) Gecko/20100101 Firefox/43.0"
46.105.196.5 www.astro52.com - [07/Jan/2016:16:24:48 +0100] "GET /labydata/t2ouestdroite.html HTTP/1.1" 200 328 "http://www.astro52.com/labydata/t2ouest.html" "Mozilla/5.0 (Windows NT 6.1; WOW64; rv:43.0) Gecko/20100101 Firefox/43.0"
46.105.196.7 www.astro52.com - [07/Jan/2016:16:24:48 +0100] "GET /labydata/t2ouestgauche.html HTTP/1.1" 200 320 "http://www.astro52.com/labydata/t2ouest.html" "Mozilla/5.0 (Windows NT 6.1; WOW64; rv:43.0) Gecko/20100101 Firefox/43.0"
46.105.196.6 www.astro52.com - [07/Jan/2016:16:24:49 +0100] "GET /labydata/t11.html HTTP/1.1" 200 257 "http://www.astro52.com/labydata/a7droite.html" "Mozilla/5.0 (Windows NT 6.1; WOW64; rv:43.0) Gecko/20100101 Firefox/43.0"
46.105.196.5 www.astro52.com - [07/Jan/2016:16:24:49 +0100] "GET /labydata/introouest.html HTTP/1.1" 200 263 "http://www.astro52.com/labydata/t2ouestdroite.html" "Mozilla/5.0 (Windows NT 6.1; WOW64; rv:43.0) Gecko/20100101 Firefox/43.0"
46.105.196.12 www.astro52.com - [07/Jan/2016:16:24:49 +0100] "GET /labydata/introouestdroite.html HTTP/1.1" 200 328 "http://www.astro52.com/labydata/introouest.html" "Mozilla/5.0 (Windows NT 6.1; WOW64; rv:43.0) Gecko/20100101 Firefox/43.0"
46.105.196.9 www.astro52.com - [07/Jan/2016:16:24:49 +0100] "GET /labydata/introouestgauche.html HTTP/1.1" 200 408 "http://www.astro52.com/labydata/introouest.html" "Mozilla/5.0 (Windows NT 6.1; WOW64; rv:43.0) Gecko/20100101 Firefox/43.0"
46.105.196.5 www.astro52.com - [07/Jan/2016:16:24:49 +0100] "GET /labydata/t11droite.html HTTP/1.1" 200 328 "http://www.astro52.com/labydata/t11.html" "Mozilla/5.0 (Windows NT 6.1; WOW64; rv:43.0) Gecko/20100101 Firefox/43.0"
46.105.196.11 www.astro52.com - [07/Jan/2016:16:24:49 +0100] "GET /labydata/t11gauche.html HTTP/1.1" 200 320 "http://www.astro52.com/labydata/t11.html" "Mozilla/5.0 (Windows NT 6.1; WOW64; rv:43.0) Gecko/20100101 Firefox/43.0"
46.105.196.11 www.astro52.com - [07/Jan/2016:16:24:50 +0100] "GET /labydata/pb4.html HTTP/1.1" 200 258 "http://www.astro52.com/labydata/t4estdroite.html" "Mozilla/5.0 (Windows NT 6.1; WOW64; rv:42.0) Gecko/20100101 Firefox/42.0"
46.105.196.7 www.astro52.com - [07/Jan/2016:16:24:50 +0100] "GET /labydata/pb4gauche.html HTTP/1.1" 200 534 "http://www.astro52.com/labydata/pb4.html" "Mozilla/5.0 (Windows NT 6.1; WOW64; rv:42.0) Gecko/20100101 Firefox/42.0"
46.105.196.6 www.astro52.com - [07/Jan/2016:16:24:50 +0100] "GET /labydata/pb4droite.html HTTP/1.1" 200 360 "http://www.astro52.com/labydata/pb4.html" "Mozilla/5.0 (Windows NT 6.1; WOW64; rv:42.0) Gecko/20100101 Firefox/42.0"
46.105.196.11 www.astro52.com - [07/Jan/2016:16:24:51 +0100] "GET /labydata/t12ouest.html HTTP/1.1" 200 263 "http://www.astro52.com/labydata/t11droite.html" "Mozilla/5.0 (Windows NT 6.1; WOW64; rv:43.0) Gecko/20100101 Firefox/43.0"
46.105.196.10 www.astro52.com - [07/Jan/2016:16:24:51 +0100] "GET /labydata/t12ouestgauche.html HTTP/1.1" 200 320 "http://www.astro52.com/labydata/t12ouest.html" "Mozilla/5.0 (Windows NT 6.1; WOW64; rv:43.0) Gecko/20100101 Firefox/43.0"
46.105.196.10 www.astro52.com - [07/Jan/2016:16:24:51 +0100] "GET /labydata/t12ouestdroite.html HTTP/1.1" 200 328 "http://www.astro52.com/labydata/t12ouest.html" "Mozilla/5.0 (Windows NT 6.1; WOW64; rv:43.0) Gecko/20100101 Firefox/43.0"
46.105.196.10 www.astro52.com - [07/Jan/2016:16:24:52 +0100] "GET /labydata/pb1.html HTTP/1.1" 200 258 "http://www.astro52.com/labydata/introouestdroite.html" "Mozilla/5.0 (Windows NT 6.1; WOW64; rv:43.0) Gecko/20100101 Firefox/43.0"
46.105.196.10 www.astro52.com - [07/Jan/2016:16:24:52 +0100] "GET /labydata/pb1gauche.html HTTP/1.1" 200 538 "http://www.astro52.com/labydata/pb1.html" "Mozilla/5.0 (Windows NT 6.1; WOW64; rv:43.0) Gecko/20100101 Firefox/43.0"
46.105.196.9 www.astro52.com - [07/Jan/2016:16:24:52 +0100] "GET /labydata/pb1droite.html HTTP/1.1" 200 359 "http://www.astro52.com/labydata/pb1.html" "Mozilla/5.0 (Windows NT 6.1; WOW64; rv:43.0) Gecko/20100101 Firefox/43.0"
46.105.196.7 www.astro52.com - [07/Jan/2016:16:24:53 +0100] "GET /labydata/b4.html HTTP/1.1" 200 257 "http://www.astro52.com/labydata/pb4droite.html" "Mozilla/5.0 (Windows NT 6.1; WOW64; rv:42.0) Gecko/20100101 Firefox/42.0"
46.105.196.10 www.astro52.com - [07/Jan/2016:16:24:53 +0100] "GET /labydata/b4droite.html HTTP/1.1" 200 328 "http://www.astro52.com/labydata/b4.html" "Mozilla/5.0 (Windows NT 6.1; WOW64; rv:42.0) Gecko/20100101 Firefox/42.0"
46.105.196.9 www.astro52.com - [07/Jan/2016:16:24:53 +0100] "GET /labydata/b4gauche.html HTTP/1.1" 200 371 "http://www.astro52.com/labydata/b4.html" "Mozilla/5.0 (Windows NT 6.1; WOW64; rv:42.0) Gecko/20100101 Firefox/42.0"
46.105.196.9 www.astro52.com - [07/Jan/2016:16:24:53 +0100] "GET /labydata/b4.gif HTTP/1.1" 200 5973 "http://www.astro52.com/labydata/b4droite.html" "Mozilla/5.0 (Windows NT 6.1; WOW64; rv:42.0) Gecko/20100101 Firefox/42.0"
46.105.196.12 www.astro52.com - [07/Jan/2016:16:24:54 +0100] "GET /labydata/pb8.html HTTP/1.1" 200 257 "http://www.astro52.com/labydata/t12ouestdroite.html" "Mozilla/5.0 (Windows NT 6.1; WOW64; rv:43.0) Gecko/20100101 Firefox/43.0"
46.105.196.8 www.astro52.com - [07/Jan/2016:16:24:54 +0100] "GET /labydata/pb8gauche.html HTTP/1.1" 200 530 "http://www.astro52.com/labydata/pb8.html" "Mozilla/5.0 (Windows NT 6.1; WOW64; rv:43.0) Gecko/20100101 Firefox/43.0"
46.105.196.7 www.astro52.com - [07/Jan/2016:16:24:54 +0100] "GET /labydata/pb8droite.html HTTP/1.1" 200 359 "http://www.astro52.com/labydata/pb8.html" "Mozilla/5.0 (Windows NT 6.1; WOW64; rv:43.0) Gecko/20100101 Firefox/43.0"
46.105.196.10 www.astro52.com - [07/Jan/2016:16:24:55 +0100] "GET /labydata/t7ouest.html HTTP/1.1" 200 259 "http://www.astro52.com/labydata/b4droite.html" "Mozilla/5.0 (Windows NT 6.1; WOW64; rv:42.0) Gecko/20100101 Firefox/42.0"
46.105.196.12 www.astro52.com - [07/Jan/2016:16:24:55 +0100] "GET /labydata/t7ouestdroite.html HTTP/1.1" 200 327 "http://www.astro52.com/labydata/t7ouest.html" "Mozilla/5.0 (Windows NT 6.1; WOW64; rv:42.0) Gecko/20100101 Firefox/42.0"
46.105.196.8 www.astro52.com - [07/Jan/2016:16:24:55 +0100] "GET /labydata/t7ouestgauche.html HTTP/1.1" 200 321 "http://www.astro52.com/labydata/t7ouest.html" "Mozilla/5.0 (Windows NT 6.1; WOW64; rv:42.0) Gecko/20100101 Firefox/42.0"
46.105.196.7 www.astro52.com - [07/Jan/2016:16:24:55 +0100] "GET /labydata/t7ouest.gif HTTP/1.1" 200 6405 "http://www.astro52.com/labydata/t7ouestdroite.html" "Mozilla/5.0 (Windows NT 6.1; WOW64; rv:42.0) Gecko/20100101 Firefox/42.0"
46.105.196.11 www.astro52.com - [07/Jan/2016:16:24:58 +0100] "GET /labydata/pb5.html HTTP/1.1" 200 257 "http://www.astro52.com/labydata/t7ouestdroite.html" "Mozilla/5.0 (Windows NT 6.1; WOW64; rv:42.0) Gecko/20100101 Firefox/42.0"
46.105.196.7 www.astro52.com - [07/Jan/2016:16:24:58 +0100] "GET /labydata/pb5gauche.html HTTP/1.1" 200 545 "http://www.astro52.com/labydata/pb5.html" "Mozilla/5.0 (Windows NT 6.1; WOW64; rv:42.0) Gecko/20100101 Firefox/42.0"
46.105.196.12 www.astro52.com - [07/Jan/2016:16:24:58 +0100] "GET /labydata/pb5droite.html HTTP/1.1" 200 359 "http://www.astro52.com/labydata/pb5.html" "Mozilla/5.0 (Windows NT 6.1; WOW64; rv:42.0) Gecko/20100101 Firefox/42.0"
46.105.196.12 www.astro52.com - [07/Jan/2016:16:25:00 +0100] "GET /labydata/a12.html HTTP/1.1" 200 257 "http://www.astro52.com/labydata/pb12bdroite.html" "Mozilla/5.0 (Windows NT 6.1; WOW64; rv:43.0) Gecko/20100101 Firefox/43.0"
46.105.196.12 www.astro52.com - [07/Jan/2016:16:25:00 +0100] "GET /labydata/a12gauche.html HTTP/1.1" 200 395 "http://www.astro52.com/labydata/a12.html" "Mozilla/5.0 (Windows NT 6.1; WOW64; rv:43.0) Gecko/20100101 Firefox/43.0"
46.105.196.11 www.astro52.com - [07/Jan/2016:16:25:00 +0100] "GET /labydata/a12droite.html HTTP/1.1" 200 328 "http://www.astro52.com/labydata/a12.html" "Mozilla/5.0 (Windows NT 6.1; WOW64; rv:43.0) Gecko/20100101 Firefox/43.0"
46.105.196.5 www.astro52.com - [07/Jan/2016:16:25:01 +0100] "GET /labydata/a5.html HTTP/1.1" 200 256 "http://www.astro52.com/labydata/pb5droite.html" "Mozilla/5.0 (Windows NT 6.1; WOW64; rv:42.0) Gecko/20100101 Firefox/42.0"
46.105.196.7 www.astro52.com - [07/Jan/2016:16:25:01 +0100] "GET /labydata/a5droite.html HTTP/1.1" 200 326 "http://www.astro52.com/labydata/a5.html" "Mozilla/5.0 (Windows NT 6.1; WOW64; rv:42.0) Gecko/20100101 Firefox/42.0"
46.105.196.9 www.astro52.com - [07/Jan/2016:16:25:01 +0100] "GET /labydata/a5gauche.html HTTP/1.1" 200 406 "http://www.astro52.com/labydata/a5.html" "Mozilla/5.0 (Windows NT 6.1; WOW64; rv:42.0) Gecko/20100101 Firefox/42.0"
46.105.196.10 www.astro52.com - [07/Jan/2016:16:25:02 +0100] "GET /labydata/t20nord.html HTTP/1.1" 200 260 "http://www.astro52.com/labydata/a12droite.html" "Mozilla/5.0 (Windows NT 6.1; WOW64; rv:43.0) Gecko/20100101 Firefox/43.0"
46.105.196.10 www.astro52.com - [07/Jan/2016:16:25:02 +0100] "GET /labydata/t20norddroite.html HTTP/1.1" 200 326 "http://www.astro52.com/labydata/t20nord.html" "Mozilla/5.0 (Windows NT 6.1; WOW64; rv:43.0) Gecko/20100101 Firefox/43.0"
46.105.196.5 www.astro52.com - [07/Jan/2016:16:25:02 +0100] "GET /labydata/t20nordgauche.html HTTP/1.1" 200 320 "http://www.astro52.com/labydata/t20nord.html" "Mozilla/5.0 (Windows NT 6.1; WOW64; rv:43.0) Gecko/20100101 Firefox/43.0"
46.105.196.12 www.astro52.com - [07/Jan/2016:16:25:02 +0100] "GET /labydata/c1.html HTTP/1.1" 200 257 "http://www.astro52.com/labydata/pb1droite.html" "Mozilla/5.0 (Windows NT 6.1; WOW64; rv:43.0) Gecko/20100101 Firefox/43.0"
46.105.196.7 www.astro52.com - [07/Jan/2016:16:25:02 +0100] "GET /labydata/c1gauche.html HTTP/1.1" 200 427 "http://www.astro52.com/labydata/c1.html" "Mozilla/5.0 (Windows NT 6.1; WOW64; rv:43.0) Gecko/20100101 Firefox/43.0"
46.105.196.6 www.astro52.com - [07/Jan/2016:16:25:02 +0100] "GET /labydata/c1droite.html HTTP/1.1" 200 324 "http://www.astro52.com/labydata/c1.html" "Mozilla/5.0 (Windows NT 6.1; WOW64; rv:43.0) Gecko/20100101 Firefox/43.0"
46.105.196.11 www.astro52.com - [07/Jan/2016:16:25:02 +0100] "GET /labydata/c1.gif HTTP/1.1" 200 4858 "http://www.astro52.com/labydata/c1droite.html" "Mozilla/5.0 (Windows NT 6.1; WOW64; rv:43.0) Gecko/20100101 Firefox/43.0"
46.105.196.7 www.astro52.com - [07/Jan/2016:16:25:03 +0100] "GET /labydata/gtnouest.html HTTP/1.1" 200 261 "http://www.astro52.com/labydata/a5droite.html" "Mozilla/5.0 (Windows NT 6.1; WOW64; rv:42.0) Gecko/20100101 Firefox/42.0"
46.105.196.8 www.astro52.com - [07/Jan/2016:16:25:03 +0100] "GET /labydata/gtnouestdroite.html HTTP/1.1" 200 328 "http://www.astro52.com/labydata/gtnouest.html" "Mozilla/5.0 (Windows NT 6.1; WOW64; rv:42.0) Gecko/20100101 Firefox/42.0"
46.105.196.10 www.astro52.com - [07/Jan/2016:16:25:03 +0100] "GET /labydata/gtnouestgauche.html HTTP/1.1" 200 320 "http://www.astro52.com/labydata/gtnouest.html" "Mozilla/5.0 (Windows NT 6.1; WOW64; rv:42.0) Gecko/20100101 Firefox/42.0"
46.105.196.12 www.astro52.com - [07/Jan/2016:16:25:04 +0100] "GET /labydata/t17.html HTTP/1.1" 200 257 "http://www.astro52.com/labydata/t20norddroite.html" "Mozilla/5.0 (Windows NT 6.1; WOW64; rv:43.0) Gecko/20100101 Firefox/43.0"
46.105.196.10 www.astro52.com - [07/Jan/2016:16:25:04 +0100] "GET /labydata/t17droite.html HTTP/1.1" 200 326 "http://www.astro52.com/labydata/t17.html" "Mozilla/5.0 (Windows NT 6.1; WOW64; rv:43.0) Gecko/20100101 Firefox/43.0"
46.105.196.10 www.astro52.com - [07/Jan/2016:16:25:04 +0100] "GET /labydata/t17gauche.html HTTP/1.1" 200 320 "http://www.astro52.com/labydata/t17.html" "Mozilla/5.0 (Windows NT 6.1; WOW64; rv:43.0) Gecko/20100101 Firefox/43.0"
81.67.221.204 minipedia.fr - [07/Jan/2016:16:25:04 +0100] "GET /catarcbout.GIF HTTP/1.1" 200 7525 "https://www.google.fr/" "Mozilla/5.0 (iPhone; CPU iPhone OS 9_2 like Mac OS X) AppleWebKit/601.1.46 (KHTML, like Gecko) Version/9.0 Mobile/13C75 Safari/601.1"
46.105.196.11 www.astro52.com - [07/Jan/2016:16:25:05 +0100] "GET /labydata/t1sud.html HTTP/1.1" 200 258 "http://www.astro52.com/labydata/c1droite.html" "Mozilla/5.0 (Windows NT 6.1; WOW64; rv:43.0) Gecko/20100101 Firefox/43.0"
46.105.196.11 www.astro52.com - [07/Jan/2016:16:25:05 +0100] "GET /labydata/t8nord.html HTTP/1.1" 200 258 "http://www.astro52.com/labydata/gtnouestdroite.html" "Mozilla/5.0 (Windows NT 6.1; WOW64; rv:42.0) Gecko/20100101 Firefox/42.0"
46.105.196.5 www.astro52.com - [07/Jan/2016:16:25:05 +0100] "GET /labydata/t1sudgauche.html HTTP/1.1" 200 324 "http://www.astro52.com/labydata/t1sud.html" "Mozilla/5.0 (Windows NT 6.1; WOW64; rv:43.0) Gecko/20100101 Firefox/43.0"
46.105.196.12 www.astro52.com - [07/Jan/2016:16:25:05 +0100] "GET /labydata/t1suddroite.html HTTP/1.1" 200 326 "http://www.astro52.com/labydata/t1sud.html" "Mozilla/5.0 (Windows NT 6.1; WOW64; rv:43.0) Gecko/20100101 Firefox/43.0"
46.105.196.10 www.astro52.com - [07/Jan/2016:16:25:05 +0100] "GET /labydata/t8nordgauche.html HTTP/1.1" 200 320 "http://www.astro52.com/labydata/t8nord.html" "Mozilla/5.0 (Windows NT 6.1; WOW64; rv:42.0) Gecko/20100101 Firefox/42.0"
46.105.196.6 www.astro52.com - [07/Jan/2016:16:25:05 +0100] "GET /labydata/t8norddroite.html HTTP/1.1" 200 326 "http://www.astro52.com/labydata/t8nord.html" "Mozilla/5.0 (Windows NT 6.1; WOW64; rv:42.0) Gecko/20100101 Firefox/42.0"
46.105.196.6 www.astro52.com - [07/Jan/2016:16:25:05 +0100] "GET /labydata/t1sud.gif HTTP/1.1" 200 6824 "http://www.astro52.com/labydata/t1suddroite.html" "Mozilla/5.0 (Windows NT 6.1; WOW64; rv:43.0) Gecko/20100101 Firefox/43.0"
46.105.196.8 www.astro52.com - [07/Jan/2016:16:25:07 +0100] "GET /labydata/a8.html HTTP/1.1" 200 256 "http://www.astro52.com/labydata/pb8droite.html" "Mozilla/5.0 (Windows NT 6.1; WOW64; rv:43.0) Gecko/20100101 Firefox/43.0"
46.105.196.12 www.astro52.com - [07/Jan/2016:16:25:07 +0100] "GET /labydata/a8gauche.html HTTP/1.1" 200 378 "http://www.astro52.com/labydata/a8.html" "Mozilla/5.0 (Windows NT 6.1; WOW64; rv:43.0) Gecko/20100101 Firefox/43.0"
46.105.196.8 www.astro52.com - [07/Jan/2016:16:25:07 +0100] "GET /labydata/a8droite.html HTTP/1.1" 200 326 "http://www.astro52.com/labydata/a8.html" "Mozilla/5.0 (Windows NT 6.1; WOW64; rv:43.0) Gecko/20100101 Firefox/43.0"
46.105.196.9 www.astro52.com - [07/Jan/2016:16:25:07 +0100] "GET /labydata/t2ouest.html HTTP/1.1" 200 259 "http://www.astro52.com/labydata/t17droite.html" "Mozilla/5.0 (Windows NT 6.1; WOW64; rv:43.0) Gecko/20100101 Firefox/43.0"
46.105.196.6 www.astro52.com - [07/Jan/2016:16:25:07 +0100] "GET /labydata/a8.gif HTTP/1.1" 200 5917 "http://www.astro52.com/labydata/a8droite.html" "Mozilla/5.0 (Windows NT 6.1; WOW64; rv:43.0) Gecko/20100101 Firefox/43.0"
46.105.196.5 www.astro52.com - [07/Jan/2016:16:25:07 +0100] "GET /labydata/t2ouestdroite.html HTTP/1.1" 200 328 "http://www.astro52.com/labydata/t2ouest.html" "Mozilla/5.0 (Windows NT 6.1; WOW64; rv:43.0) Gecko/20100101 Firefox/43.0"
46.105.196.7 www.astro52.com - [07/Jan/2016:16:25:07 +0100] "GET /labydata/t2ouestgauche.html HTTP/1.1" 200 320 "http://www.astro52.com/labydata/t2ouest.html" "Mozilla/5.0 (Windows NT 6.1; WOW64; rv:43.0) Gecko/20100101 Firefox/43.0"
46.105.196.5 www.astro52.com - [07/Jan/2016:16:25:07 +0100] "GET /labydata/pb2.html HTTP/1.1" 200 258 "http://www.astro52.com/labydata/t1suddroite.html" "Mozilla/5.0 (Windows NT 6.1; WOW64; rv:43.0) Gecko/20100101 Firefox/43.0"
46.105.196.12 www.astro52.com - [07/Jan/2016:16:25:08 +0100] "GET /labydata/pb2droite.html HTTP/1.1" 200 359 "http://www.astro52.com/labydata/pb2.html" "Mozilla/5.0 (Windows NT 6.1; WOW64; rv:43.0) Gecko/20100101 Firefox/43.0"
46.105.196.5 www.astro52.com - [07/Jan/2016:16:25:08 +0100] "GET /labydata/pb2gauche.html HTTP/1.1" 200 557 "http://www.astro52.com/labydata/pb2.html" "Mozilla/5.0 (Windows NT 6.1; WOW64; rv:43.0) Gecko/20100101 Firefox/43.0"
46.105.196.10 www.astro52.com - [07/Jan/2016:16:25:08 +0100] "GET /calculs/additions2.html HTTP/1.1" 200 1015 "http://www.astro52.com/calculs/" "Mozilla/5.0 (Windows NT 6.1; WOW64; rv:43.0) Gecko/20100101 Firefox/43.0"
46.105.196.5 www.astro52.com - [07/Jan/2016:16:25:08 +0100] "GET /labydata/introouest.html HTTP/1.1" 200 263 "http://www.astro52.com/labydata/t2ouestdroite.html" "Mozilla/5.0 (Windows NT 6.1; WOW64; rv:43.0) Gecko/20100101 Firefox/43.0"
46.105.196.12 www.astro52.com - [07/Jan/2016:16:25:08 +0100] "GET /labydata/introouestdroite.html HTTP/1.1" 200 328 "http://www.astro52.com/labydata/introouest.html" "Mozilla/5.0 (Windows NT 6.1; WOW64; rv:43.0) Gecko/20100101 Firefox/43.0"
46.105.196.9 www.astro52.com - [07/Jan/2016:16:25:08 +0100] "GET /labydata/introouestgauche.html HTTP/1.1" 200 408 "http://www.astro52.com/labydata/introouest.html" "Mozilla/5.0 (Windows NT 6.1; WOW64; rv:43.0) Gecko/20100101 Firefox/43.0"
46.105.196.10 www.astro52.com - [07/Jan/2016:16:25:08 +0100] "GET /labydata/introouest.gif HTTP/1.1" 200 6824 "http://www.astro52.com/labydata/introouestdroite.html" "Mozilla/5.0 (Windows NT 6.1; WOW64; rv:43.0) Gecko/20100101 Firefox/43.0"
46.105.196.8 www.astro52.com - [07/Jan/2016:16:25:09 +0100] "GET /labydata/pb6.html HTTP/1.1" 200 258 "http://www.astro52.com/labydata/t8norddroite.html" "Mozilla/5.0 (Windows NT 6.1; WOW64; rv:42.0) Gecko/20100101 Firefox/42.0"
46.105.196.8 www.astro52.com - [07/Jan/2016:16:25:09 +0100] "GET /labydata/pb6gauche.html HTTP/1.1" 200 490 "http://www.astro52.com/labydata/pb6.html" "Mozilla/5.0 (Windows NT 6.1; WOW64; rv:42.0) Gecko/20100101 Firefox/42.0"
46.105.196.11 www.astro52.com - [07/Jan/2016:16:25:09 +0100] "GET /labydata/pb6droite.html HTTP/1.1" 200 359 "http://www.astro52.com/labydata/pb6.html" "Mozilla/5.0 (Windows NT 6.1; WOW64; rv:42.0) Gecko/20100101 Firefox/42.0"
46.105.196.10 www.astro52.com - [07/Jan/2016:16:25:10 +0100] "GET /labydata/pb1.html HTTP/1.1" 200 258 "http://www.astro52.com/labydata/introouestdroite.html" "Mozilla/5.0 (Windows NT 6.1; WOW64; rv:43.0) Gecko/20100101 Firefox/43.0"
46.105.196.9 www.astro52.com - [07/Jan/2016:16:25:10 +0100] "GET /labydata/pb1droite.html HTTP/1.1" 200 359 "http://www.astro52.com/labydata/pb1.html" "Mozilla/5.0 (Windows NT 6.1; WOW64; rv:43.0) Gecko/20100101 Firefox/43.0"
46.105.196.10 www.astro52.com - [07/Jan/2016:16:25:10 +0100] "GET /labydata/pb1gauche.html HTTP/1.1" 200 538 "http://www.astro52.com/labydata/pb1.html" "Mozilla/5.0 (Windows NT 6.1; WOW64; rv:43.0) Gecko/20100101 Firefox/43.0"
46.105.196.12 www.astro52.com - [07/Jan/2016:16:25:10 +0100] "GET /labydata/a2.html HTTP/1.1" 200 256 "http://www.astro52.com/labydata/pb2droite.html" "Mozilla/5.0 (Windows NT 6.1; WOW64; rv:43.0) Gecko/20100101 Firefox/43.0"
46.105.196.12 www.astro52.com - [07/Jan/2016:16:25:11 +0100] "GET /labydata/a2gauche.html HTTP/1.1" 200 431 "http://www.astro52.com/labydata/a2.html" "Mozilla/5.0 (Windows NT 6.1; WOW64; rv:43.0) Gecko/20100101 Firefox/43.0"
46.105.196.6 www.astro52.com - [07/Jan/2016:16:25:11 +0100] "GET /labydata/a2droite.html HTTP/1.1" 200 326 "http://www.astro52.com/labydata/a2.html" "Mozilla/5.0 (Windows NT 6.1; WOW64; rv:43.0) Gecko/20100101 Firefox/43.0"
46.105.196.5 www.astro52.com - [07/Jan/2016:16:25:11 +0100] "GET /labydata/a1.html HTTP/1.1" 200 256 "http://www.astro52.com/labydata/pb1droite.html" "Mozilla/5.0 (Windows NT 6.1; WOW64; rv:43.0) Gecko/20100101 Firefox/43.0"
46.105.196.9 www.astro52.com - [07/Jan/2016:16:25:12 +0100] "GET /labydata/a1gauche.html HTTP/1.1" 200 446 "http://www.astro52.com/labydata/a1.html" "Mozilla/5.0 (Windows NT 6.1; WOW64; rv:43.0) Gecko/20100101 Firefox/43.0"
46.105.196.9 www.astro52.com - [07/Jan/2016:16:25:12 +0100] "GET /labydata/a1droite.html HTTP/1.1" 200 345 "http://www.astro52.com/labydata/a1.html" "Mozilla/5.0 (Windows NT 6.1; WOW64; rv:43.0) Gecko/20100101 Firefox/43.0"
46.105.196.11 www.astro52.com - [07/Jan/2016:16:25:13 +0100] "GET /labydata/pb9est.html HTTP/1.1" 200 260 "http://www.astro52.com/labydata/a8droite.html" "Mozilla/5.0 (Windows NT 6.1; WOW64; rv:43.0) Gecko/20100101 Firefox/43.0"
46.105.196.11 www.astro52.com - [07/Jan/2016:16:25:13 +0100] "GET /labydata/pb9estgauche.html HTTP/1.1" 200 492 "http://www.astro52.com/labydata/pb9est.html" "Mozilla/5.0 (Windows NT 6.1; WOW64; rv:43.0) Gecko/20100101 Firefox/43.0"
46.105.196.7 www.astro52.com - [07/Jan/2016:16:25:13 +0100] "GET /labydata/pb9estdroite.html HTTP/1.1" 200 345 "http://www.astro52.com/labydata/pb9est.html" "Mozilla/5.0 (Windows NT 6.1; WOW64; rv:43.0) Gecko/20100101 Firefox/43.0"
46.105.196.11 www.astro52.com - [07/Jan/2016:16:25:13 +0100] "GET /labydata/pb9est.gif HTTP/1.1" 200 6824 "http://www.astro52.com/labydata/pb9estdroite.html" "Mozilla/5.0 (Windows NT 6.1; WOW64; rv:43.0) Gecko/20100101 Firefox/43.0"
46.105.196.11 www.astro52.com - [07/Jan/2016:16:25:14 +0100] "GET /labydata/t1ouest.html HTTP/1.1" 200 259 "http://www.astro52.com/labydata/a1droite.html" "Mozilla/5.0 (Windows NT 6.1; WOW64; rv:43.0) Gecko/20100101 Firefox/43.0"
46.105.196.10 www.astro52.com - [07/Jan/2016:16:25:14 +0100] "GET /labydata/t1ouestgauche.html HTTP/1.1" 200 324 "http://www.astro52.com/labydata/t1ouest.html" "Mozilla/5.0 (Windows NT 6.1; WOW64; rv:43.0) Gecko/20100101 Firefox/43.0"
46.105.196.10 www.astro52.com - [07/Jan/2016:16:25:14 +0100] "GET /labydata/t1ouestdroite.html HTTP/1.1" 200 326 "http://www.astro52.com/labydata/t1ouest.html" "Mozilla/5.0 (Windows NT 6.1; WOW64; rv:43.0) Gecko/20100101 Firefox/43.0"
46.105.196.5 www.astro52.com - [07/Jan/2016:16:25:15 +0100] "GET /labydata/pb2.html HTTP/1.1" 200 258 "http://www.astro52.com/labydata/t1ouestdroite.html" "Mozilla/5.0 (Windows NT 6.1; WOW64; rv:43.0) Gecko/20100101 Firefox/43.0"
46.105.196.5 www.astro52.com - [07/Jan/2016:16:25:15 +0100] "GET /labydata/pb2gauche.html HTTP/1.1" 200 557 "http://www.astro52.com/labydata/pb2.html" "Mozilla/5.0 (Windows NT 6.1; WOW64; rv:43.0) Gecko/20100101 Firefox/43.0"
46.105.196.12 www.astro52.com - [07/Jan/2016:16:25:16 +0100] "GET /labydata/pb2droite.html HTTP/1.1" 200 359 "http://www.astro52.com/labydata/pb2.html" "Mozilla/5.0 (Windows NT 6.1; WOW64; rv:43.0) Gecko/20100101 Firefox/43.0"
46.105.196.12 www.astro52.com - [07/Jan/2016:16:25:16 +0100] "GET /labydata/a6.html HTTP/1.1" 200 256 "http://www.astro52.com/labydata/pb6droite.html" "Mozilla/5.0 (Windows NT 6.1; WOW64; rv:42.0) Gecko/20100101 Firefox/42.0"
46.105.196.7 www.astro52.com - [07/Jan/2016:16:25:16 +0100] "GET /labydata/a6gauche.html HTTP/1.1" 200 396 "http://www.astro52.com/labydata/a6.html" "Mozilla/5.0 (Windows NT 6.1; WOW64; rv:42.0) Gecko/20100101 Firefox/42.0"
46.105.196.6 www.astro52.com - [07/Jan/2016:16:25:16 +0100] "GET /labydata/a6droite.html HTTP/1.1" 200 326 "http://www.astro52.com/labydata/a6.html" "Mozilla/5.0 (Windows NT 6.1; WOW64; rv:42.0) Gecko/20100101 Firefox/42.0"
46.105.196.6 www.astro52.com - [07/Jan/2016:16:25:17 +0100] "GET /labydata/t3sud.html HTTP/1.1" 200 258 "http://www.astro52.com/labydata/a2droite.html" "Mozilla/5.0 (Windows NT 6.1; WOW64; rv:43.0) Gecko/20100101 Firefox/43.0"
46.105.196.11 www.astro52.com - [07/Jan/2016:16:25:17 +0100] "GET /labydata/t3sudgauche.html HTTP/1.1" 200 326 "http://www.astro52.com/labydata/t3sud.html" "Mozilla/5.0 (Windows NT 6.1; WOW64; rv:43.0) Gecko/20100101 Firefox/43.0"
46.105.196.12 www.astro52.com - [07/Jan/2016:16:25:17 +0100] "GET /labydata/t3suddroite.html HTTP/1.1" 200 326 "http://www.astro52.com/labydata/t3sud.html" "Mozilla/5.0 (Windows NT 6.1; WOW64; rv:43.0) Gecko/20100101 Firefox/43.0"
46.105.196.12 www.astro52.com - [07/Jan/2016:16:25:18 +0100] "GET /labydata/a2.html HTTP/1.1" 200 256 "http://www.astro52.com/labydata/pb2droite.html" "Mozilla/5.0 (Windows NT 6.1; WOW64; rv:43.0) Gecko/20100101 Firefox/43.0"
46.105.196.12 www.astro52.com - [07/Jan/2016:16:25:18 +0100] "GET /labydata/a2gauche.html HTTP/1.1" 200 431 "http://www.astro52.com/labydata/a2.html" "Mozilla/5.0 (Windows NT 6.1; WOW64; rv:43.0) Gecko/20100101 Firefox/43.0"
46.105.196.6 www.astro52.com - [07/Jan/2016:16:25:18 +0100] "GET /labydata/a2droite.html HTTP/1.1" 200 326 "http://www.astro52.com/labydata/a2.html" "Mozilla/5.0 (Windows NT 6.1; WOW64; rv:43.0) Gecko/20100101 Firefox/43.0"
46.105.196.5 www.astro52.com - [07/Jan/2016:16:25:21 +0100] "GET /labydata/pb3.html HTTP/1.1" 200 257 "http://www.astro52.com/labydata/t3suddroite.html" "Mozilla/5.0 (Windows NT 6.1; WOW64; rv:43.0) Gecko/20100101 Firefox/43.0"
46.105.196.6 www.astro52.com - [07/Jan/2016:16:25:21 +0100] "GET /labydata/pb3gauche.html HTTP/1.1" 200 595 "http://www.astro52.com/labydata/pb3.html" "Mozilla/5.0 (Windows NT 6.1; WOW64; rv:43.0) Gecko/20100101 Firefox/43.0"
46.105.196.10 www.astro52.com - [07/Jan/2016:16:25:21 +0100] "GET /labydata/pb3droite.html HTTP/1.1" 200 355 "http://www.astro52.com/labydata/pb3.html" "Mozilla/5.0 (Windows NT 6.1; WOW64; rv:43.0) Gecko/20100101 Firefox/43.0"
46.105.196.7 www.astro52.com - [07/Jan/2016:16:25:22 +0100] "GET /labydata/t9nord.html HTTP/1.1" 200 259 "http://www.astro52.com/labydata/a6droite.html" "Mozilla/5.0 (Windows NT 6.1; WOW64; rv:42.0) Gecko/20100101 Firefox/42.0"
46.105.196.12 www.astro52.com - [07/Jan/2016:16:25:22 +0100] "GET /labydata/t9nordgauche.html HTTP/1.1" 200 320 "http://www.astro52.com/labydata/t9nord.html" "Mozilla/5.0 (Windows NT 6.1; WOW64; rv:42.0) Gecko/20100101 Firefox/42.0"
46.105.196.7 www.astro52.com - [07/Jan/2016:16:25:22 +0100] "GET /labydata/t9norddroite.html HTTP/1.1" 200 326 "http://www.astro52.com/labydata/t9nord.html" "Mozilla/5.0 (Windows NT 6.1; WOW64; rv:42.0) Gecko/20100101 Firefox/42.0"
46.105.196.12 www.astro52.com - [07/Jan/2016:16:25:23 +0100] "GET /labydata/c3.html HTTP/1.1" 200 256 "http://www.astro52.com/labydata/pb3droite.html" "Mozilla/5.0 (Windows NT 6.1; WOW64; rv:43.0) Gecko/20100101 Firefox/43.0"
46.105.196.11 www.astro52.com - [07/Jan/2016:16:25:24 +0100] "GET /labydata/c3gauche.html HTTP/1.1" 200 401 "http://www.astro52.com/labydata/c3.html" "Mozilla/5.0 (Windows NT 6.1; WOW64; rv:43.0) Gecko/20100101 Firefox/43.0"
46.105.196.9 www.astro52.com - [07/Jan/2016:16:25:24 +0100] "GET /labydata/c3droite.html HTTP/1.1" 200 326 "http://www.astro52.com/labydata/c3.html" "Mozilla/5.0 (Windows NT 6.1; WOW64; rv:43.0) Gecko/20100101 Firefox/43.0"
46.105.196.6 www.astro52.com - [07/Jan/2016:16:25:24 +0100] "GET /labydata/t3sud.html HTTP/1.1" 200 258 "http://www.astro52.com/labydata/a2droite.html" "Mozilla/5.0 (Windows NT 6.1; WOW64; rv:43.0) Gecko/20100101 Firefox/43.0"
46.105.196.11 www.astro52.com - [07/Jan/2016:16:25:24 +0100] "GET /labydata/t3sudgauche.html HTTP/1.1" 200 326 "http://www.astro52.com/labydata/t3sud.html" "Mozilla/5.0 (Windows NT 6.1; WOW64; rv:43.0) Gecko/20100101 Firefox/43.0"
46.105.196.12 www.astro52.com - [07/Jan/2016:16:25:24 +0100] "GET /labydata/t3suddroite.html HTTP/1.1" 200 326 "http://www.astro52.com/labydata/t3sud.html" "Mozilla/5.0 (Windows NT 6.1; WOW64; rv:43.0) Gecko/20100101 Firefox/43.0"
46.105.196.12 www.astro52.com - [07/Jan/2016:16:25:24 +0100] "GET /labydata/pb7.html HTTP/1.1" 200 258 "http://www.astro52.com/labydata/t9norddroite.html" "Mozilla/5.0 (Windows NT 6.1; WOW64; rv:42.0) Gecko/20100101 Firefox/42.0"
46.105.196.8 www.astro52.com - [07/Jan/2016:16:25:25 +0100] "GET /labydata/pb7gauche.html HTTP/1.1" 200 520 "http://www.astro52.com/labydata/pb7.html" "Mozilla/5.0 (Windows NT 6.1; WOW64; rv:42.0) Gecko/20100101 Firefox/42.0"
46.105.196.8 www.astro52.com - [07/Jan/2016:16:25:25 +0100] "GET /labydata/pb7droite.html HTTP/1.1" 200 357 "http://www.astro52.com/labydata/pb7.html" "Mozilla/5.0 (Windows NT 6.1; WOW64; rv:42.0) Gecko/20100101 Firefox/42.0"
46.105.196.8 www.astro52.com - [07/Jan/2016:16:25:25 +0100] "GET /calculs/soustractions3.html HTTP/1.1" 200 1027 "http://www.astro52.com/calculs/" "Mozilla/5.0 (Windows NT 6.1; WOW64; rv:43.0) Gecko/20100101 Firefox/43.0"
46.105.196.5 www.astro52.com - [07/Jan/2016:16:25:27 +0100] "GET /labydata/pb3.html HTTP/1.1" 200 257 "http://www.astro52.com/labydata/t3suddroite.html" "Mozilla/5.0 (Windows NT 6.1; WOW64; rv:43.0) Gecko/20100101 Firefox/43.0"
46.105.196.6 www.astro52.com - [07/Jan/2016:16:25:27 +0100] "GET /labydata/pb3gauche.html HTTP/1.1" 200 595 "http://www.astro52.com/labydata/pb3.html" "Mozilla/5.0 (Windows NT 6.1; WOW64; rv:43.0) Gecko/20100101 Firefox/43.0"
46.105.196.10 www.astro52.com - [07/Jan/2016:16:25:27 +0100] "GET /labydata/pb3droite.html HTTP/1.1" 200 355 "http://www.astro52.com/labydata/pb3.html" "Mozilla/5.0 (Windows NT 6.1; WOW64; rv:43.0) Gecko/20100101 Firefox/43.0"
46.105.196.12 www.astro52.com - [07/Jan/2016:16:25:29 +0100] "GET /labydata/a3.html HTTP/1.1" 200 256 "http://www.astro52.com/labydata/pb3droite.html" "Mozilla/5.0 (Windows NT 6.1; WOW64; rv:43.0) Gecko/20100101 Firefox/43.0"
46.105.196.9 www.astro52.com - [07/Jan/2016:16:25:29 +0100] "GET /labydata/a3droite.html HTTP/1.1" 200 324 "http://www.astro52.com/labydata/a3.html" "Mozilla/5.0 (Windows NT 6.1; WOW64; rv:43.0) Gecko/20100101 Firefox/43.0"
46.105.196.9 www.astro52.com - [07/Jan/2016:16:25:29 +0100] "GET /labydata/a3gauche.html HTTP/1.1" 200 394 "http://www.astro52.com/labydata/a3.html" "Mozilla/5.0 (Windows NT 6.1; WOW64; rv:43.0) Gecko/20100101 Firefox/43.0"
46.105.196.9 www.astro52.com - [07/Jan/2016:16:25:32 +0100] "GET /labydata/t4est.html HTTP/1.1" 200 258 "http://www.astro52.com/labydata/a3droite.html" "Mozilla/5.0 (Windows NT 6.1; WOW64; rv:43.0) Gecko/20100101 Firefox/43.0"
46.105.196.9 www.astro52.com - [07/Jan/2016:16:25:32 +0100] "GET /labydata/t4estgauche.html HTTP/1.1" 200 320 "http://www.astro52.com/labydata/t4est.html" "Mozilla/5.0 (Windows NT 6.1; WOW64; rv:43.0) Gecko/20100101 Firefox/43.0"
46.105.196.6 www.astro52.com - [07/Jan/2016:16:25:32 +0100] "GET /labydata/t4estdroite.html HTTP/1.1" 200 326 "http://www.astro52.com/labydata/t4est.html" "Mozilla/5.0 (Windows NT 6.1; WOW64; rv:43.0) Gecko/20100101 Firefox/43.0"
46.105.196.12 www.astro52.com - [07/Jan/2016:16:25:32 +0100] "GET /labydata/a2ouest.html HTTP/1.1" 200 259 "http://www.astro52.com/labydata/c3droite.html" "Mozilla/5.0 (Windows NT 6.1; WOW64; rv:43.0) Gecko/20100101 Firefox/43.0"
46.105.196.9 www.astro52.com - [07/Jan/2016:16:25:33 +0100] "GET /labydata/a2ouestgauche.html HTTP/1.1" 200 326 "http://www.astro52.com/labydata/a2ouest.html" "Mozilla/5.0 (Windows NT 6.1; WOW64; rv:43.0) Gecko/20100101 Firefox/43.0"
46.105.196.7 www.astro52.com - [07/Jan/2016:16:25:33 +0100] "GET /labydata/a2ouestdroite.html HTTP/1.1" 200 328 "http://www.astro52.com/labydata/a2ouest.html" "Mozilla/5.0 (Windows NT 6.1; WOW64; rv:43.0) Gecko/20100101 Firefox/43.0"
46.105.196.6 www.astro52.com - [07/Jan/2016:16:25:34 +0100] "GET /labydata/t3sud.html HTTP/1.1" 200 258 "http://www.astro52.com/labydata/a2ouestdroite.html" "Mozilla/5.0 (Windows NT 6.1; WOW64; rv:43.0) Gecko/20100101 Firefox/43.0"
46.105.196.11 www.astro52.com - [07/Jan/2016:16:25:34 +0100] "GET /labydata/t3sudgauche.html HTTP/1.1" 200 326 "http://www.astro52.com/labydata/t3sud.html" "Mozilla/5.0 (Windows NT 6.1; WOW64; rv:43.0) Gecko/20100101 Firefox/43.0"
46.105.196.12 www.astro52.com - [07/Jan/2016:16:25:34 +0100] "GET /labydata/t3suddroite.html HTTP/1.1" 200 326 "http://www.astro52.com/labydata/t3sud.html" "Mozilla/5.0 (Windows NT 6.1; WOW64; rv:43.0) Gecko/20100101 Firefox/43.0"
46.105.196.6 www.astro52.com - [07/Jan/2016:16:25:35 +0100] "GET /labydata/b7.html HTTP/1.1" 200 257 "http://www.astro52.com/labydata/pb7droite.html" "Mozilla/5.0 (Windows NT 6.1; WOW64; rv:42.0) Gecko/20100101 Firefox/42.0"
46.105.196.7 www.astro52.com - [07/Jan/2016:16:25:35 +0100] "GET /labydata/b7gauche.html HTTP/1.1" 200 391 "http://www.astro52.com/labydata/b7.html" "Mozilla/5.0 (Windows NT 6.1; WOW64; rv:42.0) Gecko/20100101 Firefox/42.0"
46.105.196.8 www.astro52.com - [07/Jan/2016:16:25:35 +0100] "GET /labydata/b7droite.html HTTP/1.1" 200 327 "http://www.astro52.com/labydata/b7.html" "Mozilla/5.0 (Windows NT 6.1; WOW64; rv:42.0) Gecko/20100101 Firefox/42.0"
46.105.196.12 www.astro52.com - [07/Jan/2016:16:25:35 +0100] "GET /labydata/b7.gif HTTP/1.1" 200 6176 "http://www.astro52.com/labydata/b7droite.html" "Mozilla/5.0 (Windows NT 6.1; WOW64; rv:42.0) Gecko/20100101 Firefox/42.0"
46.105.196.5 www.astro52.com - [07/Jan/2016:16:25:35 +0100] "GET /labydata/pb3.html HTTP/1.1" 200 257 "http://www.astro52.com/labydata/t3suddroite.html" "Mozilla/5.0 (Windows NT 6.1; WOW64; rv:43.0) Gecko/20100101 Firefox/43.0"
46.105.196.10 www.astro52.com - [07/Jan/2016:16:25:36 +0100] "GET /labydata/pb3droite.html HTTP/1.1" 200 355 "http://www.astro52.com/labydata/pb3.html" "Mozilla/5.0 (Windows NT 6.1; WOW64; rv:43.0) Gecko/20100101 Firefox/43.0"
46.105.196.6 www.astro52.com - [07/Jan/2016:16:25:36 +0100] "GET /labydata/pb3gauche.html HTTP/1.1" 200 595 "http://www.astro52.com/labydata/pb3.html" "Mozilla/5.0 (Windows NT 6.1; WOW64; rv:43.0) Gecko/20100101 Firefox/43.0"
46.105.196.6 www.astro52.com - [07/Jan/2016:16:25:37 +0100] "GET /labydata/b3.html HTTP/1.1" 200 256 "http://www.astro52.com/labydata/pb3droite.html" "Mozilla/5.0 (Windows NT 6.1; WOW64; rv:43.0) Gecko/20100101 Firefox/43.0"
46.105.196.7 www.astro52.com - [07/Jan/2016:16:25:37 +0100] "GET /labydata/b3gauche.html HTTP/1.1" 200 394 "http://www.astro52.com/labydata/b3.html" "Mozilla/5.0 (Windows NT 6.1; WOW64; rv:43.0) Gecko/20100101 Firefox/43.0"
46.105.196.11 www.astro52.com - [07/Jan/2016:16:25:37 +0100] "GET /labydata/b3droite.html HTTP/1.1" 200 325 "http://www.astro52.com/labydata/b3.html" "Mozilla/5.0 (Windows NT 6.1; WOW64; rv:43.0) Gecko/20100101 Firefox/43.0"
46.105.196.8 www.astro52.com - [07/Jan/2016:16:25:37 +0100] "GET /labydata/b3.gif HTTP/1.1" 200 5605 "http://www.astro52.com/labydata/b3droite.html" "Mozilla/5.0 (Windows NT 6.1; WOW64; rv:43.0) Gecko/20100101 Firefox/43.0"
46.105.196.7 www.astro52.com - [07/Jan/2016:16:25:38 +0100] "GET /labydata/a9.html HTTP/1.1" 200 256 "http://www.astro52.com/labydata/pb9estdroite.html" "Mozilla/5.0 (Windows NT 6.1; WOW64; rv:43.0) Gecko/20100101 Firefox/43.0"
46.105.196.9 www.astro52.com - [07/Jan/2016:16:25:38 +0100] "GET /labydata/a9gauche.html HTTP/1.1" 200 391 "http://www.astro52.com/labydata/a9.html" "Mozilla/5.0 (Windows NT 6.1; WOW64; rv:43.0) Gecko/20100101 Firefox/43.0"
46.105.196.7 www.astro52.com - [07/Jan/2016:16:25:39 +0100] "GET /labydata/a9droite.html HTTP/1.1" 200 324 "http://www.astro52.com/labydata/a9.html" "Mozilla/5.0 (Windows NT 6.1; WOW64; rv:43.0) Gecko/20100101 Firefox/43.0"
46.105.196.10 www.astro52.com - [07/Jan/2016:16:25:39 +0100] "GET /labydata/t12nord.html HTTP/1.1" 200 260 "http://www.astro52.com/labydata/b7droite.html" "Mozilla/5.0 (Windows NT 6.1; WOW64; rv:42.0) Gecko/20100101 Firefox/42.0"
46.105.196.8 www.astro52.com - [07/Jan/2016:16:25:39 +0100] "GET /labydata/a9.gif HTTP/1.1" 200 7228 "http://www.astro52.com/labydata/a9droite.html" "Mozilla/5.0 (Windows NT 6.1; WOW64; rv:43.0) Gecko/20100101 Firefox/43.0"
46.105.196.9 www.astro52.com - [07/Jan/2016:16:25:39 +0100] "GET /labydata/t12norddroite.html HTTP/1.1" 200 327 "http://www.astro52.com/labydata/t12nord.html" "Mozilla/5.0 (Windows NT 6.1; WOW64; rv:42.0) Gecko/20100101 Firefox/42.0"
46.105.196.11 www.astro52.com - [07/Jan/2016:16:25:39 +0100] "GET /labydata/t12nordgauche.html HTTP/1.1" 200 320 "http://www.astro52.com/labydata/t12nord.html" "Mozilla/5.0 (Windows NT 6.1; WOW64; rv:42.0) Gecko/20100101 Firefox/42.0"
46.105.196.7 www.astro52.com - [07/Jan/2016:16:25:39 +0100] "GET /labydata/t12nord.gif HTTP/1.1" 200 7053 "http://www.astro52.com/labydata/t12norddroite.html" "Mozilla/5.0 (Windows NT 6.1; WOW64; rv:42.0) Gecko/20100101 Firefox/42.0"
46.105.196.10 www.astro52.com - [07/Jan/2016:16:25:39 +0100] "GET /labydata/t4sud.html HTTP/1.1" 200 258 "http://www.astro52.com/labydata/b3droite.html" "Mozilla/5.0 (Windows NT 6.1; WOW64; rv:43.0) Gecko/20100101 Firefox/43.0"
46.105.196.5 www.astro52.com - [07/Jan/2016:16:25:39 +0100] "GET /labydata/t4sudgauche.html HTTP/1.1" 200 320 "http://www.astro52.com/labydata/t4sud.html" "Mozilla/5.0 (Windows NT 6.1; WOW64; rv:43.0) Gecko/20100101 Firefox/43.0"
46.105.196.12 www.astro52.com - [07/Jan/2016:16:25:39 +0100] "GET /labydata/t4suddroite.html HTTP/1.1" 200 326 "http://www.astro52.com/labydata/t4sud.html" "Mozilla/5.0 (Windows NT 6.1; WOW64; rv:43.0) Gecko/20100101 Firefox/43.0"
46.105.196.5 www.astro52.com - [07/Jan/2016:16:25:39 +0100] "GET /labydata/t4sud.gif HTTP/1.1" 200 6824 "http://www.astro52.com/labydata/t4suddroite.html" "Mozilla/5.0 (Windows NT 6.1; WOW64; rv:43.0) Gecko/20100101 Firefox/43.0"
46.105.196.11 www.astro52.com - [07/Jan/2016:16:25:40 +0100] "GET /labydata/pb4.html HTTP/1.1" 200 258 "http://www.astro52.com/labydata/t4estdroite.html" "Mozilla/5.0 (Windows NT 6.1; WOW64; rv:43.0) Gecko/20100101 Firefox/43.0"
46.105.196.7 www.astro52.com - [07/Jan/2016:16:25:40 +0100] "GET /labydata/pb4gauche.html HTTP/1.1" 200 534 "http://www.astro52.com/labydata/pb4.html" "Mozilla/5.0 (Windows NT 6.1; WOW64; rv:43.0) Gecko/20100101 Firefox/43.0"
46.105.196.6 www.astro52.com - [07/Jan/2016:16:25:40 +0100] "GET /labydata/pb4droite.html HTTP/1.1" 200 360 "http://www.astro52.com/labydata/pb4.html" "Mozilla/5.0 (Windows NT 6.1; WOW64; rv:43.0) Gecko/20100101 Firefox/43.0"
46.105.196.11 www.astro52.com - [07/Jan/2016:16:25:41 +0100] "GET /labydata/pb4.html HTTP/1.1" 200 258 "http://www.astro52.com/labydata/t4suddroite.html" "Mozilla/5.0 (Windows NT 6.1; WOW64; rv:43.0) Gecko/20100101 Firefox/43.0"
46.105.196.6 www.astro52.com - [07/Jan/2016:16:25:41 +0100] "GET /labydata/pb4droite.html HTTP/1.1" 200 360 "http://www.astro52.com/labydata/pb4.html" "Mozilla/5.0 (Windows NT 6.1; WOW64; rv:43.0) Gecko/20100101 Firefox/43.0"
46.105.196.7 www.astro52.com - [07/Jan/2016:16:25:41 +0100] "GET /labydata/pb4gauche.html HTTP/1.1" 200 534 "http://www.astro52.com/labydata/pb4.html" "Mozilla/5.0 (Windows NT 6.1; WOW64; rv:43.0) Gecko/20100101 Firefox/43.0"
46.105.196.12 www.astro52.com - [07/Jan/2016:16:25:41 +0100] "GET /labydata/pb8.html HTTP/1.1" 200 257 "http://www.astro52.com/labydata/t12norddroite.html" "Mozilla/5.0 (Windows NT 6.1; WOW64; rv:42.0) Gecko/20100101 Firefox/42.0"
46.105.196.8 www.astro52.com - [07/Jan/2016:16:25:41 +0100] "GET /labydata/pb8gauche.html HTTP/1.1" 200 530 "http://www.astro52.com/labydata/pb8.html" "Mozilla/5.0 (Windows NT 6.1; WOW64; rv:42.0) Gecko/20100101 Firefox/42.0"
46.105.196.7 www.astro52.com - [07/Jan/2016:16:25:41 +0100] "GET /labydata/pb8droite.html HTTP/1.1" 200 359 "http://www.astro52.com/labydata/pb8.html" "Mozilla/5.0 (Windows NT 6.1; WOW64; rv:42.0) Gecko/20100101 Firefox/42.0"
46.105.196.7 www.astro52.com - [07/Jan/2016:16:25:42 +0100] "GET /labydata/b4.html HTTP/1.1" 200 257 "http://www.astro52.com/labydata/pb4droite.html" "Mozilla/5.0 (Windows NT 6.1; WOW64; rv:43.0) Gecko/20100101 Firefox/43.0"
46.105.196.9 www.astro52.com - [07/Jan/2016:16:25:42 +0100] "GET /labydata/b4gauche.html HTTP/1.1" 200 371 "http://www.astro52.com/labydata/b4.html" "Mozilla/5.0 (Windows NT 6.1; WOW64; rv:43.0) Gecko/20100101 Firefox/43.0"
46.105.196.10 www.astro52.com - [07/Jan/2016:16:25:42 +0100] "GET /labydata/b4droite.html HTTP/1.1" 200 328 "http://www.astro52.com/labydata/b4.html" "Mozilla/5.0 (Windows NT 6.1; WOW64; rv:43.0) Gecko/20100101 Firefox/43.0"
46.105.196.7 www.astro52.com - [07/Jan/2016:16:25:42 +0100] "GET /labydata/b4.html HTTP/1.1" 200 257 "http://www.astro52.com/labydata/pb4droite.html" "Mozilla/5.0 (Windows NT 6.1; WOW64; rv:43.0) Gecko/20100101 Firefox/43.0"
46.105.196.10 www.astro52.com - [07/Jan/2016:16:25:43 +0100] "GET /labydata/b4droite.html HTTP/1.1" 200 328 "http://www.astro52.com/labydata/b4.html" "Mozilla/5.0 (Windows NT 6.1; WOW64; rv:43.0) Gecko/20100101 Firefox/43.0"
46.105.196.9 www.astro52.com - [07/Jan/2016:16:25:43 +0100] "GET /labydata/b4gauche.html HTTP/1.1" 200 371 "http://www.astro52.com/labydata/b4.html" "Mozilla/5.0 (Windows NT 6.1; WOW64; rv:43.0) Gecko/20100101 Firefox/43.0"
46.105.196.9 www.astro52.com - [07/Jan/2016:16:25:43 +0100] "GET /labydata/t14nord.html HTTP/1.1" 200 260 "http://www.astro52.com/labydata/a9droite.html" "Mozilla/5.0 (Windows NT 6.1; WOW64; rv:43.0) Gecko/20100101 Firefox/43.0"
46.105.196.11 www.astro52.com - [07/Jan/2016:16:25:43 +0100] "GET /labydata/t14nordgauche.html HTTP/1.1" 200 320 "http://www.astro52.com/labydata/t14nord.html" "Mozilla/5.0 (Windows NT 6.1; WOW64; rv:43.0) Gecko/20100101 Firefox/43.0"
46.105.196.5 www.astro52.com - [07/Jan/2016:16:25:43 +0100] "GET /labydata/t14norddroite.html HTTP/1.1" 200 324 "http://www.astro52.com/labydata/t14nord.html" "Mozilla/5.0 (Windows NT 6.1; WOW64; rv:43.0) Gecko/20100101 Firefox/43.0"
46.105.196.6 www.astro52.com - [07/Jan/2016:16:25:43 +0100] "GET /labydata/t14nord.gif HTTP/1.1" 200 6416 "http://www.astro52.com/labydata/t14norddroite.html" "Mozilla/5.0 (Windows NT 6.1; WOW64; rv:43.0) Gecko/20100101 Firefox/43.0"
46.105.196.10 www.astro52.com - [07/Jan/2016:16:25:45 +0100] "GET /labydata/t7ouest.html HTTP/1.1" 200 259 "http://www.astro52.com/labydata/b4droite.html" "Mozilla/5.0 (Windows NT 6.1; WOW64; rv:43.0) Gecko/20100101 Firefox/43.0"
46.105.196.8 www.astro52.com - [07/Jan/2016:16:25:45 +0100] "GET /labydata/t7ouestgauche.html HTTP/1.1" 200 321 "http://www.astro52.com/labydata/t7ouest.html" "Mozilla/5.0 (Windows NT 6.1; WOW64; rv:43.0) Gecko/20100101 Firefox/43.0"
46.105.196.12 www.astro52.com - [07/Jan/2016:16:25:45 +0100] "GET /labydata/t7ouestdroite.html HTTP/1.1" 200 327 "http://www.astro52.com/labydata/t7ouest.html" "Mozilla/5.0 (Windows NT 6.1; WOW64; rv:43.0) Gecko/20100101 Firefox/43.0"
46.105.196.10 www.astro52.com - [07/Jan/2016:16:25:45 +0100] "GET /labydata/t7ouest.html HTTP/1.1" 200 259 "http://www.astro52.com/labydata/b4droite.html" "Mozilla/5.0 (Windows NT 6.1; WOW64; rv:43.0) Gecko/20100101 Firefox/43.0"
46.105.196.8 www.astro52.com - [07/Jan/2016:16:25:45 +0100] "GET /labydata/t7ouestgauche.html HTTP/1.1" 200 321 "http://www.astro52.com/labydata/t7ouest.html" "Mozilla/5.0 (Windows NT 6.1; WOW64; rv:43.0) Gecko/20100101 Firefox/43.0"
46.105.196.12 www.astro52.com - [07/Jan/2016:16:25:45 +0100] "GET /labydata/t7ouestdroite.html HTTP/1.1" 200 327 "http://www.astro52.com/labydata/t7ouest.html" "Mozilla/5.0 (Windows NT 6.1; WOW64; rv:43.0) Gecko/20100101 Firefox/43.0"
46.105.196.5 www.astro52.com - [07/Jan/2016:16:25:46 +0100] "GET /labydata/t15.html HTTP/1.1" 200 257 "http://www.astro52.com/labydata/t14norddroite.html" "Mozilla/5.0 (Windows NT 6.1; WOW64; rv:43.0) Gecko/20100101 Firefox/43.0"
46.105.196.8 www.astro52.com - [07/Jan/2016:16:25:46 +0100] "GET /labydata/t15gauche.html HTTP/1.1" 200 320 "http://www.astro52.com/labydata/t15.html" "Mozilla/5.0 (Windows NT 6.1; WOW64; rv:43.0) Gecko/20100101 Firefox/43.0"
46.105.196.12 www.astro52.com - [07/Jan/2016:16:25:46 +0100] "GET /labydata/t15droite.html HTTP/1.1" 200 327 "http://www.astro52.com/labydata/t15.html" "Mozilla/5.0 (Windows NT 6.1; WOW64; rv:43.0) Gecko/20100101 Firefox/43.0"
46.105.196.11 www.astro52.com - [07/Jan/2016:16:25:46 +0100] "GET /labydata/pb5.html HTTP/1.1" 200 257 "http://www.astro52.com/labydata/t7ouestdroite.html" "Mozilla/5.0 (Windows NT 6.1; WOW64; rv:43.0) Gecko/20100101 Firefox/43.0"
