86.65.195.59 astro52.com - [07/Jan/2016:16:45:47 +0100] "GET /opera2.jpg HTTP/1.1" 200 27237 "http://astro52.com/presope.html" "Mozilla/5.0 (Windows NT 6.1; WOW64; Trident/7.0; rv:11.0) like Gecko"
86.65.195.59 astro52.com - [07/Jan/2016:16:45:47 +0100] "GET /opera3.jpg HTTP/1.1" 200 29613 "http://astro52.com/presope.html" "Mozilla/5.0 (Windows NT 6.1; WOW64; Trident/7.0; rv:11.0) like Gecko"
86.65.195.59 astro52.com - [07/Jan/2016:16:45:47 +0100] "GET /opera4.jpg HTTP/1.1" 200 37226 "http://astro52.com/presope.html" "Mozilla/5.0 (Windows NT 6.1; WOW64; Trident/7.0; rv:11.0) like Gecko"
86.65.195.59 astro52.com - [07/Jan/2016:16:45:47 +0100] "GET /opera6.jpg HTTP/1.1" 200 28787 "http://astro52.com/presope.html" "Mozilla/5.0 (Windows NT 6.1; WOW64; Trident/7.0; rv:11.0) like Gecko"
86.65.195.59 astro52.com - [07/Jan/2016:16:45:47 +0100] "GET /opera5.jpg HTTP/1.1" 200 48697 "http://astro52.com/presope.html" "Mozilla/5.0 (Windows NT 6.1; WOW64; Trident/7.0; rv:11.0) like Gecko"
86.65.195.59 astro52.com - [07/Jan/2016:16:45:47 +0100] "GET /favicon.ico HTTP/1.1" 200 318 "-" "Mozilla/5.0 (Windows NT 6.1; Win64; x64; Trident/7.0; rv:11.0) like Gecko"
86.212.146.153 hyperclasse.net - [07/Jan/2016:16:46:07 +0100] "GET /cartabledeseverine/mes%20images/DSC03040.JPG HTTP/1.1" 200 94686 "http://www.lecartabledeseverine.fr/rallye-lecture-cycle-2-et-3-lire-c-est-partir-c260151" "Mozilla/5.0 (Windows NT 6.1; WOW64) AppleWebKit/537.36 (KHTML, like Gecko) Chrome/39.0.2171.95 Safari/537.36"
83.195.25.227 hyperclasse.net - [07/Jan/2016:16:46:35 +0100] "GET /cartabledeseverine/mes%20images/DSC03040.JPG HTTP/1.1" 304 - "http://www.lecartabledeseverine.fr/rallye-lecture-cycle-2-et-3-lire-c-est-partir-c260151" "Mozilla/5.0 (Windows NT 5.1; rv:12.0) Gecko/20100101 Firefox/12.0"
82.121.15.51 hyperclasse.net - [07/Jan/2016:16:47:32 +0100] "GET /cartabledeseverine/mes%20images/DSC03040.JPG HTTP/1.1" 200 94686 "http://www.lecartabledeseverine.fr/rallye-lecture-cycle-2-et-3-lire-c-est-partir-c260151" "Mozilla/5.0 (Windows NT 10.0; WOW64; rv:43.0) Gecko/20100101 Firefox/43.0"
86.200.168.25 hyperclasse.net - [07/Jan/2016:16:47:32 +0100] "GET /cartabledeseverine/mes%20images/DSC03040.JPG HTTP/1.1" 200 94686 "http://www.lecartabledeseverine.fr/rallye-lecture-cycle-2-et-3-lire-c-est-partir-c260151" "Mozilla/5.0 (X11; Ubuntu; Linux x86_64; rv:43.0) Gecko/20100101 Firefox/43.0"
40.77.167.47 hyperclasse.net - [07/Jan/2016:16:47:59 +0100] "GET /lire-et-ecrire/exe-edg-p28UI-exe1.htm HTTP/1.1" 200 35957 "-" "Mozilla/5.0 (compatible; bingbot/2.0; +http://www.bing.com/bingbot.htm)"
40.77.167.47 hyperclasse.net - [07/Jan/2016:16:47:59 +0100] "GET /lire-et-ecrire/index.html HTTP/1.1" 200 26923 "-" "Mozilla/5.0 (compatible; bingbot/2.0; +http://www.bing.com/bingbot.htm)"
192.243.55.133 minipedia.fr - [07/Jan/2016:16:48:30 +0100] "GET /laclasse HTTP/1.1" 404 206 "-" "Mozilla/5.0 (compatible; SemrushBot/1~bl; +http://www.semrush.com/bot.html)"
46.105.196.5 www.astro52.com - [07/Jan/2016:16:49:23 +0100] "GET /lunephases.GIF HTTP/1.1" 200 34447 "http://images.google.fr/imgres?imgurl=http://www.astro52.com/lunephases.GIF&imgrefurl=http://www.astro52.com/lunephases.htm&h=750&w=1000&tbnid=gLD4cvuOrsMsjM:&tbnh=90&tbnw=120&docid=Jv2P2pN4rCaXeM&usg=__M0JibGbyHuBBsTpFfT3qlFh4xTc=&sa=X&ved=0ahUKEwikjOj32JfKAhXHmw4KHXsZAjwQ9QEIJzAB" "Mozilla/5.0 (Windows NT 6.1; rv:43.0) Gecko/20100101 Firefox/43.0"
46.105.196.12 www.astro52.com - [07/Jan/2016:16:49:23 +0100] "GET /lunephases.htm HTTP/1.1" 200 398 "http://images.google.fr/imgres?imgurl=http://www.astro52.com/lunephases.GIF&imgrefurl=http://www.astro52.com/lunephases.htm&h=750&w=1000&tbnid=gLD4cvuOrsMsjM:&tbnh=90&tbnw=120&docid=Jv2P2pN4rCaXeM&usg=__M0JibGbyHuBBsTpFfT3qlFh4xTc=&sa=X&ved=0ahUKEwikjOj32JfKAhXHmw4KHXsZAjwQ9QEIJzAB" "Mozilla/5.0 (Windows NT 6.1; rv:43.0) Gecko/20100101 Firefox/43.0"
192.166.219.136 astro52.com - [07/Jan/2016:16:49:26 +0100] "GET /robots.txt HTTP/1.1" 304 - "-" "Mozilla/5.0 (compatible; MJ12bot/v1.4.5; http://www.majestic12.co.uk/bot.php?+)"
192.166.219.136 astro52.com - [07/Jan/2016:16:49:37 +0100] "GET /calculs/additions1.html HTTP/1.1" 200 3295 "-" "Mozilla/5.0 (compatible; MJ12bot/v1.4.5; http://www.majestic12.co.uk/bot.php?+)"
46.105.195.70 www.astro52.com - [07/Jan/2016:16:49:37 +0100] "GET /ciel-profond/M27-alimanu.jpg HTTP/1.1" 200 232056 "-" "Mozilla/5.0 (compatible; SemrushBot/1~bl; +http://www.semrush.com/bot.html)"
192.166.219.136 astro52.com - [07/Jan/2016:16:49:41 +0100] "GET /calculs/additions2.html HTTP/1.1" 200 3295 "-" "Mozilla/5.0 (compatible; MJ12bot/v1.4.5; http://www.majestic12.co.uk/bot.php?+)"
192.166.219.136 astro52.com - [07/Jan/2016:16:49:46 +0100] "GET /calculs/additions3.html HTTP/1.1" 200 3303 "-" "Mozilla/5.0 (compatible; MJ12bot/v1.4.5; http://www.majestic12.co.uk/bot.php?+)"
192.166.219.136 astro52.com - [07/Jan/2016:16:49:49 +0100] "GET /calculs/additions4.html HTTP/1.1" 200 3320 "-" "Mozilla/5.0 (compatible; MJ12bot/v1.4.5; http://www.majestic12.co.uk/bot.php?+)"
192.166.219.136 astro52.com - [07/Jan/2016:16:49:52 +0100] "GET /calculs/additions5.html HTTP/1.1" 200 3356 "-" "Mozilla/5.0 (compatible; MJ12bot/v1.4.5; http://www.majestic12.co.uk/bot.php?+)"
192.166.219.136 astro52.com - [07/Jan/2016:16:49:54 +0100] "GET /calculs/calculs.txt HTTP/1.1" 304 - "-" "Mozilla/5.0 (compatible; MJ12bot/v1.4.5; http://www.majestic12.co.uk/bot.php?+)"
192.166.219.136 astro52.com - [07/Jan/2016:16:49:57 +0100] "GET /calculs/modele-html.txt HTTP/1.1" 304 - "-" "Mozilla/5.0 (compatible; MJ12bot/v1.4.5; http://www.majestic12.co.uk/bot.php?+)"
192.166.219.136 astro52.com - [07/Jan/2016:16:49:59 +0100] "GET /calculs/multiplications1.html HTTP/1.1" 200 3325 "-" "Mozilla/5.0 (compatible; MJ12bot/v1.4.5; http://www.majestic12.co.uk/bot.php?+)"
192.166.219.136 astro52.com - [07/Jan/2016:16:50:02 +0100] "GET /calculs/multiplications2.html HTTP/1.1" 200 3365 "-" "Mozilla/5.0 (compatible; MJ12bot/v1.4.5; http://www.majestic12.co.uk/bot.php?+)"
192.166.219.136 astro52.com - [07/Jan/2016:16:50:04 +0100] "GET /calculs/multiplications3.html HTTP/1.1" 200 3326 "-" "Mozilla/5.0 (compatible; MJ12bot/v1.4.5; http://www.majestic12.co.uk/bot.php?+)"
192.166.219.136 astro52.com - [07/Jan/2016:16:50:07 +0100] "GET /calculs/multiplications4.html HTTP/1.1" 200 3326 "-" "Mozilla/5.0 (compatible; MJ12bot/v1.4.5; http://www.majestic12.co.uk/bot.php?+)"
192.166.219.136 astro52.com - [07/Jan/2016:16:50:10 +0100] "GET /calculs/multiplications5.html HTTP/1.1" 200 3336 "-" "Mozilla/5.0 (compatible; MJ12bot/v1.4.5; http://www.majestic12.co.uk/bot.php?+)"
192.166.219.136 astro52.com - [07/Jan/2016:16:50:13 +0100] "GET /calculs/soustractions1.html HTTP/1.1" 200 3316 "-" "Mozilla/5.0 (compatible; MJ12bot/v1.4.5; http://www.majestic12.co.uk/bot.php?+)"
192.166.219.136 astro52.com - [07/Jan/2016:16:50:15 +0100] "GET /calculs/soustractions2.html HTTP/1.1" 200 3317 "-" "Mozilla/5.0 (compatible; MJ12bot/v1.4.5; http://www.majestic12.co.uk/bot.php?+)"
192.166.219.136 astro52.com - [07/Jan/2016:16:50:18 +0100] "GET /calculs/soustractions3.html HTTP/1.1" 200 3326 "-" "Mozilla/5.0 (compatible; MJ12bot/v1.4.5; http://www.majestic12.co.uk/bot.php?+)"
192.166.219.136 astro52.com - [07/Jan/2016:16:50:20 +0100] "GET /calculs/soustractions4.html HTTP/1.1" 200 3342 "-" "Mozilla/5.0 (compatible; MJ12bot/v1.4.5; http://www.majestic12.co.uk/bot.php?+)"
192.166.219.136 astro52.com - [07/Jan/2016:16:50:24 +0100] "GET /calculs/soustractions5.html HTTP/1.1" 200 3351 "-" "Mozilla/5.0 (compatible; MJ12bot/v1.4.5; http://www.majestic12.co.uk/bot.php?+)"
192.166.219.136 astro52.com - [07/Jan/2016:16:50:28 +0100] "GET /ciel-profond/?C=D;O=A HTTP/1.1" 200 9672 "-" "Mozilla/5.0 (compatible; MJ12bot/v1.4.5; http://www.majestic12.co.uk/bot.php?+)"
192.166.219.136 astro52.com - [07/Jan/2016:16:50:30 +0100] "GET /ciel-profond/?C=M;O=A HTTP/1.1" 200 9672 "-" "Mozilla/5.0 (compatible; MJ12bot/v1.4.5; http://www.majestic12.co.uk/bot.php?+)"
192.166.219.136 astro52.com - [07/Jan/2016:16:50:34 +0100] "GET /ciel-profond/?C=N;O=D HTTP/1.1" 200 9672 "-" "Mozilla/5.0 (compatible; MJ12bot/v1.4.5; http://www.majestic12.co.uk/bot.php?+)"
192.166.219.136 astro52.com - [07/Jan/2016:16:50:36 +0100] "GET /ciel-profond/?C=S;O=A HTTP/1.1" 200 9672 "-" "Mozilla/5.0 (compatible; MJ12bot/v1.4.5; http://www.majestic12.co.uk/bot.php?+)"
192.166.219.136 astro52.com - [07/Jan/2016:16:50:39 +0100] "GET /ciel-profond/m74/?C=M;O=D HTTP/1.1" 200 1407 "-" "Mozilla/5.0 (compatible; MJ12bot/v1.4.5; http://www.majestic12.co.uk/bot.php?+)"
192.166.219.136 astro52.com - [07/Jan/2016:16:50:42 +0100] "GET /ciel-profond/m74/?C=N;O=A HTTP/1.1" 200 1407 "-" "Mozilla/5.0 (compatible; MJ12bot/v1.4.5; http://www.majestic12.co.uk/bot.php?+)"
192.166.219.136 astro52.com - [07/Jan/2016:16:50:44 +0100] "GET /ciel-profond/m74/?C=S;O=A HTTP/1.1" 200 1407 "-" "Mozilla/5.0 (compatible; MJ12bot/v1.4.5; http://www.majestic12.co.uk/bot.php?+)"
46.105.192.103 www.astro52.com - [07/Jan/2016:16:50:49 +0100] "GET /robots.txt HTTP/1.1" 304 - "-" "Mozilla/5.0 (compatible; MJ12bot/v1.4.5; http://www.majestic12.co.uk/bot.php?+)"
46.105.192.102 www.astro52.com - [07/Jan/2016:16:50:54 +0100] "GET /presordre.html HTTP/1.1" 200 2182 "-" "Mozilla/5.0 (compatible; MJ12bot/v1.4.5; http://www.majestic12.co.uk/bot.php?+)"
46.105.192.102 www.astro52.com - [07/Jan/2016:16:50:57 +0100] "GET /valise-zil-brigade.html HTTP/1.1" 404 221 "-" "Mozilla/5.0 (compatible; MJ12bot/v1.4.5; http://www.majestic12.co.uk/bot.php?+)"
192.243.55.132 hyperclasse.net - [07/Jan/2016:16:51:02 +0100] "GET /prog/trousphp.zip HTTP/1.1" 200 82631 "-" "Mozilla/5.0 (compatible; SemrushBot/1~bl; +http://www.semrush.com/bot.html)"
88.170.139.54 hyperclasse.net - [07/Jan/2016:16:51:33 +0100] "GET /cartabledeseverine/mes%20images/DSC03040.JPG HTTP/1.1" 200 94686 "http://www.lecartabledeseverine.fr/rallye-lecture-cycle-2-et-3-lire-c-est-partir-c260151" "Mozilla/5.0 (Windows NT 10.0; Win64; x64) AppleWebKit/537.36 (KHTML, like Gecko) Chrome/42.0.2311.135 Safari/537.36 Edge/12.10240"
46.105.195.72 www.astro52.com - [07/Jan/2016:16:51:36 +0100] "GET /jupiter-19aout2010-1.jpg HTTP/1.1" 200 11352 "-" "Mozilla/5.0 (compatible; SemrushBot/1~bl; +http://www.semrush.com/bot.html)"
80.215.159.61 hyperclasse.net - [07/Jan/2016:16:51:41 +0100] "GET /cartabledeseverine/mes%20images/DSC03040.JPG HTTP/1.1" 200 94686 "http://www.lecartabledeseverine.fr/rallye-lecture-cycle-2-et-3-lire-c-est-partir-c260151" "Mozilla/5.0 (Windows NT 6.3; WOW64; rv:43.0) Gecko/20100101 Firefox/43.0"
192.243.55.134 hyperclasse.net - [07/Jan/2016:16:54:24 +0100] "GET /prog/index.html HTTP/1.1" 200 7515 "-" "Mozilla/5.0 (compatible; SemrushBot/1~bl; +http://www.semrush.com/bot.html)"
105.98.161.41 hyperclasse.net - [07/Jan/2016:16:55:00 +0100] "GET /lire-et-ecrire/page-37IA-IO-IE.html HTTP/1.1" 200 6511 "https://www.google.dz/" "Mozilla/5.0 (Windows NT 6.2; WOW64) AppleWebKit/537.36 (KHTML, like Gecko) Chrome/47.0.2526.106 Safari/537.36"
105.98.161.41 hyperclasse.net - [07/Jan/2016:16:55:06 +0100] "GET /lire-et-ecrire/gram-accord-ou-video.webm HTTP/1.1" 206 563315 "http://hyperclasse.net/lire-et-ecrire/page-37IA-IO-IE.html" "Mozilla/5.0 (Windows NT 6.2; WOW64) AppleWebKit/537.36 (KHTML, like Gecko) Chrome/47.0.2526.106 Safari/537.36"
46.105.195.71 www.astro52.com - [07/Jan/2016:16:55:14 +0100] "GET /mathsgscp.htm HTTP/1.1" 301 259 "-" "Mozilla/5.0 (compatible; SemrushBot/1~bl; +http://www.semrush.com/bot.html)"
86.200.168.25 hyperclasse.net - [07/Jan/2016:16:55:52 +0100] "GET /cartabledeseverine/mes%20images/DSC03040.JPG HTTP/1.1" 200 94686 "http://www.lecartabledeseverine.fr/rallye-lecture-cycle-2-et-3-lire-c-est-partir-c260151" "Mozilla/5.0 (X11; Ubuntu; Linux x86_64; rv:43.0) Gecko/20100101 Firefox/43.0"
109.6.229.46 hyperclasse.net - [07/Jan/2016:16:57:22 +0100] "GET /cartabledeseverine/mes%20images/DSC03040.JPG HTTP/1.1" 200 94686 "http://www.lecartabledeseverine.fr/rallye-lecture-cycle-2-et-3-lire-c-est-partir-c260151" "Mozilla/4.0 (compatible; MSIE 8.0; Windows NT 5.1; Trident/4.0; .NET CLR 2.0.50727; .NET CLR 3.0.4506.2152; .NET CLR 3.5.30729; .NET4.0C)"
180.76.15.28 minipedia.fr - [07/Jan/2016:16:57:24 +0100] "GET /pedago52/guillemin/maths/GS_commandes/groupe2/?C=S;O=D HTTP/1.1" 200 1343 "-" "Mozilla/5.0 (compatible; Baiduspider/2.0; +http://www.baidu.com/search/spider.html)"
80.200.27.247 astro52.com - [07/Jan/2016:16:58:18 +0100] "GET /calculs/ HTTP/1.1" 200 2845 "https://www.google.be/" "Mozilla/5.0 (Windows NT 6.1; WOW64) AppleWebKit/537.36 (KHTML, like Gecko) Chrome/47.0.2526.106 Safari/537.36"
80.200.27.247 astro52.com - [07/Jan/2016:16:58:18 +0100] "GET /nouvelle-presentation.css HTTP/1.1" 304 - "http://astro52.com/calculs/" "Mozilla/5.0 (Windows NT 6.1; WOW64) AppleWebKit/537.36 (KHTML, like Gecko) Chrome/47.0.2526.106 Safari/537.36"
80.200.27.247 astro52.com - [07/Jan/2016:16:58:19 +0100] "GET /favicon.ico HTTP/1.1" 304 - "http://astro52.com/calculs/" "Mozilla/5.0 (Windows NT 6.1; WOW64) AppleWebKit/537.36 (KHTML, like Gecko) Chrome/47.0.2526.106 Safari/537.36"
80.200.27.247 astro52.com - [07/Jan/2016:16:58:26 +0100] "GET /calculs/additions1.html HTTP/1.1" 200 3295 "http://astro52.com/calculs/" "Mozilla/5.0 (Windows NT 6.1; WOW64) AppleWebKit/537.36 (KHTML, like Gecko) Chrome/47.0.2526.106 Safari/537.36"
80.200.27.247 astro52.com - [07/Jan/2016:16:58:26 +0100] "GET /calculs/calculs.css HTTP/1.1" 304 - "http://astro52.com/calculs/additions1.html" "Mozilla/5.0 (Windows NT 6.1; WOW64) AppleWebKit/537.36 (KHTML, like Gecko) Chrome/47.0.2526.106 Safari/537.36"
94.198.176.23 hyperclasse.net - [07/Jan/2016:16:59:32 +0100] "GET /lire-et-ecrire/5-consignes-securite.jpg HTTP/1.1" 200 1569316 "https://www.google.gp/" "Mozilla/5.0 (Linux; Android 5.0.1; GT-I9505 Build/LRX22C) AppleWebKit/537.36 (KHTML, like Gecko) Chrome/47.0.2526.83 Mobile Safari/537.36"
192.243.55.132 minipedia.fr - [07/Jan/2016:17:00:14 +0100] "GET /astro52 HTTP/1.1" 301 236 "-" "Mozilla/5.0 (compatible; SemrushBot/1~bl; +http://www.semrush.com/bot.html)"
46.105.195.72 www.astro52.com - [07/Jan/2016:17:00:44 +0100] "GET /planetes/jupiter-8sept2012-trait2.wmv HTTP/1.1" 200 349661 "-" "Mozilla/5.0 (compatible; SemrushBot/1~bl; +http://www.semrush.com/bot.html)"
88.181.141.93 minipedia.fr - [07/Jan/2016:17:00:51 +0100] "GET /reimscathedrale.htm HTTP/1.1" 200 2382 "http://www.google.fr/url?sa=t&rct=j&q=&esrc=s&source=web&cd=2&ved=0ahUKEwjxsazciJjKAhXBoBQKHXpHCF4QFggnMAE&url=http%3A%2F%2Fminipedia.fr%2Freimscathedrale.htm&usg=AFQjCNFmQMFEXbF_crm-P5J3V4O8huHdKA&sig2=nSIIBEbeV7_42GUFnYPuwg&bvm=bv.110151844,d.d24" "Mozilla/5.0 (Macintosh; Intel Mac OS X 10_8_5) AppleWebKit/600.8.9 (KHTML, like Gecko) Version/6.2.8 Safari/537.85.17"
88.181.141.93 minipedia.fr - [07/Jan/2016:17:00:51 +0100] "GET /catreimsgen.jpg HTTP/1.1" 200 65793 "http://minipedia.fr/reimscathedrale.htm" "Mozilla/5.0 (Macintosh; Intel Mac OS X 10_8_5) AppleWebKit/600.8.9 (KHTML, like Gecko) Version/6.2.8 Safari/537.85.17"
88.181.141.93 minipedia.fr - [07/Jan/2016:17:00:52 +0100] "GET /catreimslys.jpg HTTP/1.1" 200 90888 "http://minipedia.fr/reimscathedrale.htm" "Mozilla/5.0 (Macintosh; Intel Mac OS X 10_8_5) AppleWebKit/600.8.9 (KHTML, like Gecko) Version/6.2.8 Safari/537.85.17"
88.181.141.93 minipedia.fr - [07/Jan/2016:17:00:52 +0100] "GET /catarcbout.GIF HTTP/1.1" 200 7525 "http://minipedia.fr/reimscathedrale.htm" "Mozilla/5.0 (Macintosh; Intel Mac OS X 10_8_5) AppleWebKit/600.8.9 (KHTML, like Gecko) Version/6.2.8 Safari/537.85.17"
88.181.141.93 minipedia.fr - [07/Jan/2016:17:00:52 +0100] "GET /catreimsarcb.jpg HTTP/1.1" 200 115437 "http://minipedia.fr/reimscathedrale.htm" "Mozilla/5.0 (Macintosh; Intel Mac OS X 10_8_5) AppleWebKit/600.8.9 (KHTML, like Gecko) Version/6.2.8 Safari/537.85.17"
88.181.141.93 minipedia.fr - [07/Jan/2016:17:00:52 +0100] "GET /catreimsreno.jpg HTTP/1.1" 200 49685 "http://minipedia.fr/reimscathedrale.htm" "Mozilla/5.0 (Macintosh; Intel Mac OS X 10_8_5) AppleWebKit/600.8.9 (KHTML, like Gecko) Version/6.2.8 Safari/537.85.17"
88.181.141.93 minipedia.fr - [07/Jan/2016:17:00:52 +0100] "GET /catreimssale.jpg HTTP/1.1" 200 37144 "http://minipedia.fr/reimscathedrale.htm" "Mozilla/5.0 (Macintosh; Intel Mac OS X 10_8_5) AppleWebKit/600.8.9 (KHTML, like Gecko) Version/6.2.8 Safari/537.85.17"
88.181.141.93 minipedia.fr - [07/Jan/2016:17:00:52 +0100] "GET /catreimsarcb2.jpg HTTP/1.1" 200 123059 "http://minipedia.fr/reimscathedrale.htm" "Mozilla/5.0 (Macintosh; Intel Mac OS X 10_8_5) AppleWebKit/600.8.9 (KHTML, like Gecko) Version/6.2.8 Safari/537.85.17"
88.181.141.93 minipedia.fr - [07/Jan/2016:17:00:52 +0100] "GET /catreimsgar.jpg HTTP/1.1" 200 91508 "http://minipedia.fr/reimscathedrale.htm" "Mozilla/5.0 (Macintosh; Intel Mac OS X 10_8_5) AppleWebKit/600.8.9 (KHTML, like Gecko) Version/6.2.8 Safari/537.85.17"
88.181.141.93 minipedia.fr - [07/Jan/2016:17:00:52 +0100] "GET /astro52/salade.png HTTP/1.1" 200 735 "http://minipedia.fr/reimscathedrale.htm" "Mozilla/5.0 (Macintosh; Intel Mac OS X 10_8_5) AppleWebKit/600.8.9 (KHTML, like Gecko) Version/6.2.8 Safari/537.85.17"
88.181.141.93 minipedia.fr - [07/Jan/2016:17:00:53 +0100] "GET /favicon.ico HTTP/1.1" 404 183 "http://minipedia.fr/reimscathedrale.htm" "Mozilla/5.0 (Macintosh; Intel Mac OS X 10_8_5) AppleWebKit/600.8.9 (KHTML, like Gecko) Version/6.2.8 Safari/537.85.17"
192.243.55.129 astro52.com - [07/Jan/2016:17:01:01 +0100] "GET /arabjulienmult.zip HTTP/1.1" 200 149436 "-" "Mozilla/5.0 (compatible; SemrushBot/1~bl; +http://www.semrush.com/bot.html)"
157.55.39.229 hyperclasse.net - [07/Jan/2016:17:02:32 +0100] "GET /cartabledeseverine/mes%20docs/mon%20ce2/lecture%20ce%20rallye/monpereestungangstere.doc HTTP/1.1" 404 277 "-" "Mozilla/5.0 (compatible; bingbot/2.0; +http://www.bing.com/bingbot.htm)"
46.105.195.71 www.astro52.com - [07/Jan/2016:17:03:08 +0100] "GET /marcel.swf HTTP/1.1" 200 141806 "-" "Mozilla/5.0 (compatible; SemrushBot/1~bl; +http://www.semrush.com/bot.html)"
86.217.0.234 minipedia.fr - [07/Jan/2016:17:03:55 +0100] "GET /catreimsarcb.jpg HTTP/1.1" 200 115437 "http://images.google.fr/imgres?imgurl=http://minipedia.fr/catreimsarcb.jpg&imgrefurl=http://minipedia.fr/reimscathedrale.htm&h=528&w=703&tbnid=v80-q7-rW9RkGM:&tbnh=90&tbnw=120&docid=gpuWQ_GQXhm6UM&usg=__KVUgzVbK_tM1bEl3Fn54-B-XPBs=&sa=X&ved=0ahUKEwidwJrriZjKAhWGjQ8KHSNiC30Q9QEIIzAB" "Mozilla/5.0 (Windows NT 6.0) AppleWebKit/537.36 (KHTML, like Gecko) Chrome/47.0.2526.106 Safari/537.36"
86.217.0.234 minipedia.fr - [07/Jan/2016:17:03:55 +0100] "GET /reimscathedrale.htm HTTP/1.1" 200 2382 "http://images.google.fr/imgres?imgurl=http://minipedia.fr/catreimsarcb.jpg&imgrefurl=http://minipedia.fr/reimscathedrale.htm&h=528&w=703&tbnid=v80-q7-rW9RkGM:&tbnh=90&tbnw=120&docid=gpuWQ_GQXhm6UM&usg=__KVUgzVbK_tM1bEl3Fn54-B-XPBs=&sa=X&ved=0ahUKEwidwJrriZjKAhWGjQ8KHSNiC30Q9QEIIzAB" "Mozilla/5.0 (Windows NT 6.0) AppleWebKit/537.36 (KHTML, like Gecko) Chrome/47.0.2526.106 Safari/537.36"
86.217.0.234 minipedia.fr - [07/Jan/2016:17:03:55 +0100] "GET /catreimsgen.jpg HTTP/1.1" 200 65793 "http://minipedia.fr/reimscathedrale.htm" "Mozilla/5.0 (Windows NT 6.0) AppleWebKit/537.36 (KHTML, like Gecko) Chrome/47.0.2526.106 Safari/537.36"
86.217.0.234 minipedia.fr - [07/Jan/2016:17:03:55 +0100] "GET /catreimslys.jpg HTTP/1.1" 200 90888 "http://minipedia.fr/reimscathedrale.htm" "Mozilla/5.0 (Windows NT 6.0) AppleWebKit/537.36 (KHTML, like Gecko) Chrome/47.0.2526.106 Safari/537.36"
86.217.0.234 minipedia.fr - [07/Jan/2016:17:03:55 +0100] "GET /catreimsreno.jpg HTTP/1.1" 200 49685 "http://minipedia.fr/reimscathedrale.htm" "Mozilla/5.0 (Windows NT 6.0) AppleWebKit/537.36 (KHTML, like Gecko) Chrome/47.0.2526.106 Safari/537.36"
86.217.0.234 minipedia.fr - [07/Jan/2016:17:03:55 +0100] "GET /catarcbout.GIF HTTP/1.1" 200 7525 "http://minipedia.fr/reimscathedrale.htm" "Mozilla/5.0 (Windows NT 6.0) AppleWebKit/537.36 (KHTML, like Gecko) Chrome/47.0.2526.106 Safari/537.36"
86.217.0.234 minipedia.fr - [07/Jan/2016:17:03:55 +0100] "GET /catreimssale.jpg HTTP/1.1" 200 37144 "http://minipedia.fr/reimscathedrale.htm" "Mozilla/5.0 (Windows NT 6.0) AppleWebKit/537.36 (KHTML, like Gecko) Chrome/47.0.2526.106 Safari/537.36"
86.217.0.234 minipedia.fr - [07/Jan/2016:17:03:55 +0100] "GET /catreimsarcb2.jpg HTTP/1.1" 200 123059 "http://minipedia.fr/reimscathedrale.htm" "Mozilla/5.0 (Windows NT 6.0) AppleWebKit/537.36 (KHTML, like Gecko) Chrome/47.0.2526.106 Safari/537.36"
86.217.0.234 minipedia.fr - [07/Jan/2016:17:03:55 +0100] "GET /catreimsgar.jpg HTTP/1.1" 200 91508 "http://minipedia.fr/reimscathedrale.htm" "Mozilla/5.0 (Windows NT 6.0) AppleWebKit/537.36 (KHTML, like Gecko) Chrome/47.0.2526.106 Safari/537.36"
86.217.0.234 minipedia.fr - [07/Jan/2016:17:03:56 +0100] "GET /astro52/salade.png HTTP/1.1" 200 735 "http://minipedia.fr/reimscathedrale.htm" "Mozilla/5.0 (Windows NT 6.0) AppleWebKit/537.36 (KHTML, like Gecko) Chrome/47.0.2526.106 Safari/537.36"
109.89.239.71 hyperclasse.net - [07/Jan/2016:17:04:08 +0100] "GET /cartabledeseverine/mes%20images/DSC03040.JPG HTTP/1.1" 304 - "http://www.lecartabledeseverine.fr/rallye-lecture-cycle-2-et-3-lire-c-est-partir-c260151" "Mozilla/5.0 (Linux; U; Android 4.4.2; fr-be; GT-P5210 Build/KOT49H) AppleWebKit/534.30 (KHTML, like Gecko) Version/4.0 Safari/534.30"
93.2.106.241 hyperclasse.net - [07/Jan/2016:17:05:26 +0100] "GET /favicon.ico HTTP/1.1" 404 209 "-" "Mozilla/4.0 (compatible; GoogleToolbar 7.5.7210.1528; Windows 6.0; MSIE 9.0.8112.16421)"
93.2.106.241 hyperclasse.net - [07/Jan/2016:17:05:26 +0100] "GET /favicon.gif HTTP/1.1" 404 209 "-" "Mozilla/4.0 (compatible; GoogleToolbar 7.5.7210.1528; Windows 6.0; MSIE 9.0.8112.16421)"
46.105.195.72 www.astro52.com - [07/Jan/2016:17:05:52 +0100] "GET /ciel-profond/M33-17-aout-2012.jpg HTTP/1.1" 200 212349 "-" "Mozilla/5.0 (compatible; SemrushBot/1~bl; +http://www.semrush.com/bot.html)"
90.79.203.143 hyperclasse.net - [07/Jan/2016:17:07:27 +0100] "GET /cartabledeseverine/mes%20images/DSC03040.JPG HTTP/1.1" 200 94686 "http://www.lecartabledeseverine.fr/rallye-lecture-cycle-2-et-3-lire-c-est-partir-c260151" "Mozilla/5.0 (Macintosh; Intel Mac OS X 10_10_5) AppleWebKit/601.2.7 (KHTML, like Gecko) Version/9.0.1 Safari/601.2.7"
46.105.192.231 www.astro52.com - [07/Jan/2016:17:07:35 +0100] "GET /tmtlce1-1.GIF HTTP/1.1" 304 - "-" "Mozilla/5.0 (Linux; Android 4.4.4; QILIVE 101 Build/KTU84Q) AppleWebKit/537.36 (KHTML, like Gecko) Version/4.0 Chrome/33.0.0.0 Safari/537.36 GSA/5.7.14.19.arm"
192.243.55.133 hyperclasse.net - [07/Jan/2016:17:07:37 +0100] "GET /prog/trousfaciles/exo.php HTTP/1.1" 200 2050 "-" "Mozilla/5.0 (compatible; SemrushBot/1~bl; +http://www.semrush.com/bot.html)"
81.248.11.107 hyperclasse.net - [07/Jan/2016:17:07:44 +0100] "GET /lire-et-ecrire/5-consignes-securite.jpg HTTP/1.1" 200 1569316 "https://www.google.com" "Mozilla/5.0 (Windows NT 10.0; WOW64; rv:43.0) Gecko/20100101 Firefox/43.0"
46.105.193.37 www.astro52.com - [07/Jan/2016:17:08:17 +0100] "GET /calculs/ HTTP/1.1" 200 1152 "https://www.google.fr/" "Mozilla/5.0 (Windows NT 6.1; WOW64) AppleWebKit/537.36 (KHTML, like Gecko) Chrome/47.0.2526.73 Safari/537.36 OPR/34.0.2036.42"
46.105.193.37 www.astro52.com - [07/Jan/2016:17:08:18 +0100] "GET /nouvelle-presentation.css HTTP/1.1" 200 460 "http://www.astro52.com/calculs/" "Mozilla/5.0 (Windows NT 6.1; WOW64) AppleWebKit/537.36 (KHTML, like Gecko) Chrome/47.0.2526.73 Safari/537.36 OPR/34.0.2036.42"
46.105.193.39 www.astro52.com - [07/Jan/2016:17:08:23 +0100] "GET /favicon.ico HTTP/1.1" 200 318 "http://www.astro52.com/calculs/" "Mozilla/5.0 (Windows NT 6.1; WOW64) AppleWebKit/537.36 (KHTML, like Gecko) Chrome/47.0.2526.73 Safari/537.36 OPR/34.0.2036.42"
90.45.246.72 hyperclasse.net - [07/Jan/2016:17:08:47 +0100] "GET /cartabledeseverine/mes%20images/DSC03040.JPG HTTP/1.1" 200 94686 "http://www.lecartabledeseverine.fr/rallye-lecture-cycle-2-et-3-lire-c-est-partir-c260151" "Mozilla/5.0 (Windows NT 6.1; WOW64; rv:43.0) Gecko/20100101 Firefox/43.0"
78.226.226.36 hyperclasse.net - [07/Jan/2016:17:09:03 +0100] "GET /cartabledeseverine/mes%20images/DSC03040.JPG HTTP/1.1" 200 94686 "http://www.lecartabledeseverine.fr/rallye-lecture-cycle-2-et-3-lire-c-est-partir-c260151" "Mozilla/5.0 (Windows NT 10.0; Win64; x64) AppleWebKit/537.36 (KHTML, like Gecko) Chrome/42.0.2311.135 Safari/537.36 Edge/12.10240"
46.105.193.37 www.astro52.com - [07/Jan/2016:17:09:42 +0100] "GET /calculs/modele-html.txt HTTP/1.1" 200 1183 "http://www.astro52.com/calculs/" "Mozilla/5.0 (Windows NT 6.1; WOW64) AppleWebKit/537.36 (KHTML, like Gecko) Chrome/47.0.2526.73 Safari/537.36 OPR/34.0.2036.42"
46.105.194.166 www.astro52.com - [07/Jan/2016:17:09:46 +0100] "GET /robots.txt HTTP/1.1" 304 - "-" "Mozilla/5.0 (compatible; NetSeer crawler/2.0; +http://www.netseer.com/crawler.html; crawler@netseer.com)"
46.105.192.230 www.astro52.com - [07/Jan/2016:17:10:09 +0100] "GET /maths-primaire-original.html HTTP/1.1" 200 25885 "https://www.google.sn" "Mozilla/5.0 (Windows NT 6.2; rv:43.0) Gecko/20100101 Firefox/43.0"
46.105.192.229 www.astro52.com - [07/Jan/2016:17:10:10 +0100] "GET /nouvelle-presentation.css HTTP/1.1" 304 - "http://www.astro52.com/maths-primaire-original.html" "Mozilla/5.0 (Windows NT 6.2; rv:43.0) Gecko/20100101 Firefox/43.0"
46.105.192.231 www.astro52.com - [07/Jan/2016:17:10:11 +0100] "GET /accueilastro52.png HTTP/1.1" 304 - "http://www.astro52.com/maths-primaire-original.html" "Mozilla/5.0 (Windows NT 6.2; rv:43.0) Gecko/20100101 Firefox/43.0"
46.105.192.230 www.astro52.com - [07/Jan/2016:17:10:11 +0100] "GET /nouveau-contact.png HTTP/1.1" 304 - "http://www.astro52.com/maths-primaire-original.html" "Mozilla/5.0 (Windows NT 6.2; rv:43.0) Gecko/20100101 Firefox/43.0"
46.105.192.231 www.astro52.com - [07/Jan/2016:17:10:14 +0100] "GET /favicon.ico HTTP/1.1" 304 - "-" "Mozilla/5.0 (Windows NT 6.2; rv:43.0) Gecko/20100101 Firefox/43.0"
46.105.193.39 www.astro52.com - [07/Jan/2016:17:10:15 +0100] "GET /calculs/additions1.html HTTP/1.1" 200 1016 "http://www.astro52.com/calculs/" "Mozilla/5.0 (Windows NT 6.1; WOW64) AppleWebKit/537.36 (KHTML, like Gecko) Chrome/47.0.2526.73 Safari/537.36 OPR/34.0.2036.42"
46.105.193.38 www.astro52.com - [07/Jan/2016:17:10:15 +0100] "GET /calculs/calculs.css HTTP/1.1" 200 347 "http://www.astro52.com/calculs/additions1.html" "Mozilla/5.0 (Windows NT 6.1; WOW64) AppleWebKit/537.36 (KHTML, like Gecko) Chrome/47.0.2526.73 Safari/537.36 OPR/34.0.2036.42"
77.199.104.251 minipedia.fr - [07/Jan/2016:17:10:16 +0100] "GET /reimscathedrale.htm HTTP/1.1" 200 2382 "https://www.google.fr/" "Mozilla/5.0 (iPhone; CPU iPhone OS 9_2 like Mac OS X) AppleWebKit/601.1.46 (KHTML, like Gecko) Version/9.0 Mobile/13C75 Safari/601.1"
77.199.104.251 minipedia.fr - [07/Jan/2016:17:10:16 +0100] "GET /catreimssale.jpg HTTP/1.1" 200 37144 "http://minipedia.fr/reimscathedrale.htm" "Mozilla/5.0 (iPhone; CPU iPhone OS 9_2 like Mac OS X) AppleWebKit/601.1.46 (KHTML, like Gecko) Version/9.0 Mobile/13C75 Safari/601.1"
77.199.104.251 minipedia.fr - [07/Jan/2016:17:10:16 +0100] "GET /catreimslys.jpg HTTP/1.1" 200 90888 "http://minipedia.fr/reimscathedrale.htm" "Mozilla/5.0 (iPhone; CPU iPhone OS 9_2 like Mac OS X) AppleWebKit/601.1.46 (KHTML, like Gecko) Version/9.0 Mobile/13C75 Safari/601.1"
77.199.104.251 minipedia.fr - [07/Jan/2016:17:10:16 +0100] "GET /catreimsreno.jpg HTTP/1.1" 200 49685 "http://minipedia.fr/reimscathedrale.htm" "Mozilla/5.0 (iPhone; CPU iPhone OS 9_2 like Mac OS X) AppleWebKit/601.1.46 (KHTML, like Gecko) Version/9.0 Mobile/13C75 Safari/601.1"
77.199.104.251 minipedia.fr - [07/Jan/2016:17:10:16 +0100] "GET /catarcbout.GIF HTTP/1.1" 200 7525 "http://minipedia.fr/reimscathedrale.htm" "Mozilla/5.0 (iPhone; CPU iPhone OS 9_2 like Mac OS X) AppleWebKit/601.1.46 (KHTML, like Gecko) Version/9.0 Mobile/13C75 Safari/601.1"
77.199.104.251 minipedia.fr - [07/Jan/2016:17:10:16 +0100] "GET /catreimsarcb.jpg HTTP/1.1" 200 115437 "http://minipedia.fr/reimscathedrale.htm" "Mozilla/5.0 (iPhone; CPU iPhone OS 9_2 like Mac OS X) AppleWebKit/601.1.46 (KHTML, like Gecko) Version/9.0 Mobile/13C75 Safari/601.1"
77.199.104.251 minipedia.fr - [07/Jan/2016:17:10:17 +0100] "GET /catreimsgen.jpg HTTP/1.1" 200 65793 "http://minipedia.fr/reimscathedrale.htm" "Mozilla/5.0 (iPhone; CPU iPhone OS 9_2 like Mac OS X) AppleWebKit/601.1.46 (KHTML, like Gecko) Version/9.0 Mobile/13C75 Safari/601.1"
77.199.104.251 minipedia.fr - [07/Jan/2016:17:10:17 +0100] "GET /catreimsarcb2.jpg HTTP/1.1" 200 123059 "http://minipedia.fr/reimscathedrale.htm" "Mozilla/5.0 (iPhone; CPU iPhone OS 9_2 like Mac OS X) AppleWebKit/601.1.46 (KHTML, like Gecko) Version/9.0 Mobile/13C75 Safari/601.1"
77.199.104.251 minipedia.fr - [07/Jan/2016:17:10:17 +0100] "GET /catreimsgar.jpg HTTP/1.1" 200 91508 "http://minipedia.fr/reimscathedrale.htm" "Mozilla/5.0 (iPhone; CPU iPhone OS 9_2 like Mac OS X) AppleWebKit/601.1.46 (KHTML, like Gecko) Version/9.0 Mobile/13C75 Safari/601.1"
77.199.104.251 minipedia.fr - [07/Jan/2016:17:10:17 +0100] "GET /astro52/salade.png HTTP/1.1" 200 735 "http://minipedia.fr/reimscathedrale.htm" "Mozilla/5.0 (iPhone; CPU iPhone OS 9_2 like Mac OS X) AppleWebKit/601.1.46 (KHTML, like Gecko) Version/9.0 Mobile/13C75 Safari/601.1"
46.105.192.231 www.astro52.com - [07/Jan/2016:17:10:22 +0100] "GET /presjccc.html HTTP/1.1" 200 2618 "http://www.astro52.com/maths-primaire-original.html" "Mozilla/5.0 (Windows NT 6.2; rv:43.0) Gecko/20100101 Firefox/43.0"
46.105.192.229 www.astro52.com - [07/Jan/2016:17:10:22 +0100] "GET /presjcccs1.png HTTP/1.1" 304 - "http://www.astro52.com/presjccc.html" "Mozilla/5.0 (Windows NT 6.2; rv:43.0) Gecko/20100101 Firefox/43.0"
46.105.192.229 www.astro52.com - [07/Jan/2016:17:10:22 +0100] "GET /presjcccsv.png HTTP/1.1" 304 - "http://www.astro52.com/presjccc.html" "Mozilla/5.0 (Windows NT 6.2; rv:43.0) Gecko/20100101 Firefox/43.0"
46.105.192.230 www.astro52.com - [07/Jan/2016:17:10:24 +0100] "GET /presjcccs2.png HTTP/1.1" 304 - "http://www.astro52.com/presjccc.html" "Mozilla/5.0 (Windows NT 6.2; rv:43.0) Gecko/20100101 Firefox/43.0"
46.105.192.230 www.astro52.com - [07/Jan/2016:17:10:24 +0100] "GET /presjcccs3.png HTTP/1.1" 304 - "http://www.astro52.com/presjccc.html" "Mozilla/5.0 (Windows NT 6.2; rv:43.0) Gecko/20100101 Firefox/43.0"
46.105.192.230 www.astro52.com - [07/Jan/2016:17:10:24 +0100] "GET /presjcccs4.png HTTP/1.1" 304 - "http://www.astro52.com/presjccc.html" "Mozilla/5.0 (Windows NT 6.2; rv:43.0) Gecko/20100101 Firefox/43.0"
46.105.192.230 www.astro52.com - [07/Jan/2016:17:10:29 +0100] "GET /dl.php?idfile=002 HTTP/1.1" 200 2372 "http://www.astro52.com/presjccc.html" "Mozilla/5.0 (Windows NT 6.2; rv:43.0) Gecko/20100101 Firefox/43.0"
46.105.192.230 www.astro52.com - [07/Jan/2016:17:10:33 +0100] "GET /dl/jecompte2.zip HTTP/1.1" 200 66122768 "http://www.astro52.com/dl.php?idfile=002" "Mozilla/5.0 (Windows NT 6.2; rv:43.0) Gecko/20100101 Firefox/43.0"
46.105.192.230 www.astro52.com - [07/Jan/2016:17:10:33 +0100] "GET /dl/jecompte2.zip HTTP/1.1" 200 66122768 "http://www.astro52.com/dl.php?idfile=002" "Mozilla/5.0 (Windows NT 6.2; rv:43.0) Gecko/20100101 Firefox/43.0"
192.243.55.134 hyperclasse.net - [07/Jan/2016:17:10:40 +0100] "GET /prog/trous.zip HTTP/1.1" 200 80123 "-" "Mozilla/5.0 (compatible; SemrushBot/1~bl; +http://www.semrush.com/bot.html)"
46.105.192.230 www.astro52.com - [07/Jan/2016:17:10:33 +0100] "GET /dl/jecompte2.zip HTTP/1.1" 200 66122768 "http://www.astro52.com/dl.php?idfile=002" "Mozilla/5.0 (Windows NT 6.2; rv:43.0) Gecko/20100101 Firefox/43.0"
46.105.192.230 www.astro52.com - [07/Jan/2016:17:10:33 +0100] "GET /dl/jecompte2.zip HTTP/1.1" 200 66122768 "http://www.astro52.com/dl.php?idfile=002" "Mozilla/5.0 (Windows NT 6.2; rv:43.0) Gecko/20100101 Firefox/43.0"
192.243.55.132 minipedia.fr - [07/Jan/2016:17:10:54 +0100] "GET /catreimslys.jpg HTTP/1.1" 304 - "-" "Mozilla/5.0 (compatible; SemrushBot/1~bl; +http://www.semrush.com/bot.html)"
46.105.194.7 www.astro52.com - [07/Jan/2016:17:11:17 +0100] "GET /best-of-astrophoto.html HTTP/1.1" 200 13299 "-" "Mozilla/5.0 (compatible; bingbot/2.0; +http://www.bing.com/bingbot.htm)"
78.242.44.87 minipedia.fr - [07/Jan/2016:17:11:32 +0100] "GET /catreimsarcb.jpg HTTP/1.1" 200 115437 "-" "Mozilla/5.0 (Linux; Android 4.4.4; SGP311 Build/10.5.1.A.0.292) AppleWebKit/537.36 (KHTML, like Gecko) Version/4.0 Chrome/33.0.0.0 Safari/537.36 GSA/5.7.14.19.arm"
88.162.186.239 astro52.com - [07/Jan/2016:17:11:34 +0100] "GET /pb-tmtl.htm HTTP/1.1" 200 1279 "http://r.search.yahoo.com/_ylt=A2KLj.spjo5W22kALP1lAQx.;_ylu=X3oDMTIzZ29xZmMwBHNlYwNzcgRzbGsDaW1nBG9pZANjZmUyZGQ4ZTg5ZWI5YjA5MTg0MWNkNDU2ZmUxODYxNQRncG9zAzEyBGl0A2Jpbmc-/RV=2/RE=1452211881/RO=11/RU=http%3a%2f%2fastro52.com%2fpb-tmtl.htm/RK=0/RS=E82nLtrQdQHW2pr4Hec4uUGuvtM-" "Mozilla/5.0 (Windows NT 6.3; WOW64; Trident/7.0; ASU2JS; rv:11.0) like Gecko"
88.162.186.239 astro52.com - [07/Jan/2016:17:11:34 +0100] "GET /tmtlindirect.GIF HTTP/1.1" 200 19929 "http://astro52.com/pb-tmtl.htm" "Mozilla/5.0 (Windows NT 6.3; WOW64; Trident/7.0; ASU2JS; rv:11.0) like Gecko"
88.162.186.239 astro52.com - [07/Jan/2016:17:11:34 +0100] "GET /tmtlce1-1.GIF HTTP/1.1" 200 14642 "http://astro52.com/pb-tmtl.htm" "Mozilla/5.0 (Windows NT 6.3; WOW64; Trident/7.0; ASU2JS; rv:11.0) like Gecko"
88.162.186.239 astro52.com - [07/Jan/2016:17:11:34 +0100] "GET /tmtlce2.GIF HTTP/1.1" 200 21613 "http://astro52.com/pb-tmtl.htm" "Mozilla/5.0 (Windows NT 6.3; WOW64; Trident/7.0; ASU2JS; rv:11.0) like Gecko"
88.162.186.239 astro52.com - [07/Jan/2016:17:11:34 +0100] "GET /tmtlce1-2.GIF HTTP/1.1" 200 10027 "http://astro52.com/pb-tmtl.htm" "Mozilla/5.0 (Windows NT 6.3; WOW64; Trident/7.0; ASU2JS; rv:11.0) like Gecko"
46.105.193.39 www.astro52.com - [07/Jan/2016:17:11:34 +0100] "GET /calculs/additions2.html HTTP/1.1" 200 1015 "http://www.astro52.com/calculs/" "Mozilla/5.0 (Windows NT 6.1; WOW64) AppleWebKit/537.36 (KHTML, like Gecko) Chrome/47.0.2526.73 Safari/537.36 OPR/34.0.2036.42"
88.162.186.239 astro52.com - [07/Jan/2016:17:11:34 +0100] "GET /favicon.ico HTTP/1.1" 200 318 "-" "Mozilla/5.0 (Windows NT 6.3; Win64; x64; Trident/7.0; ASU2JS; rv:11.0) like Gecko"
88.162.186.239 astro52.com - [07/Jan/2016:17:11:44 +0100] "GET /tmtlindirect.pdf HTTP/1.1" 200 27924 "http://astro52.com/pb-tmtl.htm" "Mozilla/5.0 (Windows NT 6.3; WOW64; Trident/7.0; ASU2JS; rv:11.0) like Gecko"
78.242.44.87 minipedia.fr - [07/Jan/2016:17:11:44 +0100] "GET /catarcbout.GIF HTTP/1.1" 200 7525 "-" "Mozilla/5.0 (Linux; Android 4.4.4; SGP311 Build/10.5.1.A.0.292) AppleWebKit/537.36 (KHTML, like Gecko) Version/4.0 Chrome/33.0.0.0 Safari/537.36 GSA/5.7.14.19.arm"
46.105.194.172 www.astro52.com - [07/Jan/2016:17:11:46 +0100] "GET /robots.txt HTTP/1.1" 304 - "-" "Mozilla/5.0 (compatible; NetSeer crawler/2.0; +http://www.netseer.com/crawler.html; crawler@netseer.com)"
46.105.194.172 www.astro52.com - [07/Jan/2016:17:11:46 +0100] "GET / HTTP/1.1" 200 4371 "-" "Mozilla/5.0 (compatible; NetSeer crawler/2.0; +http://www.netseer.com/crawler.html; crawler@netseer.com)"
46.105.192.229 www.astro52.com - [07/Jan/2016:17:12:42 +0100] "GET /cartes.htm HTTP/1.1" 200 3831 "http://www.astro52.com/maths-primaire-original.html" "Mozilla/5.0 (Windows NT 6.2; rv:43.0) Gecko/20100101 Firefox/43.0"
46.105.192.230 www.astro52.com - [07/Jan/2016:17:12:42 +0100] "GET /cartes2.jpg HTTP/1.1" 304 - "http://www.astro52.com/cartes.htm" "Mozilla/5.0 (Windows NT 6.2; rv:43.0) Gecko/20100101 Firefox/43.0"
46.105.192.229 www.astro52.com - [07/Jan/2016:17:12:42 +0100] "GET /cartes3.jpg HTTP/1.1" 200 11059 "http://www.astro52.com/cartes.htm" "Mozilla/5.0 (Windows NT 6.2; rv:43.0) Gecko/20100101 Firefox/43.0"
46.105.192.230 www.astro52.com - [07/Jan/2016:17:12:42 +0100] "GET /cartes4.jpg HTTP/1.1" 304 - "http://www.astro52.com/cartes.htm" "Mozilla/5.0 (Windows NT 6.2; rv:43.0) Gecko/20100101 Firefox/43.0"
46.105.192.230 www.astro52.com - [07/Jan/2016:17:12:44 +0100] "GET /sym/symetrie.htm HTTP/1.1" 200 12894 "http://www.astro52.com/maths-primaire-original.html" "Mozilla/5.0 (Windows NT 6.2; rv:43.0) Gecko/20100101 Firefox/43.0"
46.105.192.229 www.astro52.com - [07/Jan/2016:17:12:45 +0100] "GET /sym/autrenature.jpg HTTP/1.1" 304 - "http://www.astro52.com/sym/symetrie.htm" "Mozilla/5.0 (Windows NT 6.2; rv:43.0) Gecko/20100101 Firefox/43.0"
46.105.192.229 www.astro52.com - [07/Jan/2016:17:12:45 +0100] "GET /sym/memenature.jpg HTTP/1.1" 304 - "http://www.astro52.com/sym/symetrie.htm" "Mozilla/5.0 (Windows NT 6.2; rv:43.0) Gecko/20100101 Firefox/43.0"
46.105.192.230 www.astro52.com - [07/Jan/2016:17:12:45 +0100] "GET /sym/identique.jpg HTTP/1.1" 304 - "http://www.astro52.com/sym/symetrie.htm" "Mozilla/5.0 (Windows NT 6.2; rv:43.0) Gecko/20100101 Firefox/43.0"
46.105.192.231 www.astro52.com - [07/Jan/2016:17:12:46 +0100] "GET /cartes1.jpg HTTP/1.1" 200 12579 "http://www.astro52.com/cartes.htm" "Mozilla/5.0 (Windows NT 6.2; rv:43.0) Gecko/20100101 Firefox/43.0"
46.105.192.231 www.astro52.com - [07/Jan/2016:17:12:46 +0100] "GET /sym/symche1.jpg HTTP/1.1" 304 - "http://www.astro52.com/sym/symetrie.htm" "Mozilla/5.0 (Windows NT 6.2; rv:43.0) Gecko/20100101 Firefox/43.0"
46.105.192.230 www.astro52.com - [07/Jan/2016:17:12:47 +0100] "GET /sym/symche2.jpg HTTP/1.1" 304 - "http://www.astro52.com/sym/symetrie.htm" "Mozilla/5.0 (Windows NT 6.2; rv:43.0) Gecko/20100101 Firefox/43.0"
46.105.192.231 www.astro52.com - [07/Jan/2016:17:12:47 +0100] "GET /sym/sym3che.jpg HTTP/1.1" 304 - "http://www.astro52.com/sym/symetrie.htm" "Mozilla/5.0 (Windows NT 6.2; rv:43.0) Gecko/20100101 Firefox/43.0"
46.105.192.231 www.astro52.com - [07/Jan/2016:17:12:47 +0100] "GET /sym/transche.jpg HTTP/1.1" 304 - "http://www.astro52.com/sym/symetrie.htm" "Mozilla/5.0 (Windows NT 6.2; rv:43.0) Gecko/20100101 Firefox/43.0"
46.105.192.229 www.astro52.com - [07/Jan/2016:17:12:47 +0100] "GET /sym/melche.jpg HTTP/1.1" 304 - "http://www.astro52.com/sym/symetrie.htm" "Mozilla/5.0 (Windows NT 6.2; rv:43.0) Gecko/20100101 Firefox/43.0"
46.105.192.229 www.astro52.com - [07/Jan/2016:17:12:47 +0100] "GET /sym/distche.jpg HTTP/1.1" 304 - "http://www.astro52.com/sym/symetrie.htm" "Mozilla/5.0 (Windows NT 6.2; rv:43.0) Gecko/20100101 Firefox/43.0"
46.105.192.230 www.astro52.com - [07/Jan/2016:17:12:49 +0100] "GET /presjetons.html HTTP/1.1" 200 2154 "http://www.astro52.com/maths-primaire-original.html" "Mozilla/5.0 (Windows NT 6.2; rv:43.0) Gecko/20100101 Firefox/43.0"
46.105.192.231 www.astro52.com - [07/Jan/2016:17:12:49 +0100] "GET /sym/fatoucouleur.gif HTTP/1.1" 304 - "http://www.astro52.com/sym/symetrie.htm" "Mozilla/5.0 (Windows NT 6.2; rv:43.0) Gecko/20100101 Firefox/43.0"
46.105.192.229 www.astro52.com - [07/Jan/2016:17:12:49 +0100] "GET /sym/affichagesym.gif HTTP/1.1" 304 - "http://www.astro52.com/sym/symetrie.htm" "Mozilla/5.0 (Windows NT 6.2; rv:43.0) Gecko/20100101 Firefox/43.0"
46.105.192.231 www.astro52.com - [07/Jan/2016:17:12:50 +0100] "GET /dl.php?idfile=049 HTTP/1.1" 200 2362 "http://www.astro52.com/maths-primaire-original.html" "Mozilla/5.0 (Windows NT 6.2; rv:43.0) Gecko/20100101 Firefox/43.0"
46.105.192.231 www.astro52.com - [07/Jan/2016:17:12:50 +0100] "GET /jetonscouleur.png HTTP/1.1" 304 - "http://www.astro52.com/presjetons.html" "Mozilla/5.0 (Windows NT 6.2; rv:43.0) Gecko/20100101 Firefox/43.0"
46.105.192.230 www.astro52.com - [07/Jan/2016:17:12:51 +0100] "GET /jetonsblancs.png HTTP/1.1" 200 31496 "http://www.astro52.com/presjetons.html" "Mozilla/5.0 (Windows NT 6.2; rv:43.0) Gecko/20100101 Firefox/43.0"
46.105.192.230 www.astro52.com - [07/Jan/2016:17:12:54 +0100] "GET /dl/pixelisation.zip HTTP/1.1" 200 40766267 "http://www.astro52.com/dl.php?idfile=049" "Mozilla/5.0 (Windows NT 6.2; rv:43.0) Gecko/20100101 Firefox/43.0"
46.105.192.230 www.astro52.com - [07/Jan/2016:17:12:54 +0100] "GET /dl/pixelisation.zip HTTP/1.1" 200 40766267 "http://www.astro52.com/dl.php?idfile=049" "Mozilla/5.0 (Windows NT 6.2; rv:43.0) Gecko/20100101 Firefox/43.0"
46.105.195.70 www.astro52.com - [07/Jan/2016:17:13:01 +0100] "GET /dl.php?idfile=049 HTTP/1.1" 200 2362 "-" "Mediapartners-Google"
46.105.192.230 www.astro52.com - [07/Jan/2016:17:13:02 +0100] "GET /dl.php?idfile=047 HTTP/1.1" 200 2420 "http://www.astro52.com/maths-primaire-original.html" "Mozilla/5.0 (Windows NT 6.2; rv:43.0) Gecko/20100101 Firefox/43.0"
46.105.195.70 www.astro52.com - [07/Jan/2016:17:13:03 +0100] "GET /dl.php?idfile=047 HTTP/1.1" 200 2420 "-" "Mediapartners-Google"
46.105.192.229 www.astro52.com - [07/Jan/2016:17:13:06 +0100] "GET /dl/histoire-texte-maths.zip HTTP/1.1" 304 - "http://www.astro52.com/dl.php?idfile=047" "Mozilla/5.0 (Windows NT 6.2; rv:43.0) Gecko/20100101 Firefox/43.0"
46.105.196.6 www.astro52.com - [07/Jan/2016:17:13:11 +0100] "GET /geometrie.htm HTTP/1.1" 200 7784 "http://www.bing.com/search?q=situation+probl%c3%a8me+angle+droit&src=IE10TR&pc=DCJB&first=31&FORM=PERE2" "Mozilla/5.0 (Windows NT 6.1; WOW64; Trident/7.0; rv:11.0) like Gecko"
46.105.196.9 www.astro52.com - [07/Jan/2016:17:13:11 +0100] "GET /equerre.gif HTTP/1.1" 200 4596 "http://www.astro52.com/geometrie.htm" "Mozilla/5.0 (Windows NT 6.1; WOW64; Trident/7.0; rv:11.0) like Gecko"
46.105.192.230 www.astro52.com - [07/Jan/2016:17:13:11 +0100] "GET /dl.php?idfile=001 HTTP/1.1" 200 2334 "http://www.astro52.com/maths-primaire-original.html" "Mozilla/5.0 (Windows NT 6.2; rv:43.0) Gecko/20100101 Firefox/43.0"
46.105.196.9 www.astro52.com - [07/Jan/2016:17:13:11 +0100] "GET /salade.png HTTP/1.1" 200 735 "http://www.astro52.com/geometrie.htm" "Mozilla/5.0 (Windows NT 6.1; WOW64; Trident/7.0; rv:11.0) like Gecko"
46.105.196.6 www.astro52.com - [07/Jan/2016:17:13:11 +0100] "GET /tpprogweb.css HTTP/1.1" 200 368 "http://www.astro52.com/geometrie.htm" "Mozilla/5.0 (Windows NT 6.1; WOW64; Trident/7.0; rv:11.0) like Gecko"
46.105.196.10 www.astro52.com - [07/Jan/2016:17:13:11 +0100] "GET /affichegeo.gif HTTP/1.1" 200 7828 "http://www.astro52.com/geometrie.htm" "Mozilla/5.0 (Windows NT 6.1; WOW64; Trident/7.0; rv:11.0) like Gecko"
46.105.196.5 www.astro52.com - [07/Jan/2016:17:13:11 +0100] "GET /traceur.gif HTTP/1.1" 200 4375 "http://www.astro52.com/geometrie.htm" "Mozilla/5.0 (Windows NT 6.1; WOW64; Trident/7.0; rv:11.0) like Gecko"
46.105.192.231 www.astro52.com - [07/Jan/2016:17:13:14 +0100] "GET /dl/labymaths3.zip HTTP/1.1" 200 6725786 "http://www.astro52.com/dl.php?idfile=001" "Mozilla/5.0 (Windows NT 6.2; rv:43.0) Gecko/20100101 Firefox/43.0"
46.105.192.231 www.astro52.com - [07/Jan/2016:17:13:15 +0100] "GET /dl/labymaths3.zip HTTP/1.1" 200 6725786 "http://www.astro52.com/dl.php?idfile=001" "Mozilla/5.0 (Windows NT 6.2; rv:43.0) Gecko/20100101 Firefox/43.0"
46.105.195.70 www.astro52.com - [07/Jan/2016:17:13:19 +0100] "GET /dl.php?idfile=001 HTTP/1.1" 200 2334 "-" "Mediapartners-Google"
46.105.192.230 www.astro52.com - [07/Jan/2016:17:12:54 +0100] "GET /dl/pixelisation.zip HTTP/1.1" 200 40766267 "http://www.astro52.com/dl.php?idfile=049" "Mozilla/5.0 (Windows NT 6.2; rv:43.0) Gecko/20100101 Firefox/43.0"
46.105.192.230 www.astro52.com - [07/Jan/2016:17:12:54 +0100] "GET /dl/pixelisation.zip HTTP/1.1" 200 40766267 "http://www.astro52.com/dl.php?idfile=049" "Mozilla/5.0 (Windows NT 6.2; rv:43.0) Gecko/20100101 Firefox/43.0"
46.105.192.229 www.astro52.com - [07/Jan/2016:17:13:27 +0100] "GET /dl.php?idfile=019 HTTP/1.1" 200 2362 "http://www.astro52.com/presjetons.html" "Mozilla/5.0 (Windows NT 6.2; rv:43.0) Gecko/20100101 Firefox/43.0"
46.105.192.231 www.astro52.com - [07/Jan/2016:17:13:29 +0100] "GET /dl/jetons.zip HTTP/1.1" 200 1163153 "http://www.astro52.com/dl.php?idfile=019" "Mozilla/5.0 (Windows NT 6.2; rv:43.0) Gecko/20100101 Firefox/43.0"
46.105.195.70 www.astro52.com - [07/Jan/2016:17:13:33 +0100] "GET /dl.php?idfile=019 HTTP/1.1" 200 2362 "-" "Mediapartners-Google"
46.105.195.70 www.astro52.com - [07/Jan/2016:17:14:08 +0100] "GET /dl/pixelisation.zip HTTP/1.1" 200 40766267 "-" "Mozilla/5.0 (compatible; Googlebot/2.1; +http://www.google.com/bot.html)"
46.105.195.70 www.astro52.com - [07/Jan/2016:17:14:08 +0100] "GET /dl/pixelisation.zip HTTP/1.1" 200 40766267 "-" "Mozilla/5.0 (compatible; Googlebot/2.1; +http://www.google.com/bot.html)"
41.82.143.67 astro52.com - [07/Jan/2016:17:14:16 +0100] "GET / HTTP/1.1" 200 4371 "http://www.astro52.com/sym/symetrie.htm" "Mozilla/5.0 (Windows NT 6.2; rv:43.0) Gecko/20100101 Firefox/43.0"
41.82.143.67 astro52.com - [07/Jan/2016:17:14:17 +0100] "GET /nouvelle-presentation.css HTTP/1.1" 304 - "http://astro52.com/" "Mozilla/5.0 (Windows NT 6.2; rv:43.0) Gecko/20100101 Firefox/43.0"
41.82.143.67 astro52.com - [07/Jan/2016:17:14:17 +0100] "GET /accueilastro52.png HTTP/1.1" 304 - "http://astro52.com/" "Mozilla/5.0 (Windows NT 6.2; rv:43.0) Gecko/20100101 Firefox/43.0"
41.82.143.67 astro52.com - [07/Jan/2016:17:14:17 +0100] "GET /nouveau-contact.png HTTP/1.1" 304 - "http://astro52.com/" "Mozilla/5.0 (Windows NT 6.2; rv:43.0) Gecko/20100101 Firefox/43.0"
41.82.143.67 astro52.com - [07/Jan/2016:17:14:18 +0100] "GET /favicon.ico HTTP/1.1" 304 - "-" "Mozilla/5.0 (Windows NT 6.2; rv:43.0) Gecko/20100101 Firefox/43.0"
46.105.195.70 www.astro52.com - [07/Jan/2016:17:14:08 +0100] "GET /dl/pixelisation.zip HTTP/1.1" 200 40766267 "-" "Mozilla/5.0 (compatible; Googlebot/2.1; +http://www.google.com/bot.html)"
90.20.233.40 astro52.com - [07/Jan/2016:17:14:42 +0100] "GET /valise-zil-brigade.html HTTP/1.1" 404 191 "http://www.ac-nice.fr/iencagnes/file/peda/general/liens_TR.pdf" "Mozilla/5.0 (Windows NT 5.1; rv:12.0) Gecko/20100101 Firefox/12.0"
90.20.233.40 astro52.com - [07/Jan/2016:17:14:42 +0100] "GET /favicon.ico HTTP/1.1" 200 318 "-" "Mozilla/5.0 (Windows NT 5.1; rv:12.0) Gecko/20100101 Firefox/12.0"
46.105.195.70 www.astro52.com - [07/Jan/2016:17:14:08 +0100] "GET /dl/pixelisation.zip HTTP/1.1" 200 40766267 "-" "Mozilla/5.0 (compatible; Googlebot/2.1; +http://www.google.com/bot.html)"
78.224.106.184 hyperclasse.net - [07/Jan/2016:17:15:07 +0100] "GET /cartabledeseverine/mes%20images/DSC03040.JPG HTTP/1.1" 200 94686 "http://www.lecartabledeseverine.fr/rallye-lecture-cycle-2-et-3-lire-c-est-partir-c260151" "Mozilla/5.0 (Windows NT 6.3; WOW64) AppleWebKit/537.36 (KHTML, like Gecko) Chrome/47.0.2526.106 Safari/537.36"
189.164.25.63 hyperclasse.net - [07/Jan/2016:17:16:02 +0100] "GET /lire-et-ecrire/rue.jpg HTTP/1.1" 304 - "-" "Mozilla/5.0 (Windows NT 6.3; Win64; x64; Trident/7.0; MALNJS; rv:11.0) like Gecko"
46.105.195.70 www.astro52.com - [07/Jan/2016:17:16:02 +0100] "GET /dl/labymaths3.zip HTTP/1.1" 200 6725786 "-" "Mozilla/5.0 (compatible; Googlebot/2.1; +http://www.google.com/bot.html)"
92.94.149.199 hyperclasse.net - [07/Jan/2016:17:16:36 +0100] "GET /cartabledeseverine/mes%20images/DSC03040.JPG HTTP/1.1" 200 94686 "http://www.lecartabledeseverine.fr/rallye-lecture-cycle-2-et-3-lire-c-est-partir-c260151" "Mozilla/5.0 (Windows NT 6.1; WOW64; rv:43.0) Gecko/20100101 Firefox/43.0"
46.105.193.39 www.astro52.com - [07/Jan/2016:17:16:43 +0100] "GET /calculs/additions1.html HTTP/1.1" 200 1016 "http://www.astro52.com/calculs/" "Mozilla/5.0 (Windows NT 6.1; WOW64) AppleWebKit/537.36 (KHTML, like Gecko) Chrome/47.0.2526.73 Safari/537.36 OPR/34.0.2036.42"
46.105.193.39 www.astro52.com - [07/Jan/2016:17:17:17 +0100] "GET /calculs/additions2.html HTTP/1.1" 200 1015 "http://www.astro52.com/calculs/" "Mozilla/5.0 (Windows NT 6.1; WOW64) AppleWebKit/537.36 (KHTML, like Gecko) Chrome/47.0.2526.73 Safari/537.36 OPR/34.0.2036.42"
46.105.196.8 www.astro52.com - [07/Jan/2016:17:17:27 +0100] "GET /calculs/index.htm HTTP/1.1" 200 1152 "http://www.bing.com/search?q=calcul%20de%20ce2&pc=cosp&ptag=A04442A5458&form=CONADR&conlogo=CT3210127" "Mozilla/5.0 (Windows NT 6.1; WOW64) AppleWebKit/537.36 (KHTML, like Gecko) Chrome/47.0.2526.106 Safari/537.36"
46.105.196.5 www.astro52.com - [07/Jan/2016:17:17:27 +0100] "GET /nouvelle-presentation.css HTTP/1.1" 200 460 "http://www.astro52.com/calculs/index.htm" "Mozilla/5.0 (Windows NT 6.1; WOW64) AppleWebKit/537.36 (KHTML, like Gecko) Chrome/47.0.2526.106 Safari/537.36"
46.105.196.10 www.astro52.com - [07/Jan/2016:17:17:27 +0100] "GET /favicon.ico HTTP/1.1" 200 318 "http://www.astro52.com/calculs/index.htm" "Mozilla/5.0 (Windows NT 6.1; WOW64) AppleWebKit/537.36 (KHTML, like Gecko) Chrome/47.0.2526.106 Safari/537.36"
46.105.196.12 www.astro52.com - [07/Jan/2016:17:17:31 +0100] "GET /calculs/additions1.html HTTP/1.1" 200 1016 "http://www.astro52.com/calculs/index.htm" "Mozilla/5.0 (Windows NT 6.1; WOW64) AppleWebKit/537.36 (KHTML, like Gecko) Chrome/47.0.2526.106 Safari/537.36"
46.105.196.8 www.astro52.com - [07/Jan/2016:17:17:31 +0100] "GET /calculs/calculs.css HTTP/1.1" 200 347 "http://www.astro52.com/calculs/additions1.html" "Mozilla/5.0 (Windows NT 6.1; WOW64) AppleWebKit/537.36 (KHTML, like Gecko) Chrome/47.0.2526.106 Safari/537.36"
46.105.193.39 www.astro52.com - [07/Jan/2016:17:17:49 +0100] "GET /calculs/additions4.html HTTP/1.1" 200 1032 "http://www.astro52.com/calculs/" "Mozilla/5.0 (Windows NT 6.1; WOW64) AppleWebKit/537.36 (KHTML, like Gecko) Chrome/47.0.2526.73 Safari/537.36 OPR/34.0.2036.42"
82.124.44.108 hyperclasse.net - [07/Jan/2016:17:19:01 +0100] "GET /cartabledeseverine/mes%20images/DSC03040.JPG HTTP/1.1" 200 94686 "http://www.lecartabledeseverine.fr/rallye-lecture-cycle-2-et-3-lire-c-est-partir-c260151" "Mozilla/5.0 (iPad; CPU OS 9_2 like Mac OS X) AppleWebKit/601.1.46 (KHTML, like Gecko) Version/9.0 Mobile/13C75 Safari/601.1"
46.105.196.12 www.astro52.com - [07/Jan/2016:17:19:46 +0100] "GET /calculs/additions1.html HTTP/1.1" 200 1016 "http://www.astro52.com/calculs/index.htm" "Mozilla/5.0 (Windows NT 6.1; WOW64) AppleWebKit/537.36 (KHTML, like Gecko) Chrome/47.0.2526.106 Safari/537.36"
46.105.196.10 www.astro52.com - [07/Jan/2016:17:20:04 +0100] "GET /calculs/additions2.html HTTP/1.1" 200 1015 "http://www.astro52.com/calculs/index.htm" "Mozilla/5.0 (Windows NT 6.1; WOW64) AppleWebKit/537.36 (KHTML, like Gecko) Chrome/47.0.2526.106 Safari/537.36"
