162.210.196.98 hyperclasse.net - [07/Jan/2016:09:06:57 +0100] "GET /lire-et-ecrire/page-43AIN.html HTTP/1.1" 200 29885 "-" "Mozilla/5.0 (compatible; MJ12bot/v1.4.5; http://www.majestic12.co.uk/bot.php?+)"
162.210.196.98 hyperclasse.net - [07/Jan/2016:09:06:59 +0100] "GET /lire-et-ecrire/page-44OIN.html HTTP/1.1" 200 25341 "-" "Mozilla/5.0 (compatible; MJ12bot/v1.4.5; http://www.majestic12.co.uk/bot.php?+)"
162.210.196.98 hyperclasse.net - [07/Jan/2016:09:07:00 +0100] "GET /lire-et-ecrire/page-45HSDT.html HTTP/1.1" 200 30612 "-" "Mozilla/5.0 (compatible; MJ12bot/v1.4.5; http://www.majestic12.co.uk/bot.php?+)"
162.210.196.98 hyperclasse.net - [07/Jan/2016:09:07:02 +0100] "GET /lire-et-ecrire/page-46W.html HTTP/1.1" 200 28647 "-" "Mozilla/5.0 (compatible; MJ12bot/v1.4.5; http://www.majestic12.co.uk/bot.php?+)"
162.210.196.98 hyperclasse.net - [07/Jan/2016:09:07:04 +0100] "GET /lire-et-ecrire/page-47X.html HTTP/1.1" 200 27080 "-" "Mozilla/5.0 (compatible; MJ12bot/v1.4.5; http://www.majestic12.co.uk/bot.php?+)"
162.210.196.98 hyperclasse.net - [07/Jan/2016:09:07:05 +0100] "GET /lire-et-ecrire/page-48AIL-EUIL.html HTTP/1.1" 200 27050 "-" "Mozilla/5.0 (compatible; MJ12bot/v1.4.5; http://www.majestic12.co.uk/bot.php?+)"
162.210.196.98 hyperclasse.net - [07/Jan/2016:09:07:07 +0100] "GET /lire-et-ecrire/page-49Y.html HTTP/1.1" 200 27056 "-" "Mozilla/5.0 (compatible; MJ12bot/v1.4.5; http://www.majestic12.co.uk/bot.php?+)"
162.210.196.98 hyperclasse.net - [07/Jan/2016:09:07:09 +0100] "GET /lire-et-ecrire/page-4E.html HTTP/1.1" 200 33142 "-" "Mozilla/5.0 (compatible; MJ12bot/v1.4.5; http://www.majestic12.co.uk/bot.php?+)"
162.210.196.98 hyperclasse.net - [07/Jan/2016:09:07:10 +0100] "GET /lire-et-ecrire/page-50IER.html HTTP/1.1" 200 26303 "-" "Mozilla/5.0 (compatible; MJ12bot/v1.4.5; http://www.majestic12.co.uk/bot.php?+)"
162.210.196.98 hyperclasse.net - [07/Jan/2016:09:07:12 +0100] "GET /lire-et-ecrire/page-51K.html HTTP/1.1" 200 28646 "-" "Mozilla/5.0 (compatible; MJ12bot/v1.4.5; http://www.majestic12.co.uk/bot.php?+)"
162.210.196.98 hyperclasse.net - [07/Jan/2016:09:07:14 +0100] "GET /lire-et-ecrire/page-6CH.html HTTP/1.1" 200 33041 "-" "Mozilla/5.0 (compatible; MJ12bot/v1.4.5; http://www.majestic12.co.uk/bot.php?+)"
162.210.196.98 hyperclasse.net - [07/Jan/2016:09:07:15 +0100] "GET /lire-et-ecrire/page-7I.html HTTP/1.1" 200 39776 "-" "Mozilla/5.0 (compatible; MJ12bot/v1.4.5; http://www.majestic12.co.uk/bot.php?+)"
162.210.196.98 hyperclasse.net - [07/Jan/2016:09:07:17 +0100] "GET /lire-et-ecrire/page-8T.html HTTP/1.1" 200 32231 "-" "Mozilla/5.0 (compatible; MJ12bot/v1.4.5; http://www.majestic12.co.uk/bot.php?+)"
162.210.196.98 hyperclasse.net - [07/Jan/2016:09:07:19 +0100] "GET /lire-et-ecrire/page-9D.html HTTP/1.1" 200 32294 "-" "Mozilla/5.0 (compatible; MJ12bot/v1.4.5; http://www.majestic12.co.uk/bot.php?+)"
162.210.196.98 hyperclasse.net - [07/Jan/2016:09:07:21 +0100] "GET /lire-et-ecrire/page-pds.html HTTP/1.1" 200 60457 "-" "Mozilla/5.0 (compatible; MJ12bot/v1.4.5; http://www.majestic12.co.uk/bot.php?+)"
162.210.196.98 hyperclasse.net - [07/Jan/2016:09:07:22 +0100] "GET /lire-et-ecrire/page1A-finie.html HTTP/1.1" 200 32802 "-" "Mozilla/5.0 (compatible; MJ12bot/v1.4.5; http://www.majestic12.co.uk/bot.php?+)"
162.210.196.98 hyperclasse.net - [07/Jan/2016:09:07:24 +0100] "GET /lire-et-ecrire/rdm-page5S-exe1.htm HTTP/1.1" 200 76462 "-" "Mozilla/5.0 (compatible; MJ12bot/v1.4.5; http://www.majestic12.co.uk/bot.php?+)"
162.210.196.98 hyperclasse.net - [07/Jan/2016:09:07:26 +0100] "GET /prog/textes/ HTTP/1.1" 200 1631 "-" "Mozilla/5.0 (compatible; MJ12bot/v1.4.5; http://www.majestic12.co.uk/bot.php?+)"
162.210.196.98 hyperclasse.net - [07/Jan/2016:09:07:28 +0100] "GET /prog/textes/admin/?C=D;O=A HTTP/1.1" 200 1391 "-" "Mozilla/5.0 (compatible; MJ12bot/v1.4.5; http://www.majestic12.co.uk/bot.php?+)"
162.210.196.98 hyperclasse.net - [07/Jan/2016:09:07:29 +0100] "GET /prog/textes/admin/?C=M;O=A HTTP/1.1" 200 1391 "-" "Mozilla/5.0 (compatible; MJ12bot/v1.4.5; http://www.majestic12.co.uk/bot.php?+)"
162.210.196.98 hyperclasse.net - [07/Jan/2016:09:07:31 +0100] "GET /prog/textes/admin/?C=N;O=A HTTP/1.1" 200 1391 "-" "Mozilla/5.0 (compatible; MJ12bot/v1.4.5; http://www.majestic12.co.uk/bot.php?+)"
162.210.196.98 hyperclasse.net - [07/Jan/2016:09:07:33 +0100] "GET /prog/textes/admin/?C=S;O=A HTTP/1.1" 200 1391 "-" "Mozilla/5.0 (compatible; MJ12bot/v1.4.5; http://www.majestic12.co.uk/bot.php?+)"
162.210.196.98 hyperclasse.net - [07/Jan/2016:09:07:34 +0100] "GET /prog/textes/admin/accueildescription.txt HTTP/1.1" 304 - "-" "Mozilla/5.0 (compatible; MJ12bot/v1.4.5; http://www.majestic12.co.uk/bot.php?+)"
162.210.196.98 hyperclasse.net - [07/Jan/2016:09:07:36 +0100] "GET /prog/textes/admin/accueilhaut.txt HTTP/1.1" 304 - "-" "Mozilla/5.0 (compatible; MJ12bot/v1.4.5; http://www.majestic12.co.uk/bot.php?+)"
162.210.196.98 hyperclasse.net - [07/Jan/2016:09:07:38 +0100] "GET /prog/textes/admin/biblio.txt HTTP/1.1" 200 102 "-" "Mozilla/5.0 (compatible; MJ12bot/v1.4.5; http://www.majestic12.co.uk/bot.php?+)"
162.210.196.98 hyperclasse.net - [07/Jan/2016:09:07:39 +0100] "GET /prog/textes/admin/texte.txt HTTP/1.1" 200 233 "-" "Mozilla/5.0 (compatible; MJ12bot/v1.4.5; http://www.majestic12.co.uk/bot.php?+)"
162.210.196.98 hyperclasse.net - [07/Jan/2016:09:07:41 +0100] "GET /prog/textes/admin/texte1.txt HTTP/1.1" 304 - "-" "Mozilla/5.0 (compatible; MJ12bot/v1.4.5; http://www.majestic12.co.uk/bot.php?+)"
162.210.196.98 hyperclasse.net - [07/Jan/2016:09:07:42 +0100] "GET /prog/textes/admin/texte2.txt HTTP/1.1" 200 126 "-" "Mozilla/5.0 (compatible; MJ12bot/v1.4.5; http://www.majestic12.co.uk/bot.php?+)"
162.210.196.98 hyperclasse.net - [07/Jan/2016:09:07:44 +0100] "GET /prog/textes/admin/texte3.txt HTTP/1.1" 200 1694 "-" "Mozilla/5.0 (compatible; MJ12bot/v1.4.5; http://www.majestic12.co.uk/bot.php?+)"
162.210.196.98 hyperclasse.net - [07/Jan/2016:09:07:46 +0100] "GET /prog/trous/aide/index.html HTTP/1.1" 200 2818 "-" "Mozilla/5.0 (compatible; MJ12bot/v1.4.5; http://www.majestic12.co.uk/bot.php?+)"
162.210.196.98 www.hyperclasse.net - [07/Jan/2016:09:07:47 +0100] "GET /robots.txt HTTP/1.1" 404 208 "-" "Mozilla/5.0 (compatible; MJ12bot/v1.4.5; http://www.majestic12.co.uk/bot.php?+)"
162.210.196.98 www.hyperclasse.net - [07/Jan/2016:09:07:48 +0100] "GET /cartabledeseverine/pagemesliens.htm HTTP/1.1" 404 233 "-" "Mozilla/5.0 (compatible; MJ12bot/v1.4.5; http://www.majestic12.co.uk/bot.php?+)"
162.210.196.98 www.hyperclasse.net - [07/Jan/2016:09:07:50 +0100] "GET /index.html HTTP/1.1" 200 1770 "-" "Mozilla/5.0 (compatible; MJ12bot/v1.4.5; http://www.majestic12.co.uk/bot.php?+)"
81.52.143.35 hyperclasse.net - [07/Jan/2016:09:07:55 +0100] "GET /lire-et-ecrire/fg-D.pdf HTTP/1.1" 200 71057 "-" "Mozilla/5.0 (compatible; OrangeBot/2.0; support.orangebot@orange.com)"
46.105.196.8 www.astro52.com - [07/Jan/2016:09:09:11 +0100] "GET /calculs/additions5.html HTTP/1.1" 200 1053 "http://www.astro52.com/calculs/" "Mozilla/5.0 (iPad; CPU OS 8_4_1 like Mac OS X) AppleWebKit/600.1.4 (KHTML, like Gecko) Version/8.0 Mobile/12H321 Safari/600.1.4"
199.30.21.202 minipedia.fr - [07/Jan/2016:09:09:30 +0100] "GET /catarcbout.GIF HTTP/1.1" 304 - "-" "Mozilla/5.0 (Windows NT 6.1; WOW64) AppleWebKit/534+ (KHTML, like Gecko) BingPreview/1.0b"
46.105.195.71 www.astro52.com - [07/Jan/2016:09:13:27 +0100] "GET /cratere.htm HTTP/1.1" 200 4068 "-" "Mozilla/5.0 (compatible; Googlebot/2.1; +http://www.google.com/bot.html)"
80.215.205.126 minipedia.fr - [07/Jan/2016:09:14:05 +0100] "GET /catreimsgen.jpg HTTP/1.1" 200 65793 "-" "Mozilla/5.0 (Linux; Android 4.4.4; SM-G530FZ Build/KTU84P) AppleWebKit/537.36 (KHTML, like Gecko) Version/4.0 Chrome/33.0.0.0 Mobile Safari/537.36 GSA/3.6.14.1337016.arm"
46.105.195.71 www.astro52.com - [07/Jan/2016:09:17:30 +0100] "GET /lune29aout2005.htm HTTP/1.1" 200 2644 "-" "Mozilla/5.0 (compatible; Googlebot/2.1; +http://www.google.com/bot.html)"
46.105.196.11 www.astro52.com - [07/Jan/2016:09:19:30 +0100] "GET /sym/fatoucouleur.gif HTTP/1.1" 200 19887 "http://images.google.fr/imgres?imgurl=http%3A%2F%2Fwww.astro52.com%2Fsym%2Ffatoucouleur.gif&imgrefurl=http%3A%2F%2Fwww.astro52.com%2Fsym%2Fsymetrie.htm&h=630&w=891&tbnid=ask8SQITKFZ9xM%3A&docid=lg8rYPr2pg3glM&ei=fx-OVr23EoKQaZaxuLgB&tbm=isch&iact=rc&uact=3&dur=170&page=1&start=0&ndsp=20&ved=0ahUKEwj98vCAopfKAhUCSBoKHZYYDhcQrQMIQjAL" "Mozilla/5.0 (Windows NT 6.3; ARM; Trident/7.0; Touch; rv:11.0) like Gecko"
46.105.196.8 www.astro52.com - [07/Jan/2016:09:19:30 +0100] "GET /sym/symetrie.htm HTTP/1.1" 200 5108 "http://images.google.fr/imgres?imgurl=http%3A%2F%2Fwww.astro52.com%2Fsym%2Ffatoucouleur.gif&imgrefurl=http%3A%2F%2Fwww.astro52.com%2Fsym%2Fsymetrie.htm&h=630&w=891&tbnid=ask8SQITKFZ9xM%3A&docid=lg8rYPr2pg3glM&ei=fx-OVr23EoKQaZaxuLgB&tbm=isch&iact=rc&uact=3&dur=170&page=1&start=0&ndsp=20&ved=0ahUKEwj98vCAopfKAhUCSBoKHZYYDhcQrQMIQjAL" "Mozilla/5.0 (Windows NT 6.3; ARM; Trident/7.0; Touch; rv:11.0) like Gecko"
46.105.196.9 www.astro52.com - [07/Jan/2016:09:19:31 +0100] "GET /sym/identique.jpg HTTP/1.1" 200 33498 "http://www.astro52.com/sym/symetrie.htm" "Mozilla/5.0 (Windows NT 6.3; ARM; Trident/7.0; Touch; rv:11.0) like Gecko"
46.105.196.10 www.astro52.com - [07/Jan/2016:09:19:31 +0100] "GET /sym/symche1.jpg HTTP/1.1" 200 27195 "http://www.astro52.com/sym/symetrie.htm" "Mozilla/5.0 (Windows NT 6.3; ARM; Trident/7.0; Touch; rv:11.0) like Gecko"
46.105.196.6 www.astro52.com - [07/Jan/2016:09:19:31 +0100] "GET /sym/autrenature.jpg HTTP/1.1" 200 32581 "http://www.astro52.com/sym/symetrie.htm" "Mozilla/5.0 (Windows NT 6.3; ARM; Trident/7.0; Touch; rv:11.0) like Gecko"
46.105.196.10 www.astro52.com - [07/Jan/2016:09:19:31 +0100] "GET /sym/sym3che.jpg HTTP/1.1" 200 26797 "http://www.astro52.com/sym/symetrie.htm" "Mozilla/5.0 (Windows NT 6.3; ARM; Trident/7.0; Touch; rv:11.0) like Gecko"
46.105.196.6 www.astro52.com - [07/Jan/2016:09:19:31 +0100] "GET /sym/memenature.jpg HTTP/1.1" 200 35133 "http://www.astro52.com/sym/symetrie.htm" "Mozilla/5.0 (Windows NT 6.3; ARM; Trident/7.0; Touch; rv:11.0) like Gecko"
46.105.196.11 www.astro52.com - [07/Jan/2016:09:19:31 +0100] "GET /sym/transche.jpg HTTP/1.1" 200 28483 "http://www.astro52.com/sym/symetrie.htm" "Mozilla/5.0 (Windows NT 6.3; ARM; Trident/7.0; Touch; rv:11.0) like Gecko"
46.105.196.5 www.astro52.com - [07/Jan/2016:09:19:31 +0100] "GET /sym/melche.jpg HTTP/1.1" 200 30521 "http://www.astro52.com/sym/symetrie.htm" "Mozilla/5.0 (Windows NT 6.3; ARM; Trident/7.0; Touch; rv:11.0) like Gecko"
46.105.196.5 www.astro52.com - [07/Jan/2016:09:19:31 +0100] "GET /sym/distche.jpg HTTP/1.1" 200 24377 "http://www.astro52.com/sym/symetrie.htm" "Mozilla/5.0 (Windows NT 6.3; ARM; Trident/7.0; Touch; rv:11.0) like Gecko"
46.105.196.6 www.astro52.com - [07/Jan/2016:09:19:31 +0100] "GET /sym/affichagesym.gif HTTP/1.1" 200 42130 "http://www.astro52.com/sym/symetrie.htm" "Mozilla/5.0 (Windows NT 6.3; ARM; Trident/7.0; Touch; rv:11.0) like Gecko"
46.105.196.8 www.astro52.com - [07/Jan/2016:09:19:31 +0100] "GET /sym/symche2.jpg HTTP/1.1" 200 31385 "http://www.astro52.com/sym/symetrie.htm" "Mozilla/5.0 (Windows NT 6.3; ARM; Trident/7.0; Touch; rv:11.0) like Gecko"
80.215.205.126 minipedia.fr - [07/Jan/2016:09:20:34 +0100] "GET /catreimsarcb2.jpg HTTP/1.1" 200 123059 "-" "Mozilla/5.0 (Linux; Android 4.4.4; SM-G530FZ Build/KTU84P) AppleWebKit/537.36 (KHTML, like Gecko) Version/4.0 Chrome/33.0.0.0 Mobile Safari/537.36 GSA/3.6.14.1337016.arm"
46.105.195.71 www.astro52.com - [07/Jan/2016:09:21:33 +0100] "GET /lune2007/mosaic24janv.htm HTTP/1.1" 200 494 "-" "Mozilla/5.0 (compatible; Googlebot/2.1; +http://www.google.com/bot.html)"
46.105.194.10 www.astro52.com - [07/Jan/2016:09:22:43 +0100] "GET /lunephases.htm HTTP/1.1" 200 695 "-" "Mozilla/5.0 (compatible; bingbot/2.0; +http://www.bing.com/bingbot.htm)"
46.105.194.12 www.astro52.com - [07/Jan/2016:09:23:21 +0100] "GET /lunephases.GIF HTTP/1.1" 304 - "-" "Mozilla/5.0 (compatible; bingbot/2.0; +http://www.bing.com/bingbot.htm)"
193.246.24.2 hyperclasse.net - [07/Jan/2016:09:24:11 +0100] "GET /cartabledeseverine/mes%20images/DSC03040.JPG HTTP/1.1" 304 - "http://www.lecartabledeseverine.fr/rallye-lecture-cycle-2-et-3-lire-c-est-partir-c260151" "Mozilla/4.0 (compatible; MSIE 8.0; Windows NT 5.1; Trident/4.0; .NET CLR 1.1.4322; .NET CLR 2.0.50727; .NET CLR 3.0.04506.30; .NET4.0C; .NET4.0E; .NET CLR 3.0.04506.648; .NET CLR 3.5.21022; .NET CLR 3.0.4506.2152; .NET CLR 3.5.30729)"
46.105.192.167 www.astro52.com - [07/Jan/2016:09:25:35 +0100] "GET /grilles/fo9.htm HTTP/1.1" 200 856 "-" "Mozilla/5.0 (compatible; Googlebot/2.1; +http://www.google.com/bot.html)"
80.14.183.198 hyperclasse.net - [07/Jan/2016:09:25:42 +0100] "GET /cartabledeseverine/mes%20images/DSC03040.JPG HTTP/1.1" 200 94686 "http://www.lecartabledeseverine.fr/rallye-lecture-cycle-2-et-3-lire-c-est-partir-c260151" "Mozilla/5.0 (X11; Linux i686) AppleWebKit/537.36 (KHTML, like Gecko) Chrome/40.0.2214.94 Safari/537.36"
192.99.39.55 astro52.com - [07/Jan/2016:09:30:51 +0100] "GET / HTTP/1.1" 200 4371 "-" "-"
46.105.196.12 www.astro52.com - [07/Jan/2016:09:31:56 +0100] "GET /astronomie-amateur.html HTTP/1.1" 200 21209 "https://www.google.be/" "Mozilla/5.0 (Windows NT 5.1) AppleWebKit/537.36 (KHTML, like Gecko) Chrome/47.0.2526.106 Safari/537.36"
46.105.192.230 www.astro52.com - [07/Jan/2016:09:31:56 +0100] "GET /presentation-astro-tab.png HTTP/1.1" 200 91859 "http://www.astro52.com/astronomie-amateur.html" "Mozilla/5.0 (Windows NT 5.1) AppleWebKit/537.36 (KHTML, like Gecko) Chrome/47.0.2526.106 Safari/537.36"
46.105.196.6 www.astro52.com - [07/Jan/2016:09:31:57 +0100] "GET /planetes/jupiter-best-of-2010.jpg HTTP/1.1" 200 47159 "http://www.astro52.com/astronomie-amateur.html" "Mozilla/5.0 (Windows NT 5.1) AppleWebKit/537.36 (KHTML, like Gecko) Chrome/47.0.2526.106 Safari/537.36"
46.105.192.230 www.astro52.com - [07/Jan/2016:09:31:57 +0100] "GET /nouveau-contact.png HTTP/1.1" 304 - "http://www.astro52.com/astronomie-amateur.html" "Mozilla/5.0 (Windows NT 5.1) AppleWebKit/537.36 (KHTML, like Gecko) Chrome/47.0.2526.106 Safari/537.36"
46.105.196.10 www.astro52.com - [07/Jan/2016:09:31:58 +0100] "GET /favicon.ico HTTP/1.1" 200 318 "http://www.astro52.com/astronomie-amateur.html" "Mozilla/5.0 (Windows NT 5.1) AppleWebKit/537.36 (KHTML, like Gecko) Chrome/47.0.2526.106 Safari/537.36"
195.83.253.6 hyperclasse.net - [07/Jan/2016:09:32:26 +0100] "GET /cartabledeseverine/mes%20images/DSC03040.JPG HTTP/1.1" 200 94686 "http://www.lecartabledeseverine.fr/rallye-lecture-cycle-2-et-3-lire-c-est-partir-c260151" "Mozilla/5.0 (Windows NT 5.1; rv:43.0) Gecko/20100101 Firefox/43.0"
90.25.76.52 hyperclasse.net - [07/Jan/2016:09:32:42 +0100] "GET /cartabledeseverine/mes%20images/DSC03040.JPG HTTP/1.1" 200 94686 "http://www.lecartabledeseverine.fr/rallye-lecture-cycle-2-et-3-lire-c-est-partir-c260151" "Mozilla/4.0 (compatible; MSIE 8.0; Windows NT 5.1; Trident/4.0; GTB7.5)"
54.146.218.127 hyperclasse.net - [07/Jan/2016:09:35:08 +0100] "GET /robots.txt HTTP/1.1" 404 208 "-" "Mozilla/5.0 (compatible; linkdexbot/2.0; +http://www.linkdex.com/bots/)"
54.146.218.127 hyperclasse.net - [07/Jan/2016:09:35:08 +0100] "GET /lire-et-ecrire/page-33AI.html HTTP/1.1" 200 50194 "-" "Mozilla/5.0 (compatible; linkdexbot/2.0; +http://www.linkdex.com/bots/)"
54.146.218.127 www.hyperclasse.net - [07/Jan/2016:09:35:08 +0100] "GET /robots.txt HTTP/1.1" 404 208 "-" "Mozilla/5.0 (compatible; linkdexbot/2.0; +http://www.linkdex.com/bots/)"
46.105.194.16 www.astro52.com - [07/Jan/2016:09:35:20 +0100] "GET /dljccc.png HTTP/1.1" 304 - "-" "Mozilla/5.0 (compatible; bingbot/2.0; +http://www.bing.com/bingbot.htm)"
151.80.31.117 minipedia.fr - [07/Jan/2016:09:36:55 +0100] "GET /pedago52/guillemin/maths/shadoks/doc.htm HTTP/1.1" 200 11805 "-" "Mozilla/5.0 (compatible; AhrefsBot/5.0; +http://ahrefs.com/robot/)"
46.105.196.10 www.astro52.com - [07/Jan/2016:09:37:32 +0100] "GET /marques-astronomie.html HTTP/1.1" 200 4142 "-" "Mozilla/5.0 (Windows NT 6.0) AppleWebKit/537.36 (KHTML, like Gecko) Chrome/47.0.2526.106 Safari/537.36"
46.105.196.8 www.astro52.com - [07/Jan/2016:09:37:32 +0100] "GET /nouveau-contact.png HTTP/1.1" 200 1628 "http://www.astro52.com/marques-astronomie.html" "Mozilla/5.0 (Windows NT 6.0) AppleWebKit/537.36 (KHTML, like Gecko) Chrome/47.0.2526.106 Safari/537.36"
46.105.196.6 www.astro52.com - [07/Jan/2016:09:37:44 +0100] "GET /calculs/ HTTP/1.1" 200 1152 "https://www.google.fr" "Mozilla/5.0 (Windows NT 5.1; rv:43.0) Gecko/20100101 Firefox/43.0"
46.105.196.5 www.astro52.com - [07/Jan/2016:09:37:44 +0100] "GET /nouvelle-presentation.css HTTP/1.1" 200 460 "http://www.astro52.com/calculs/" "Mozilla/5.0 (Windows NT 5.1; rv:43.0) Gecko/20100101 Firefox/43.0"
46.105.196.12 www.astro52.com - [07/Jan/2016:09:37:49 +0100] "GET /calculs/additions1.html HTTP/1.1" 200 1016 "http://www.astro52.com/calculs/" "Mozilla/5.0 (Windows NT 5.1; rv:43.0) Gecko/20100101 Firefox/43.0"
46.105.196.8 www.astro52.com - [07/Jan/2016:09:37:49 +0100] "GET /calculs/calculs.css HTTP/1.1" 200 347 "http://www.astro52.com/calculs/additions1.html" "Mozilla/5.0 (Windows NT 5.1; rv:43.0) Gecko/20100101 Firefox/43.0"
87.231.23.72 minipedia.fr - [07/Jan/2016:09:38:15 +0100] "PROPFIND /catreimsarcb.jpg HTTP/1.1" 405 196 "-" "-"
87.231.23.72 minipedia.fr - [07/Jan/2016:09:38:15 +0100] "HEAD /catreimsarcb.jpg HTTP/1.1" 200 - "-" "-"
87.231.23.72 minipedia.fr - [07/Jan/2016:09:38:15 +0100] "GET /catreimsarcb.jpg HTTP/1.1" 200 115437 "-" "-"
193.50.91.165 minipedia.fr - [07/Jan/2016:09:41:15 +0100] "GET /catarcbout.GIF HTTP/1.1" 200 7525 "http://www.bing.com/images/search?q=art+roman+structure+cath%c3%a9drale&view=detailv2&&id=B32662D2AB2DB3D5CDB9EDCD4F72D4675E438BA2&selectedIndex=74&ccid=fPoju%2fSV&simid=607998981473504616&thid=OIP.M7cfa23bbf495129e96276527846546cao0&mode=overlay" "Mozilla/5.0 (Windows NT 6.3; WOW64; Trident/7.0; Touch; MAARJS; rv:11.0) like Gecko"
87.231.23.72 minipedia.fr - [07/Jan/2016:09:41:25 +0100] "PROPFIND /catreimsarcb2.jpg HTTP/1.1" 405 198 "-" "-"
87.231.23.72 minipedia.fr - [07/Jan/2016:09:41:25 +0100] "HEAD /catreimsarcb2.jpg HTTP/1.1" 200 - "-" "-"
87.231.23.72 minipedia.fr - [07/Jan/2016:09:41:25 +0100] "GET /catreimsarcb2.jpg HTTP/1.1" 200 123059 "-" "-"
46.105.192.39 www.astro52.com - [07/Jan/2016:09:42:49 +0100] "GET /pyramide.swf HTTP/1.1" 304 - "https://www.google.com" "Mozilla/5.0 (Windows NT 6.1; rv:43.0) Gecko/20100101 Firefox/43.0"
80.14.183.198 hyperclasse.net - [07/Jan/2016:09:42:49 +0100] "GET /cartabledeseverine/pagerallyelecturece1ce2.htm HTTP/1.1" 404 206 "http://forums-enseignants-du-primaire.com/topic/224324-a-rebrousse-temps-ce1/" "Mozilla/5.0 (X11; Linux i686) AppleWebKit/537.36 (KHTML, like Gecko) Chrome/40.0.2214.94 Safari/537.36"
80.14.183.198 hyperclasse.net - [07/Jan/2016:09:42:49 +0100] "GET /favicon.ico HTTP/1.1" 404 183 "-" "Mozilla/5.0 (X11; Linux i686) AppleWebKit/537.36 (KHTML, like Gecko) Chrome/40.0.2214.94 Safari/537.36"
46.105.192.230 www.astro52.com - [07/Jan/2016:09:42:56 +0100] "GET /fiche-maths-egypte-exercice.png HTTP/1.1" 304 - "-" "Mozilla/5.0 (Windows NT 6.1; WOW64; Trident/7.0; rv:11.0) like Gecko"
46.105.192.41 www.astro52.com - [07/Jan/2016:09:43:05 +0100] "GET /favicon.ico HTTP/1.1" 304 - "-" "Mozilla/5.0 (Windows NT 6.1; rv:43.0) Gecko/20100101 Firefox/43.0"
159.253.0.52 hyperclasse.net - [07/Jan/2016:09:44:50 +0100] "GET /cartabledeseverine/mes%20images/DSC03040.JPG HTTP/1.1" 304 - "-" "WordPress/4.2.6; http://allesvanbonaire.nl/forum"
46.105.194.11 www.astro52.com - [07/Jan/2016:09:45:38 +0100] "GET /sym/carrerougepetit.gif HTTP/1.1" 404 221 "-" "Mozilla/5.0 (compatible; bingbot/2.0; +http://www.bing.com/bingbot.htm)"
46.105.192.41 www.astro52.com - [07/Jan/2016:09:46:35 +0100] "GET /robots.txt HTTP/1.1" 304 - "-" "Mozilla/5.0 (compatible; DeuSu/5.0.2; +https://deusu.de/robot.html)"
46.105.192.41 www.astro52.com - [07/Jan/2016:09:46:35 +0100] "GET /start.html HTTP/1.1" 200 1182 "-" "Mozilla/5.0 (compatible; DeuSu/5.0.2; +https://deusu.de/robot.html)"
46.105.194.14 www.astro52.com - [07/Jan/2016:09:46:56 +0100] "GET /sym/carrejaunepetit.gif HTTP/1.1" 404 221 "-" "Mozilla/5.0 (compatible; bingbot/2.0; +http://www.bing.com/bingbot.htm)"
178.255.215.98 astro52.com - [07/Jan/2016:09:46:57 +0100] "GET /calculs/ HTTP/1.1" 200 1152 "-" "Mozilla/5.0 (compatible; Konqueror/3.5; Linux) KHTML/3.5.5 (like Gecko) (Exabot-Thumbnails)"
178.255.215.98 astro52.com - [07/Jan/2016:09:46:58 +0100] "GET /nouvelle-presentation.css HTTP/1.1" 200 460 "http://astro52.com/calculs/" "Mozilla/5.0 (compatible; Konqueror/3.5; Linux) KHTML/3.5.5 (like Gecko) (Exabot-Thumbnails)"
46.105.192.38 www.astro52.com - [07/Jan/2016:09:48:39 +0100] "GET / HTTP/1.1" 200 4371 "-" "Mozilla/5.0 (Windows NT 6.1; rv:43.0) Gecko/20100101 Firefox/43.0"
46.105.192.37 www.astro52.com - [07/Jan/2016:09:48:39 +0100] "GET /nouvelle-presentation.css HTTP/1.1" 304 - "http://www.astro52.com/" "Mozilla/5.0 (Windows NT 6.1; rv:43.0) Gecko/20100101 Firefox/43.0"
46.105.192.41 www.astro52.com - [07/Jan/2016:09:48:40 +0100] "GET /accueilastro52.png HTTP/1.1" 304 - "http://www.astro52.com/" "Mozilla/5.0 (Windows NT 6.1; rv:43.0) Gecko/20100101 Firefox/43.0"
46.105.192.39 www.astro52.com - [07/Jan/2016:09:48:40 +0100] "GET /nouveau-contact.png HTTP/1.1" 304 - "http://www.astro52.com/" "Mozilla/5.0 (Windows NT 6.1; rv:43.0) Gecko/20100101 Firefox/43.0"
46.105.192.38 www.astro52.com - [07/Jan/2016:09:48:45 +0100] "GET /philo.htm HTTP/1.1" 200 7108 "http://www.astro52.com/" "Mozilla/5.0 (Windows NT 6.1; rv:43.0) Gecko/20100101 Firefox/43.0"
46.105.192.40 www.astro52.com - [07/Jan/2016:09:48:47 +0100] "GET /salade.png HTTP/1.1" 304 - "http://www.astro52.com/philo.htm" "Mozilla/5.0 (Windows NT 6.1; rv:43.0) Gecko/20100101 Firefox/43.0"
106.120.173.75 hyperclasse.net - [07/Jan/2016:09:52:36 +0100] "GET /robots.txt HTTP/1.1" 404 208 "-" "Sogou web spider/4.0(+http://www.sogou.com/docs/help/webmasters.htm#07)"
46.105.194.172 www.astro52.com - [07/Jan/2016:09:55:30 +0100] "GET /robots.txt HTTP/1.1" 304 - "-" "Mozilla/5.0 (Windows NT 5.1; rv:6.0.2) Gecko/20100101 Firefox/6.0.2"
130.193.51.23 minipedia.fr - [07/Jan/2016:09:55:44 +0100] "GET /robots.txt HTTP/1.1" 404 208 "-" "Mozilla/5.0 (compatible; YandexBot/3.0; +http://yandex.com/bots)"
195.221.62.1 astro52.com - [07/Jan/2016:09:56:39 +0100] "GET /planetes/jupiter-09-10-2010-00h03.jpg HTTP/1.1" 200 27476 "http://images.google.fr/imgres?imgurl=http%3A%2F%2Fastro52.com%2Fplanetes%2Fjupiter-09-10-2010-00h03.jpg&imgrefurl=http%3A%2F%2Fforums.futura-sciences.com%2Fmateriel-astronomique-photos-damateurs%2F487861-voit-on-vraiment-un-telescope.html&h=244&w=290&tbnid=yHy96QlkiG31nM%3A&docid=VmFnLKgJ1YNNxM&ei=MiiOVq_cBsmSU9vOragG&tbm=isch&iact=rc&uact=3&dur=232&page=3&start=54&ndsp=30&ved=0ahUKEwivvdqmqpfKAhVJyRQKHVtnC2UQrQMIkwIwUA" "Mozilla/5.0 (Windows NT 6.1; rv:38.0) Gecko/20100101 Firefox/38.0"
195.221.62.1 astro52.com - [07/Jan/2016:09:56:40 +0100] "GET /planetes/saturne-7-mars-2011-2h02.jpg HTTP/1.1" 200 18276 "http://forums.futura-sciences.com/materiel-astronomique-photos-damateurs/487861-voit-on-vraiment-un-telescope.html" "Mozilla/5.0 (Windows NT 6.1; rv:38.0) Gecko/20100101 Firefox/38.0"
78.208.12.201 astro52.com - [07/Jan/2016:09:56:42 +0100] "GET /enseignerastro.htm HTTP/1.1" 200 6779 "-" "Mozilla/5.0 (iPad; CPU OS 9_1 like Mac OS X) AppleWebKit/601.1.46 (KHTML, like Gecko) Mobile/13B143"
78.208.12.201 astro52.com - [07/Jan/2016:09:56:43 +0100] "GET /apple-touch-icon-152x152-precomposed.png HTTP/1.1" 404 202 "-" "Mozilla/5.0 (iPad; CPU OS 9_1 like Mac OS X) AppleWebKit/601.1.46 (KHTML, like Gecko) Mobile/13B143"
78.208.12.201 astro52.com - [07/Jan/2016:09:56:43 +0100] "GET /apple-touch-icon-152x152.png HTTP/1.1" 404 197 "-" "Mozilla/5.0 (iPad; CPU OS 9_1 like Mac OS X) AppleWebKit/601.1.46 (KHTML, like Gecko) Mobile/13B143"
78.208.12.201 astro52.com - [07/Jan/2016:09:56:43 +0100] "GET /apple-touch-icon.png HTTP/1.1" 404 189 "-" "Mozilla/5.0 (iPad; CPU OS 9_1 like Mac OS X) AppleWebKit/601.1.46 (KHTML, like Gecko) Mobile/13B143"
78.208.12.201 astro52.com - [07/Jan/2016:09:56:43 +0100] "GET /apple-touch-icon.png HTTP/1.1" 404 189 "-" "Mozilla/5.0 (iPad; CPU OS 9_1 like Mac OS X) AppleWebKit/601.1.46 (KHTML, like Gecko) Mobile/13B143"
78.208.12.201 astro52.com - [07/Jan/2016:09:56:43 +0100] "GET /apple-touch-icon-precomposed.png HTTP/1.1" 404 197 "-" "Mozilla/5.0 (iPad; CPU OS 9_1 like Mac OS X) AppleWebKit/601.1.46 (KHTML, like Gecko) Mobile/13B143"
78.208.12.201 astro52.com - [07/Jan/2016:09:56:43 +0100] "GET /favicon.ico HTTP/1.1" 304 - "-" "Mozilla/5.0 (iPad; CPU OS 9_1 like Mac OS X) AppleWebKit/601.1.46 (KHTML, like Gecko) Mobile/13B143"
46.105.196.10 www.astro52.com - [07/Jan/2016:09:56:50 +0100] "GET /marques-astronomie.html HTTP/1.1" 200 4142 "-" "Mozilla/5.0 (Windows NT 6.0) AppleWebKit/537.36 (KHTML, like Gecko) Chrome/47.0.2526.106 Safari/537.36"
46.105.196.8 www.astro52.com - [07/Jan/2016:09:56:50 +0100] "GET /nouveau-contact.png HTTP/1.1" 200 1628 "http://www.astro52.com/marques-astronomie.html" "Mozilla/5.0 (Windows NT 6.0) AppleWebKit/537.36 (KHTML, like Gecko) Chrome/47.0.2526.106 Safari/537.36"
46.105.194.11 www.astro52.com - [07/Jan/2016:09:57:46 +0100] "GET /sym/tripetitvert.gif HTTP/1.1" 404 218 "-" "Mozilla/5.0 (compatible; bingbot/2.0; +http://www.bing.com/bingbot.htm)"
46.105.196.12 www.astro52.com - [07/Jan/2016:09:59:01 +0100] "GET /astronomie-amateur.html HTTP/1.1" 200 21209 "http://www.astro52.com/marques-astronomie.html" "Mozilla/5.0 (Windows NT 6.0) AppleWebKit/537.36 (KHTML, like Gecko) Chrome/47.0.2526.106 Safari/537.36"
46.105.196.9 www.astro52.com - [07/Jan/2016:09:59:01 +0100] "GET /presentation-astro-tab.png HTTP/1.1" 200 91859 "http://www.astro52.com/astronomie-amateur.html" "Mozilla/5.0 (Windows NT 6.0) AppleWebKit/537.36 (KHTML, like Gecko) Chrome/47.0.2526.106 Safari/537.36"
46.105.196.6 www.astro52.com - [07/Jan/2016:09:59:01 +0100] "GET /planetes/jupiter-best-of-2010.jpg HTTP/1.1" 200 47159 "http://www.astro52.com/astronomie-amateur.html" "Mozilla/5.0 (Windows NT 6.0) AppleWebKit/537.36 (KHTML, like Gecko) Chrome/47.0.2526.106 Safari/537.36"
151.80.31.117 minipedia.fr - [07/Jan/2016:10:01:32 +0100] "GET /astro52/lune2007/25mars/13.jpg HTTP/1.1" 200 67760 "-" "Mozilla/5.0 (compatible; AhrefsBot/5.0; +http://ahrefs.com/robot/)"
66.249.66.112 hyperclasse.net - [07/Jan/2016:10:02:01 +0100] "GET / HTTP/1.1" 200 1770 "-" "Mozilla/5.0 (compatible; Googlebot/2.1; +http://www.google.com/bot.html)"
109.220.127.148 hyperclasse.net - [07/Jan/2016:10:02:27 +0100] "GET /cartabledeseverine/mes%20images/DSC03040.JPG HTTP/1.1" 200 94686 "http://www.lecartabledeseverine.fr/rallye-lecture-cycle-2-et-3-lire-c-est-partir-c260151" "Mozilla/5.0 (Windows NT 5.1) AppleWebKit/537.36 (KHTML, like Gecko) Chrome/47.0.2526.106 Safari/537.36"
66.249.66.112 hyperclasse.net - [07/Jan/2016:10:05:02 +0100] "GET /lire-et-ecrire/page-13B.html HTTP/1.1" 200 32923 "-" "Mozilla/5.0 (iPhone; CPU iPhone OS 8_3 like Mac OS X) AppleWebKit/600.1.4 (KHTML, like Gecko) Version/8.0 Mobile/12F70 Safari/600.1.4 (compatible; Googlebot/2.1; +http://www.google.com/bot.html)"
46.105.196.8 www.astro52.com - [07/Jan/2016:10:06:16 +0100] "GET /numerationsflash.swf HTTP/1.1" 200 448563 "http://www.ac-grenoble.fr/ien.st-gervais/spip.php?article768" "Mozilla/5.0 (Windows NT 10.0; WOW64) AppleWebKit/537.36 (KHTML, like Gecko) Chrome/47.0.2526.106 Safari/537.36"
40.77.167.47 hyperclasse.net - [07/Jan/2016:10:06:26 +0100] "GET /robots.txt HTTP/1.1" 404 208 "-" "Mozilla/5.0 (compatible; bingbot/2.0; +http://www.bing.com/bingbot.htm)"
46.105.196.10 www.astro52.com - [07/Jan/2016:10:06:33 +0100] "GET /favicon.ico HTTP/1.1" 200 318 "http://www.astro52.com/numerationsflash.swf" "Mozilla/5.0 (Windows NT 10.0; WOW64) AppleWebKit/537.36 (KHTML, like Gecko) Chrome/47.0.2526.106 Safari/537.36"
106.120.173.75 hyperclasse.net - [07/Jan/2016:10:07:23 +0100] "GET / HTTP/1.1" 200 1770 "-" "Sogou web spider/4.0(+http://www.sogou.com/docs/help/webmasters.htm#07)"
46.105.195.72 www.astro52.com - [07/Jan/2016:10:08:19 +0100] "GET / HTTP/1.1" 200 4371 "-" "Mozilla/5.0 (iPhone; CPU iPhone OS 8_3 like Mac OS X) AppleWebKit/600.1.4 (KHTML, like Gecko) Version/8.0 Mobile/12F70 Safari/600.1.4 (compatible; Googlebot/2.1; +http://www.google.com/bot.html)"
46.105.196.5 www.astro52.com - [07/Jan/2016:10:08:27 +0100] "GET /lunephases.GIF HTTP/1.1" 200 34447 "http://images.google.fr/imgres?imgurl=http%3A%2F%2Fwww.astro52.com%2Flunephases.GIF&imgrefurl=http%3A%2F%2Fwww.astro52.com%2Flunephases.htm&h=750&w=1000&tbnid=gLD4cvuOrsMsjM%3A&docid=Jv2P2pN4rCaXeM&ei=7iqOVuesOIaza4-yitAJ&tbm=isch&client=safari&iact=rc&uact=3&dur=257&page=1&start=0&ndsp=12&ved=0ahUKEwjn2_D0rJfKAhWG2RoKHQ-ZApoQrQMIQjAE" "Mozilla/5.0 (Macintosh; Intel Mac OS X 10_11_1) AppleWebKit/601.2.7 (KHTML, like Gecko) Version/9.0.1 Safari/601.2.7"
46.105.196.12 www.astro52.com - [07/Jan/2016:10:08:27 +0100] "GET /lunephases.htm HTTP/1.1" 200 398 "http://images.google.fr/imgres?imgurl=http%3A%2F%2Fwww.astro52.com%2Flunephases.GIF&imgrefurl=http%3A%2F%2Fwww.astro52.com%2Flunephases.htm&h=750&w=1000&tbnid=gLD4cvuOrsMsjM%3A&docid=Jv2P2pN4rCaXeM&ei=7iqOVuesOIaza4-yitAJ&tbm=isch&client=safari&iact=rc&uact=3&dur=257&page=1&start=0&ndsp=12&ved=0ahUKEwjn2_D0rJfKAhWG2RoKHQ-ZApoQrQMIQjAE" "Mozilla/5.0 (Macintosh; Intel Mac OS X 10_11_1) AppleWebKit/601.2.7 (KHTML, like Gecko) Version/9.0.1 Safari/601.2.7"
46.105.194.5 www.astro52.com - [07/Jan/2016:10:09:55 +0100] "GET /sym/tripetitbasvert.gif HTTP/1.1" 404 221 "-" "Mozilla/5.0 (compatible; bingbot/2.0; +http://www.bing.com/bingbot.htm)"
46.105.195.70 www.astro52.com - [07/Jan/2016:10:10:05 +0100] "GET /ordre.swf HTTP/1.1" 200 2049693 "-" "Mozilla/5.0 (compatible; Googlebot/2.1; +http://www.google.com/bot.html)"
81.248.223.249 hyperclasse.net - [07/Jan/2016:10:10:34 +0100] "GET /cartabledeseverine/mes%20images/DSC03040.JPG HTTP/1.1" 200 94686 "http://www.lecartabledeseverine.fr/rallye-lecture-cycle-2-et-3-lire-c-est-partir-c260151" "Mozilla/5.0 (Windows NT 6.1; WOW64) AppleWebKit/537.36 (KHTML, like Gecko) Chrome/47.0.2526.106 Safari/537.36"
157.55.39.228 hyperclasse.net - [07/Jan/2016:10:12:17 +0100] "GET /robots.txt HTTP/1.1" 404 208 "-" "Mozilla/5.0 (compatible; bingbot/2.0; +http://www.bing.com/bingbot.htm)"
109.12.209.94 astro52.com - [07/Jan/2016:10:12:47 +0100] "GET /planetes/jupiter-09-10-2010-00h03.jpg HTTP/1.1" 200 27476 "http://forums.futura-sciences.com/materiel-astronomique-photos-damateurs/487861-voit-on-vraiment-un-telescope.html" "Mozilla/5.0 (Windows NT 6.1; WOW64) AppleWebKit/534.57.2 (KHTML, like Gecko) Version/5.1.7 Safari/534.57.2"
109.12.209.94 astro52.com - [07/Jan/2016:10:12:47 +0100] "GET /planetes/saturne-7-mars-2011-2h02.jpg HTTP/1.1" 200 18276 "http://forums.futura-sciences.com/materiel-astronomique-photos-damateurs/487861-voit-on-vraiment-un-telescope.html" "Mozilla/5.0 (Windows NT 6.1; WOW64) AppleWebKit/534.57.2 (KHTML, like Gecko) Version/5.1.7 Safari/534.57.2"
157.55.39.229 hyperclasse.net - [07/Jan/2016:10:13:45 +0100] "GET /lire-et-ecrire/page-32J.html HTTP/1.1" 200 35551 "-" "Mozilla/5.0 (compatible; bingbot/2.0; +http://www.bing.com/bingbot.htm)"
195.221.155.9 astro52.com - [07/Jan/2016:10:13:48 +0100] "GET /valise-zil-brigade.html HTTP/1.1" 404 191 "-" "Mozilla/5.0 (Windows NT 5.1) AppleWebKit/537.36 (KHTML, like Gecko) Chrome/47.0.2526.106 Safari/537.36"
195.221.155.9 astro52.com - [07/Jan/2016:10:13:48 +0100] "GET /favicon.ico HTTP/1.1" 200 318 "http://astro52.com/valise-zil-brigade.html" "Mozilla/5.0 (Windows NT 5.1) AppleWebKit/537.36 (KHTML, like Gecko) Chrome/47.0.2526.106 Safari/537.36"
5.255.253.80 minipedia.fr - [07/Jan/2016:10:13:56 +0100] "GET /pedago52/guillemin/maths/topo/cartes_NB/Thumbs.db HTTP/1.1" 304 - "-" "Mozilla/5.0 (compatible; YandexBot/3.0; +http://yandex.com/bots)"
81.52.143.35 hyperclasse.net - [07/Jan/2016:10:11:50 +0100] "GET /lire-et-ecrire/C.pdf HTTP/1.1" 200 82553 "-" "Mozilla/5.0 (compatible; OrangeBot/2.0; support.orangebot@orange.com)"
81.52.143.32 hyperclasse.net - [07/Jan/2016:10:12:42 +0100] "GET /lire-et-ecrire/fg-Y.pdf HTTP/1.1" 200 75783 "-" "Mozilla/5.0 (compatible; OrangeBot/2.0; support.orangebot@orange.com)"
157.55.39.12 astro52.com - [07/Jan/2016:10:15:30 +0100] "GET /lienspedago.htm HTTP/1.1" 404 213 "-" "msnbot-media/1.1 (+http://search.msn.com/msnbot.htm)"
157.55.39.12 astro52.com - [07/Jan/2016:10:15:31 +0100] "GET / HTTP/1.1" 200 4371 "-" "Mozilla/5.0 (compatible; bingbot/2.0; +http://www.bing.com/bingbot.htm)"
207.46.13.156 hyperclasse.net - [07/Jan/2016:10:16:03 +0100] "GET /lire-et-ecrire/exe-eac-p43AIN-texte-exe1.htm HTTP/1.1" 200 58268 "-" "Mozilla/5.0 (compatible; bingbot/2.0; +http://www.bing.com/bingbot.htm)"
46.105.192.229 www.astro52.com - [07/Jan/2016:10:16:04 +0100] "GET /francais-primaire.html HTTP/1.1" 200 11559 "-" "Mozilla/5.0 (Windows NT 6.1; WOW64; Trident/7.0; rv:11.0) like Gecko"
46.105.192.229 www.astro52.com - [07/Jan/2016:10:16:04 +0100] "GET /nouvelle-presentation.css HTTP/1.1" 304 - "http://www.astro52.com/francais-primaire.html" "Mozilla/5.0 (Windows NT 6.1; WOW64; Trident/7.0; rv:11.0) like Gecko"
46.105.192.231 www.astro52.com - [07/Jan/2016:10:16:04 +0100] "GET /accueilastro52.png HTTP/1.1" 304 - "http://www.astro52.com/francais-primaire.html" "Mozilla/5.0 (Windows NT 6.1; WOW64; Trident/7.0; rv:11.0) like Gecko"
46.105.192.230 www.astro52.com - [07/Jan/2016:10:16:05 +0100] "GET /nouveau-contact.png HTTP/1.1" 304 - "http://www.astro52.com/francais-primaire.html" "Mozilla/5.0 (Windows NT 6.1; WOW64; Trident/7.0; rv:11.0) like Gecko"
46.105.194.16 www.astro52.com - [07/Jan/2016:10:18:51 +0100] "GET /sym/trigrosrouge.gif HTTP/1.1" 404 218 "-" "Mozilla/5.0 (compatible; bingbot/2.0; +http://www.bing.com/bingbot.htm)"
151.80.31.117 minipedia.fr - [07/Jan/2016:10:19:26 +0100] "GET /astro52/en/labydataen/gtnest.gif HTTP/1.1" 200 6611 "-" "Mozilla/5.0 (compatible; AhrefsBot/5.0; +http://ahrefs.com/robot/)"
46.105.192.37 www.astro52.com - [07/Jan/2016:10:20:16 +0100] "GET /polysoust.GIF HTTP/1.1" 304 - "-" "Mozilla/5.0 (Windows NT 6.1; WOW64; Trident/7.0; rv:11.0) like Gecko"
109.7.37.194 hyperclasse.net - [07/Jan/2016:10:21:08 +0100] "GET /cartabledeseverine/mes%20images/DSC03040.JPG HTTP/1.1" 200 94686 "http://www.lecartabledeseverine.fr/rallye-lecture-cycle-2-et-3-lire-c-est-partir-c260151" "Mozilla/4.0 (compatible; MSIE 8.0; Windows NT 5.1; Trident/4.0; .NET CLR 1.1.4322; .NET CLR 3.0.4506.2152; .NET CLR 3.5.30729; .NET CLR 2.0.50727)"
87.231.23.72 minipedia.fr - [07/Jan/2016:10:21:59 +0100] "PROPFIND /catreimsarcb.jpg HTTP/1.1" 405 196 "-" "-"
87.231.23.72 minipedia.fr - [07/Jan/2016:10:21:59 +0100] "HEAD /catreimsarcb.jpg HTTP/1.1" 200 - "-" "-"
87.231.23.72 minipedia.fr - [07/Jan/2016:10:21:59 +0100] "GET /catreimsarcb.jpg HTTP/1.1" 200 115437 "-" "-"
87.231.23.72 minipedia.fr - [07/Jan/2016:10:22:00 +0100] "PROPFIND /catreimsarcb2.jpg HTTP/1.1" 405 198 "-" "-"
87.231.23.72 minipedia.fr - [07/Jan/2016:10:22:00 +0100] "HEAD /catreimsarcb2.jpg HTTP/1.1" 200 - "-" "-"
87.231.23.72 minipedia.fr - [07/Jan/2016:10:22:00 +0100] "GET /catreimsarcb2.jpg HTTP/1.1" 200 123059 "-" "-"
90.51.222.158 astro52.com - [07/Jan/2016:10:24:03 +0100] "GET /pedagoaccueil.htm HTTP/1.1" 301 199 "http://www.gommeetgribouillages.fr/zil.html" "Mozilla/5.0 (Windows NT 6.2; WOW64) AppleWebKit/537.36 (KHTML, like Gecko) Chrome/47.0.2526.106 Safari/537.36"
46.105.196.6 www.astro52.com - [07/Jan/2016:10:24:04 +0100] "GET /index.html HTTP/1.1" 200 1929 "http://www.gommeetgribouillages.fr/zil.html" "Mozilla/5.0 (Windows NT 6.2; WOW64) AppleWebKit/537.36 (KHTML, like Gecko) Chrome/47.0.2526.106 Safari/537.36"
46.105.196.5 www.astro52.com - [07/Jan/2016:10:24:04 +0100] "GET /nouvelle-presentation.css HTTP/1.1" 200 460 "http://www.astro52.com/index.html" "Mozilla/5.0 (Windows NT 6.2; WOW64) AppleWebKit/537.36 (KHTML, like Gecko) Chrome/47.0.2526.106 Safari/537.36"
46.105.196.11 www.astro52.com - [07/Jan/2016:10:24:04 +0100] "GET /accueilastro52.png HTTP/1.1" 200 16361 "http://www.astro52.com/index.html" "Mozilla/5.0 (Windows NT 6.2; WOW64) AppleWebKit/537.36 (KHTML, like Gecko) Chrome/47.0.2526.106 Safari/537.36"
46.105.196.8 www.astro52.com - [07/Jan/2016:10:24:04 +0100] "GET /nouveau-contact.png HTTP/1.1" 200 1628 "http://www.astro52.com/index.html" "Mozilla/5.0 (Windows NT 6.2; WOW64) AppleWebKit/537.36 (KHTML, like Gecko) Chrome/47.0.2526.106 Safari/537.36"
46.105.196.10 www.astro52.com - [07/Jan/2016:10:24:04 +0100] "GET /favicon.ico HTTP/1.1" 200 318 "http://www.astro52.com/index.html" "Mozilla/5.0 (Windows NT 6.2; WOW64) AppleWebKit/537.36 (KHTML, like Gecko) Chrome/47.0.2526.106 Safari/537.36"
193.51.83.4 astro52.com - [07/Jan/2016:10:24:13 +0100] "GET /motsms/m1.htm HTTP/1.1" 301 210 "http://www.lepointdufle.net/p/alphabetisation.htm" "Mozilla/5.0 (Windows NT 6.1; rv:37.0) Gecko/20100101 Firefox/37.0"
46.105.196.6 www.astro52.com - [07/Jan/2016:10:24:13 +0100] "GET /francais-primaire.html HTTP/1.1" 200 3694 "http://www.lepointdufle.net/p/alphabetisation.htm" "Mozilla/5.0 (Windows NT 6.1; rv:37.0) Gecko/20100101 Firefox/37.0"
46.105.196.8 www.astro52.com - [07/Jan/2016:10:24:25 +0100] "GET /dl.php?idfile=023 HTTP/1.1" 200 1269 "http://www.astro52.com/francais-primaire.html" "Mozilla/5.0 (Windows NT 6.1; rv:37.0) Gecko/20100101 Firefox/37.0"
46.105.196.8 www.astro52.com - [07/Jan/2016:10:24:28 +0100] "GET /dl/chenille2.zip HTTP/1.1" 200 3245014 "http://www.astro52.com/dl.php?idfile=023" "Mozilla/5.0 (Windows NT 6.1; rv:37.0) Gecko/20100101 Firefox/37.0"
46.105.196.8 www.astro52.com - [07/Jan/2016:10:24:28 +0100] "GET /dl/chenille2.zip HTTP/1.1" 200 3245014 "http://www.astro52.com/dl.php?idfile=023" "Mozilla/5.0 (Windows NT 6.1; rv:37.0) Gecko/20100101 Firefox/37.0"
46.105.196.9 www.astro52.com - [07/Jan/2016:10:24:34 +0100] "GET /maths-primaire-original.html HTTP/1.1" 200 7237 "http://www.astro52.com/index.html" "Mozilla/5.0 (Windows NT 6.2; WOW64) AppleWebKit/537.36 (KHTML, like Gecko) Chrome/47.0.2526.106 Safari/537.36"
46.105.196.12 www.astro52.com - [07/Jan/2016:10:24:48 +0100] "GET /presjccc.html HTTP/1.1" 200 1140 "http://www.astro52.com/maths-primaire-original.html" "Mozilla/5.0 (Windows NT 6.2; WOW64) AppleWebKit/537.36 (KHTML, like Gecko) Chrome/47.0.2526.106 Safari/537.36"
46.105.196.6 www.astro52.com - [07/Jan/2016:10:24:48 +0100] "GET /presjcccs1.png HTTP/1.1" 200 115690 "http://www.astro52.com/presjccc.html" "Mozilla/5.0 (Windows NT 6.2; WOW64) AppleWebKit/537.36 (KHTML, like Gecko) Chrome/47.0.2526.106 Safari/537.36"
46.105.196.8 www.astro52.com - [07/Jan/2016:10:24:48 +0100] "GET /presjcccs2.png HTTP/1.1" 200 105593 "http://www.astro52.com/presjccc.html" "Mozilla/5.0 (Windows NT 6.2; WOW64) AppleWebKit/537.36 (KHTML, like Gecko) Chrome/47.0.2526.106 Safari/537.36"
46.105.196.7 www.astro52.com - [07/Jan/2016:10:24:48 +0100] "GET /presjcccs3.png HTTP/1.1" 200 123930 "http://www.astro52.com/presjccc.html" "Mozilla/5.0 (Windows NT 6.2; WOW64) AppleWebKit/537.36 (KHTML, like Gecko) Chrome/47.0.2526.106 Safari/537.36"
46.105.196.9 www.astro52.com - [07/Jan/2016:10:24:48 +0100] "GET /presjcccs4.png HTTP/1.1" 200 109991 "http://www.astro52.com/presjccc.html" "Mozilla/5.0 (Windows NT 6.2; WOW64) AppleWebKit/537.36 (KHTML, like Gecko) Chrome/47.0.2526.106 Safari/537.36"
46.105.196.6 www.astro52.com - [07/Jan/2016:10:24:48 +0100] "GET /presjcccsv.png HTTP/1.1" 200 71942 "http://www.astro52.com/presjccc.html" "Mozilla/5.0 (Windows NT 6.2; WOW64) AppleWebKit/537.36 (KHTML, like Gecko) Chrome/47.0.2526.106 Safari/537.36"
151.80.31.134 hyperclasse.net - [07/Jan/2016:10:25:09 +0100] "GET /lire-et-ecrire/iplm-image-p28UI/iplm-image-p28UI-tuile.jpg HTTP/1.1" 200 5389 "-" "Mozilla/5.0 (compatible; AhrefsBot/5.0; +http://ahrefs.com/robot/)"
46.105.196.8 www.astro52.com - [07/Jan/2016:10:25:43 +0100] "GET /tchouv.html HTTP/1.1" 200 329 "http://www.astro52.com/maths-primaire-original.html" "Mozilla/5.0 (Windows NT 6.2; WOW64) AppleWebKit/537.36 (KHTML, like Gecko) Chrome/47.0.2526.106 Safari/537.36"
46.105.196.5 www.astro52.com - [07/Jan/2016:10:25:43 +0100] "GET /verstchouvache.php HTTP/1.1" 200 665 "http://www.astro52.com/tchouv.html" "Mozilla/5.0 (Windows NT 6.2; WOW64) AppleWebKit/537.36 (KHTML, like Gecko) Chrome/47.0.2526.106 Safari/537.36"
46.105.196.8 www.astro52.com - [07/Jan/2016:10:25:43 +0100] "GET /detchouvache.php HTTP/1.1" 200 742 "http://www.astro52.com/tchouv.html" "Mozilla/5.0 (Windows NT 6.2; WOW64) AppleWebKit/537.36 (KHTML, like Gecko) Chrome/47.0.2526.106 Safari/537.36"
46.105.196.5 www.astro52.com - [07/Jan/2016:10:25:56 +0100] "GET /verstchouvache.php?ndec=27&envoi=Convertir HTTP/1.1" 200 671 "http://www.astro52.com/verstchouvache.php" "Mozilla/5.0 (Windows NT 6.2; WOW64) AppleWebKit/537.36 (KHTML, like Gecko) Chrome/47.0.2526.106 Safari/537.36"
109.190.2.64 astro52.com - [07/Jan/2016:10:26:20 +0100] "GET /pedagoaccueil.htm HTTP/1.1" 301 241 "http://www.gommeetgribouillages.fr/zil.html" "Mozilla/5.0 (Windows NT 6.3; WOW64; Trident/7.0; rv:11.0) like Gecko"
46.105.192.229 www.astro52.com - [07/Jan/2016:10:26:21 +0100] "GET /index.html HTTP/1.1" 200 4371 "http://www.gommeetgribouillages.fr/zil.html" "Mozilla/5.0 (Windows NT 6.3; WOW64; Trident/7.0; rv:11.0) like Gecko"
46.105.192.231 www.astro52.com - [07/Jan/2016:10:26:22 +0100] "GET /favicon.ico HTTP/1.1" 304 - "-" "Mozilla/5.0 (Windows NT 6.3; Win64; x64; Trident/7.0; rv:11.0) like Gecko"
46.105.196.7 www.astro52.com - [07/Jan/2016:10:26:42 +0100] "GET /pyramide.swf HTTP/1.1" 200 602281 "http://www.astro52.com/maths-primaire-original.html" "Mozilla/5.0 (Windows NT 6.2; WOW64) AppleWebKit/537.36 (KHTML, like Gecko) Chrome/47.0.2526.106 Safari/537.36"
46.105.196.6 www.astro52.com - [07/Jan/2016:10:26:44 +0100] "GET /francais-primaire.html HTTP/1.1" 200 3694 "http://www.astro52.com/index.html" "Mozilla/5.0 (Windows NT 6.3; WOW64; Trident/7.0; rv:11.0) like Gecko"
46.105.192.230 www.astro52.com - [07/Jan/2016:10:26:52 +0100] "GET /dl.php?idfile=023 HTTP/1.1" 200 2444 "http://www.astro52.com/francais-primaire.html" "Mozilla/5.0 (Windows NT 6.3; WOW64; Trident/7.0; rv:11.0) like Gecko"
46.105.192.230 www.astro52.com - [07/Jan/2016:10:26:56 +0100] "GET /dl/chenille2.zip HTTP/1.1" 304 - "http://www.astro52.com/dl.php?idfile=023" "Mozilla/5.0 (Windows NT 6.3; WOW64; Trident/7.0; rv:11.0) like Gecko"
46.105.192.230 www.astro52.com - [07/Jan/2016:10:26:58 +0100] "GET /dl/chenille2.zip HTTP/1.1" 304 - "http://www.astro52.com/dl.php?idfile=023" "Mozilla/5.0 (Windows NT 6.3; WOW64; Trident/7.0; rv:11.0) like Gecko"
46.105.195.69 www.astro52.com - [07/Jan/2016:10:28:08 +0100] "GET /tmtlce1-2.GIF HTTP/1.1" 200 10027 "-" "Googlebot-Image/1.0"
87.231.23.72 minipedia.fr - [07/Jan/2016:10:29:14 +0100] "PROPFIND /catreimsarcb.jpg HTTP/1.1" 405 196 "-" "-"
87.231.23.72 minipedia.fr - [07/Jan/2016:10:29:14 +0100] "HEAD /catreimsarcb.jpg HTTP/1.1" 200 - "-" "-"
87.231.23.72 minipedia.fr - [07/Jan/2016:10:29:14 +0100] "GET /catreimsarcb.jpg HTTP/1.1" 200 115437 "-" "-"
87.231.23.72 minipedia.fr - [07/Jan/2016:10:29:14 +0100] "PROPFIND /catreimsarcb2.jpg HTTP/1.1" 405 198 "-" "-"
87.231.23.72 minipedia.fr - [07/Jan/2016:10:29:14 +0100] "HEAD /catreimsarcb2.jpg HTTP/1.1" 200 - "-" "-"
87.231.23.72 minipedia.fr - [07/Jan/2016:10:29:14 +0100] "GET /catreimsarcb2.jpg HTTP/1.1" 200 123059 "-" "-"
46.105.196.7 www.astro52.com - [07/Jan/2016:10:30:15 +0100] "GET / HTTP/1.1" 200 1929 "-" "Mozilla/5.0 (Macintosh; Intel Mac OS X 10_10_2) AppleWebKit/600.3.18 (KHTML, like Gecko) Version/8.0.3 Safari/600.3.18"
46.105.196.11 www.astro52.com - [07/Jan/2016:10:30:22 +0100] "GET /dl.php?idfile=50 HTTP/1.1" 200 1239 "http://www.astro52.com/maths-primaire-original.html" "Mozilla/5.0 (Windows NT 6.2; WOW64) AppleWebKit/537.36 (KHTML, like Gecko) Chrome/47.0.2526.106 Safari/537.36"
46.105.196.7 www.astro52.com - [07/Jan/2016:10:30:26 +0100] "GET /dl/pyramides.zip HTTP/1.1" 200 4077096 "http://www.astro52.com/dl.php?idfile=50" "Mozilla/5.0 (Windows NT 6.2; WOW64) AppleWebKit/537.36 (KHTML, like Gecko) Chrome/47.0.2526.106 Safari/537.36"
46.105.196.7 www.astro52.com - [07/Jan/2016:10:31:22 +0100] "GET /dl.php?idfile=048 HTTP/1.1" 200 1266 "http://www.astro52.com/maths-primaire-original.html" "Mozilla/5.0 (Windows NT 6.2; WOW64) AppleWebKit/537.36 (KHTML, like Gecko) Chrome/47.0.2526.106 Safari/537.36"
46.105.196.5 www.astro52.com - [07/Jan/2016:10:31:26 +0100] "GET /dl/expliciter-procedure-maths.zip HTTP/1.1" 200 3028 "http://www.astro52.com/dl.php?idfile=048" "Mozilla/5.0 (Windows NT 6.2; WOW64) AppleWebKit/537.36 (KHTML, like Gecko) Chrome/47.0.2526.106 Safari/537.36"
46.105.195.70 www.astro52.com - [07/Jan/2016:10:31:34 +0100] "GET /dl.php?idfile=048 HTTP/1.1" 200 2454 "-" "Mediapartners-Google"
46.105.195.72 www.astro52.com - [07/Jan/2016:10:31:39 +0100] "GET /dl/expliciter-procedure-maths.zip HTTP/1.1" 304 - "-" "Mozilla/5.0 (compatible; Googlebot/2.1; +http://www.google.com/bot.html)"
90.51.222.158 minipedia.fr - [07/Jan/2016:10:31:56 +0100] "GET /pyramides/liste5.php HTTP/1.1" 200 641 "http://www.astro52.com/maths-primaire-original.html" "Mozilla/5.0 (Windows NT 6.2; WOW64) AppleWebKit/537.36 (KHTML, like Gecko) Chrome/47.0.2526.106 Safari/537.36"
90.51.222.158 minipedia.fr - [07/Jan/2016:10:31:57 +0100] "GET /favicon.ico HTTP/1.1" 404 183 "http://minipedia.fr/pyramides/liste5.php" "Mozilla/5.0 (Windows NT 6.2; WOW64) AppleWebKit/537.36 (KHTML, like Gecko) Chrome/47.0.2526.106 Safari/537.36"
46.105.196.7 www.astro52.com - [07/Jan/2016:10:32:31 +0100] "GET /dl.php?idfile=045 HTTP/1.1" 200 1253 "http://www.astro52.com/maths-primaire-original.html" "Mozilla/5.0 (Windows NT 6.2; WOW64) AppleWebKit/537.36 (KHTML, like Gecko) Chrome/47.0.2526.106 Safari/537.36"
46.105.196.11 www.astro52.com - [07/Jan/2016:10:32:34 +0100] "GET /dl/geometrie-tresor.zip HTTP/1.1" 200 179027 "http://www.astro52.com/dl.php?idfile=045" "Mozilla/5.0 (Windows NT 6.2; WOW64) AppleWebKit/537.36 (KHTML, like Gecko) Chrome/47.0.2526.106 Safari/537.36"
46.105.196.6 www.astro52.com - [07/Jan/2016:10:33:39 +0100] "GET /geometrie.htm HTTP/1.1" 200 7784 "http://www.astro52.com/index.html" "Mozilla/5.0 (Windows NT 6.2; WOW64) AppleWebKit/537.36 (KHTML, like Gecko) Chrome/47.0.2526.106 Safari/537.36"
46.105.196.6 www.astro52.com - [07/Jan/2016:10:33:39 +0100] "GET /tpprogweb.css HTTP/1.1" 200 368 "http://www.astro52.com/geometrie.htm" "Mozilla/5.0 (Windows NT 6.2; WOW64) AppleWebKit/537.36 (KHTML, like Gecko) Chrome/47.0.2526.106 Safari/537.36"
46.105.196.9 www.astro52.com - [07/Jan/2016:10:33:39 +0100] "GET /equerre.gif HTTP/1.1" 200 4596 "http://www.astro52.com/geometrie.htm" "Mozilla/5.0 (Windows NT 6.2; WOW64) AppleWebKit/537.36 (KHTML, like Gecko) Chrome/47.0.2526.106 Safari/537.36"
46.105.196.10 www.astro52.com - [07/Jan/2016:10:33:39 +0100] "GET /affichegeo.gif HTTP/1.1" 200 7828 "http://www.astro52.com/geometrie.htm" "Mozilla/5.0 (Windows NT 6.2; WOW64) AppleWebKit/537.36 (KHTML, like Gecko) Chrome/47.0.2526.106 Safari/537.36"
46.105.196.5 www.astro52.com - [07/Jan/2016:10:33:39 +0100] "GET /traceur.gif HTTP/1.1" 200 4375 "http://www.astro52.com/geometrie.htm" "Mozilla/5.0 (Windows NT 6.2; WOW64) AppleWebKit/537.36 (KHTML, like Gecko) Chrome/47.0.2526.106 Safari/537.36"
46.105.196.9 www.astro52.com - [07/Jan/2016:10:33:39 +0100] "GET /salade.png HTTP/1.1" 200 735 "http://www.astro52.com/geometrie.htm" "Mozilla/5.0 (Windows NT 6.2; WOW64) AppleWebKit/537.36 (KHTML, like Gecko) Chrome/47.0.2526.106 Safari/537.36"
197.114.119.91 astro52.com - [07/Jan/2016:10:35:36 +0100] "GET /data/con1.htm HTTP/1.1" 301 215 "http://www.lepointdufle.net/p/apprendre_a_compter.htm" "Mozilla/5.0 (Windows NT 6.1; Trident/7.0; rv:11.0) like Gecko"
46.105.196.9 www.astro52.com - [07/Jan/2016:10:35:36 +0100] "GET /maths-primaire-original.html HTTP/1.1" 200 7237 "http://www.lepointdufle.net/p/apprendre_a_compter.htm" "Mozilla/5.0 (Windows NT 6.1; Trident/7.0; rv:11.0) like Gecko"
90.51.222.158 astro52.com - [07/Jan/2016:10:36:30 +0100] "GET /pedagoaccueil.htm HTTP/1.1" 301 199 "http://www.gommeetgribouillages.fr/zil.html" "Mozilla/5.0 (Windows NT 6.2; WOW64) AppleWebKit/537.36 (KHTML, like Gecko) Chrome/47.0.2526.106 Safari/537.36"
46.105.196.6 www.astro52.com - [07/Jan/2016:10:36:30 +0100] "GET /index.html HTTP/1.1" 200 1929 "http://www.gommeetgribouillages.fr/zil.html" "Mozilla/5.0 (Windows NT 6.2; WOW64) AppleWebKit/537.36 (KHTML, like Gecko) Chrome/47.0.2526.106 Safari/537.36"
46.105.196.7 www.astro52.com - [07/Jan/2016:10:36:56 +0100] "GET /philo.htm HTTP/1.1" 200 2562 "http://www.astro52.com/index.html" "Mozilla/5.0 (Windows NT 6.2; WOW64) AppleWebKit/537.36 (KHTML, like Gecko) Chrome/47.0.2526.106 Safari/537.36"
46.105.196.7 www.astro52.com - [07/Jan/2016:10:38:32 +0100] "GET /autrefois/index.htm HTTP/1.1" 200 2086 "http://www.astro52.com/index.html" "Mozilla/5.0 (Windows NT 6.2; WOW64) AppleWebKit/537.36 (KHTML, like Gecko) Chrome/47.0.2526.106 Safari/537.36"
65.55.218.37 minipedia.fr - [07/Jan/2016:10:38:43 +0100] "GET /reimscathedrale.htm HTTP/1.1" 200 5213 "http://www.bing.com/search?q=+construction+Cath%C3%A9drale+de+Reims&form=MSNH14&sc=8-4&sp=-1&qs=n&sk=" "Mozilla/5.0 (compatible; MSIE 9.0; Windows NT 6.0; Trident/5.0; Trident/5.0)"
46.105.196.12 www.astro52.com - [07/Jan/2016:10:40:17 +0100] "GET /autrefois/emploi1921.htm HTTP/1.1" 200 336 "http://www.astro52.com/autrefois/index.htm" "Mozilla/5.0 (Windows NT 6.2; WOW64) AppleWebKit/537.36 (KHTML, like Gecko) Chrome/47.0.2526.106 Safari/537.36"
46.105.196.10 www.astro52.com - [07/Jan/2016:10:40:17 +0100] "GET /autrefois/emploi1921.jpg HTTP/1.1" 200 425570 "http://www.astro52.com/autrefois/emploi1921.htm" "Mozilla/5.0 (Windows NT 6.2; WOW64) AppleWebKit/537.36 (KHTML, like Gecko) Chrome/47.0.2526.106 Safari/537.36"
