46.105.196.7 www.astro52.com - [07/Jan/2016:16:25:47 +0100] "GET /labydata/pb5gauche.html HTTP/1.1" 200 545 "http://www.astro52.com/labydata/pb5.html" "Mozilla/5.0 (Windows NT 6.1; WOW64; rv:43.0) Gecko/20100101 Firefox/43.0"
46.105.196.12 www.astro52.com - [07/Jan/2016:16:25:47 +0100] "GET /labydata/pb5droite.html HTTP/1.1" 200 359 "http://www.astro52.com/labydata/pb5.html" "Mozilla/5.0 (Windows NT 6.1; WOW64; rv:43.0) Gecko/20100101 Firefox/43.0"
46.105.196.11 www.astro52.com - [07/Jan/2016:16:25:47 +0100] "GET /labydata/pb5.html HTTP/1.1" 200 257 "http://www.astro52.com/labydata/t7ouestdroite.html" "Mozilla/5.0 (Windows NT 6.1; WOW64; rv:43.0) Gecko/20100101 Firefox/43.0"
46.105.196.7 www.astro52.com - [07/Jan/2016:16:25:47 +0100] "GET /labydata/pb5gauche.html HTTP/1.1" 200 545 "http://www.astro52.com/labydata/pb5.html" "Mozilla/5.0 (Windows NT 6.1; WOW64; rv:43.0) Gecko/20100101 Firefox/43.0"
46.105.196.12 www.astro52.com - [07/Jan/2016:16:25:47 +0100] "GET /labydata/pb5droite.html HTTP/1.1" 200 359 "http://www.astro52.com/labydata/pb5.html" "Mozilla/5.0 (Windows NT 6.1; WOW64; rv:43.0) Gecko/20100101 Firefox/43.0"
46.105.196.11 www.astro52.com - [07/Jan/2016:16:25:48 +0100] "GET /labydata/introest.html HTTP/1.1" 200 261 "http://www.astro52.com/labydata/t15droite.html" "Mozilla/5.0 (Windows NT 6.1; WOW64; rv:43.0) Gecko/20100101 Firefox/43.0"
46.105.196.9 www.astro52.com - [07/Jan/2016:16:25:48 +0100] "GET /labydata/introestdroite.html HTTP/1.1" 200 327 "http://www.astro52.com/labydata/introest.html" "Mozilla/5.0 (Windows NT 6.1; WOW64; rv:43.0) Gecko/20100101 Firefox/43.0"
46.105.196.8 www.astro52.com - [07/Jan/2016:16:25:48 +0100] "GET /labydata/introestgauche.html HTTP/1.1" 200 407 "http://www.astro52.com/labydata/introest.html" "Mozilla/5.0 (Windows NT 6.1; WOW64; rv:43.0) Gecko/20100101 Firefox/43.0"
46.105.196.5 www.astro52.com - [07/Jan/2016:16:25:48 +0100] "GET /labydata/a5.html HTTP/1.1" 200 256 "http://www.astro52.com/labydata/pb5droite.html" "Mozilla/5.0 (Windows NT 6.1; WOW64; rv:43.0) Gecko/20100101 Firefox/43.0"
46.105.196.9 www.astro52.com - [07/Jan/2016:16:25:49 +0100] "GET /labydata/a5gauche.html HTTP/1.1" 200 406 "http://www.astro52.com/labydata/a5.html" "Mozilla/5.0 (Windows NT 6.1; WOW64; rv:43.0) Gecko/20100101 Firefox/43.0"
46.105.196.7 www.astro52.com - [07/Jan/2016:16:25:49 +0100] "GET /labydata/a5droite.html HTTP/1.1" 200 326 "http://www.astro52.com/labydata/a5.html" "Mozilla/5.0 (Windows NT 6.1; WOW64; rv:43.0) Gecko/20100101 Firefox/43.0"
46.105.196.7 www.astro52.com - [07/Jan/2016:16:25:49 +0100] "GET /labydata/b5.html HTTP/1.1" 200 256 "http://www.astro52.com/labydata/pb5droite.html" "Mozilla/5.0 (Windows NT 6.1; WOW64; rv:43.0) Gecko/20100101 Firefox/43.0"
46.105.196.7 www.astro52.com - [07/Jan/2016:16:25:49 +0100] "GET /labydata/b5gauche.html HTTP/1.1" 200 404 "http://www.astro52.com/labydata/b5.html" "Mozilla/5.0 (Windows NT 6.1; WOW64; rv:43.0) Gecko/20100101 Firefox/43.0"
46.105.196.5 www.astro52.com - [07/Jan/2016:16:25:49 +0100] "GET /labydata/b5droite.html HTTP/1.1" 200 326 "http://www.astro52.com/labydata/b5.html" "Mozilla/5.0 (Windows NT 6.1; WOW64; rv:43.0) Gecko/20100101 Firefox/43.0"
46.105.196.7 www.astro52.com - [07/Jan/2016:16:25:51 +0100] "GET /labydata/gtnouest.html HTTP/1.1" 200 261 "http://www.astro52.com/labydata/a5droite.html" "Mozilla/5.0 (Windows NT 6.1; WOW64; rv:43.0) Gecko/20100101 Firefox/43.0"
46.105.192.37 www.astro52.com - [07/Jan/2016:16:25:51 +0100] "GET /lunephases.GIF HTTP/1.1" 304 - "https://www.google.sn/" "Mozilla/5.0 (Windows NT 10.0; WOW64) AppleWebKit/537.36 (KHTML, like Gecko) Chrome/47.0.2526.106 Safari/537.36"
46.105.196.10 www.astro52.com - [07/Jan/2016:16:25:51 +0100] "GET /labydata/gtnouestgauche.html HTTP/1.1" 200 320 "http://www.astro52.com/labydata/gtnouest.html" "Mozilla/5.0 (Windows NT 6.1; WOW64; rv:43.0) Gecko/20100101 Firefox/43.0"
46.105.196.8 www.astro52.com - [07/Jan/2016:16:25:51 +0100] "GET /labydata/gtnouestdroite.html HTTP/1.1" 200 328 "http://www.astro52.com/labydata/gtnouest.html" "Mozilla/5.0 (Windows NT 6.1; WOW64; rv:43.0) Gecko/20100101 Firefox/43.0"
46.105.196.12 www.astro52.com - [07/Jan/2016:16:25:52 +0100] "GET /labydata/t8ouest.html HTTP/1.1" 200 260 "http://www.astro52.com/labydata/b5droite.html" "Mozilla/5.0 (Windows NT 6.1; WOW64; rv:43.0) Gecko/20100101 Firefox/43.0"
46.105.196.11 www.astro52.com - [07/Jan/2016:16:25:52 +0100] "GET /labydata/t8ouestgauche.html HTTP/1.1" 200 320 "http://www.astro52.com/labydata/t8ouest.html" "Mozilla/5.0 (Windows NT 6.1; WOW64; rv:43.0) Gecko/20100101 Firefox/43.0"
46.105.196.5 www.astro52.com - [07/Jan/2016:16:25:52 +0100] "GET /labydata/t8ouestdroite.html HTTP/1.1" 200 327 "http://www.astro52.com/labydata/t8ouest.html" "Mozilla/5.0 (Windows NT 6.1; WOW64; rv:43.0) Gecko/20100101 Firefox/43.0"
46.105.196.11 www.astro52.com - [07/Jan/2016:16:25:53 +0100] "GET /labydata/t8nord.html HTTP/1.1" 200 258 "http://www.astro52.com/labydata/gtnouestdroite.html" "Mozilla/5.0 (Windows NT 6.1; WOW64; rv:43.0) Gecko/20100101 Firefox/43.0"
46.105.196.10 www.astro52.com - [07/Jan/2016:16:25:53 +0100] "GET /labydata/t8nordgauche.html HTTP/1.1" 200 320 "http://www.astro52.com/labydata/t8nord.html" "Mozilla/5.0 (Windows NT 6.1; WOW64; rv:43.0) Gecko/20100101 Firefox/43.0"
46.105.196.6 www.astro52.com - [07/Jan/2016:16:25:53 +0100] "GET /labydata/t8norddroite.html HTTP/1.1" 200 326 "http://www.astro52.com/labydata/t8nord.html" "Mozilla/5.0 (Windows NT 6.1; WOW64; rv:43.0) Gecko/20100101 Firefox/43.0"
46.105.196.8 www.astro52.com - [07/Jan/2016:16:25:54 +0100] "GET /labydata/a8.html HTTP/1.1" 200 256 "http://www.astro52.com/labydata/pb8droite.html" "Mozilla/5.0 (Windows NT 6.1; WOW64; rv:42.0) Gecko/20100101 Firefox/42.0"
46.105.196.12 www.astro52.com - [07/Jan/2016:16:25:54 +0100] "GET /labydata/a8gauche.html HTTP/1.1" 200 378 "http://www.astro52.com/labydata/a8.html" "Mozilla/5.0 (Windows NT 6.1; WOW64; rv:42.0) Gecko/20100101 Firefox/42.0"
46.105.196.8 www.astro52.com - [07/Jan/2016:16:25:54 +0100] "GET /labydata/a8droite.html HTTP/1.1" 200 326 "http://www.astro52.com/labydata/a8.html" "Mozilla/5.0 (Windows NT 6.1; WOW64; rv:42.0) Gecko/20100101 Firefox/42.0"
81.67.221.204 minipedia.fr - [07/Jan/2016:16:25:54 +0100] "GET /catreimsarcb.jpg HTTP/1.1" 200 115437 "https://www.google.fr/" "Mozilla/5.0 (iPhone; CPU iPhone OS 9_2 like Mac OS X) AppleWebKit/601.1.46 (KHTML, like Gecko) Version/9.0 Mobile/13C75 Safari/601.1"
46.105.196.11 www.astro52.com - [07/Jan/2016:16:25:56 +0100] "GET /labydata/pb9est.html HTTP/1.1" 200 260 "http://www.astro52.com/labydata/a8droite.html" "Mozilla/5.0 (Windows NT 6.1; WOW64; rv:42.0) Gecko/20100101 Firefox/42.0"
46.105.196.11 www.astro52.com - [07/Jan/2016:16:25:56 +0100] "GET /labydata/pb9estgauche.html HTTP/1.1" 200 492 "http://www.astro52.com/labydata/pb9est.html" "Mozilla/5.0 (Windows NT 6.1; WOW64; rv:42.0) Gecko/20100101 Firefox/42.0"
46.105.196.7 www.astro52.com - [07/Jan/2016:16:25:56 +0100] "GET /labydata/pb9estdroite.html HTTP/1.1" 200 345 "http://www.astro52.com/labydata/pb9est.html" "Mozilla/5.0 (Windows NT 6.1; WOW64; rv:42.0) Gecko/20100101 Firefox/42.0"
46.105.196.8 www.astro52.com - [07/Jan/2016:16:25:56 +0100] "GET /labydata/pb6.html HTTP/1.1" 200 258 "http://www.astro52.com/labydata/t8norddroite.html" "Mozilla/5.0 (Windows NT 6.1; WOW64; rv:43.0) Gecko/20100101 Firefox/43.0"
46.105.196.8 www.astro52.com - [07/Jan/2016:16:25:56 +0100] "GET /labydata/pb6gauche.html HTTP/1.1" 200 490 "http://www.astro52.com/labydata/pb6.html" "Mozilla/5.0 (Windows NT 6.1; WOW64; rv:43.0) Gecko/20100101 Firefox/43.0"
46.105.196.11 www.astro52.com - [07/Jan/2016:16:25:56 +0100] "GET /labydata/pb6droite.html HTTP/1.1" 200 359 "http://www.astro52.com/labydata/pb6.html" "Mozilla/5.0 (Windows NT 6.1; WOW64; rv:43.0) Gecko/20100101 Firefox/43.0"
46.105.196.7 www.astro52.com - [07/Jan/2016:16:25:58 +0100] "GET /labydata/a9.html HTTP/1.1" 200 256 "http://www.astro52.com/labydata/pb9estdroite.html" "Mozilla/5.0 (Windows NT 6.1; WOW64; rv:42.0) Gecko/20100101 Firefox/42.0"
46.105.196.9 www.astro52.com - [07/Jan/2016:16:25:58 +0100] "GET /labydata/a9gauche.html HTTP/1.1" 200 391 "http://www.astro52.com/labydata/a9.html" "Mozilla/5.0 (Windows NT 6.1; WOW64; rv:42.0) Gecko/20100101 Firefox/42.0"
46.105.196.7 www.astro52.com - [07/Jan/2016:16:25:58 +0100] "GET /labydata/a9droite.html HTTP/1.1" 200 324 "http://www.astro52.com/labydata/a9.html" "Mozilla/5.0 (Windows NT 6.1; WOW64; rv:42.0) Gecko/20100101 Firefox/42.0"
46.105.196.8 www.astro52.com - [07/Jan/2016:16:26:01 +0100] "GET /labydata/pb6.html HTTP/1.1" 200 258 "http://www.astro52.com/labydata/t8ouestdroite.html" "Mozilla/5.0 (Windows NT 6.1; WOW64; rv:43.0) Gecko/20100101 Firefox/43.0"
46.105.196.9 www.astro52.com - [07/Jan/2016:16:26:01 +0100] "GET /labydata/t14nord.html HTTP/1.1" 200 260 "http://www.astro52.com/labydata/a9droite.html" "Mozilla/5.0 (Windows NT 6.1; WOW64; rv:42.0) Gecko/20100101 Firefox/42.0"
46.105.196.8 www.astro52.com - [07/Jan/2016:16:26:01 +0100] "GET /labydata/pb6gauche.html HTTP/1.1" 200 490 "http://www.astro52.com/labydata/pb6.html" "Mozilla/5.0 (Windows NT 6.1; WOW64; rv:43.0) Gecko/20100101 Firefox/43.0"
46.105.196.11 www.astro52.com - [07/Jan/2016:16:26:01 +0100] "GET /labydata/t14nordgauche.html HTTP/1.1" 200 320 "http://www.astro52.com/labydata/t14nord.html" "Mozilla/5.0 (Windows NT 6.1; WOW64; rv:42.0) Gecko/20100101 Firefox/42.0"
46.105.196.5 www.astro52.com - [07/Jan/2016:16:26:01 +0100] "GET /labydata/t14norddroite.html HTTP/1.1" 200 324 "http://www.astro52.com/labydata/t14nord.html" "Mozilla/5.0 (Windows NT 6.1; WOW64; rv:42.0) Gecko/20100101 Firefox/42.0"
46.105.196.11 www.astro52.com - [07/Jan/2016:16:26:02 +0100] "GET /labydata/pb6droite.html HTTP/1.1" 200 359 "http://www.astro52.com/labydata/pb6.html" "Mozilla/5.0 (Windows NT 6.1; WOW64; rv:43.0) Gecko/20100101 Firefox/43.0"
46.105.196.5 www.astro52.com - [07/Jan/2016:16:26:04 +0100] "GET /labydata/t15.html HTTP/1.1" 200 257 "http://www.astro52.com/labydata/t14norddroite.html" "Mozilla/5.0 (Windows NT 6.1; WOW64; rv:42.0) Gecko/20100101 Firefox/42.0"
46.105.196.8 www.astro52.com - [07/Jan/2016:16:26:04 +0100] "GET /labydata/t15gauche.html HTTP/1.1" 200 320 "http://www.astro52.com/labydata/t15.html" "Mozilla/5.0 (Windows NT 6.1; WOW64; rv:42.0) Gecko/20100101 Firefox/42.0"
46.105.196.12 www.astro52.com - [07/Jan/2016:16:26:04 +0100] "GET /labydata/t15droite.html HTTP/1.1" 200 327 "http://www.astro52.com/labydata/t15.html" "Mozilla/5.0 (Windows NT 6.1; WOW64; rv:42.0) Gecko/20100101 Firefox/42.0"
46.105.196.10 www.astro52.com - [07/Jan/2016:16:26:04 +0100] "GET /labydata/c6.html HTTP/1.1" 200 257 "http://www.astro52.com/labydata/pb6droite.html" "Mozilla/5.0 (Windows NT 6.1; WOW64; rv:43.0) Gecko/20100101 Firefox/43.0"
46.105.196.12 www.astro52.com - [07/Jan/2016:16:26:04 +0100] "GET /labydata/c6gauche.html HTTP/1.1" 200 401 "http://www.astro52.com/labydata/c6.html" "Mozilla/5.0 (Windows NT 6.1; WOW64; rv:43.0) Gecko/20100101 Firefox/43.0"
46.105.196.8 www.astro52.com - [07/Jan/2016:16:26:04 +0100] "GET /labydata/c6droite.html HTTP/1.1" 200 326 "http://www.astro52.com/labydata/c6.html" "Mozilla/5.0 (Windows NT 6.1; WOW64; rv:43.0) Gecko/20100101 Firefox/43.0"
46.105.196.5 www.astro52.com - [07/Jan/2016:16:26:04 +0100] "GET /labydata/c6.gif HTTP/1.1" 200 7312 "http://www.astro52.com/labydata/c6droite.html" "Mozilla/5.0 (Windows NT 6.1; WOW64; rv:43.0) Gecko/20100101 Firefox/43.0"
46.105.196.11 www.astro52.com - [07/Jan/2016:16:26:05 +0100] "GET /labydata/introest.html HTTP/1.1" 200 261 "http://www.astro52.com/labydata/t15droite.html" "Mozilla/5.0 (Windows NT 6.1; WOW64; rv:42.0) Gecko/20100101 Firefox/42.0"
46.105.196.8 www.astro52.com - [07/Jan/2016:16:26:06 +0100] "GET /labydata/introestgauche.html HTTP/1.1" 200 407 "http://www.astro52.com/labydata/introest.html" "Mozilla/5.0 (Windows NT 6.1; WOW64; rv:42.0) Gecko/20100101 Firefox/42.0"
46.105.196.9 www.astro52.com - [07/Jan/2016:16:26:06 +0100] "GET /labydata/introestdroite.html HTTP/1.1" 200 327 "http://www.astro52.com/labydata/introest.html" "Mozilla/5.0 (Windows NT 6.1; WOW64; rv:42.0) Gecko/20100101 Firefox/42.0"
46.105.196.5 www.astro52.com - [07/Jan/2016:16:26:08 +0100] "GET /labydata/gtnest.html HTTP/1.1" 200 258 "http://www.astro52.com/labydata/c6droite.html" "Mozilla/5.0 (Windows NT 6.1; WOW64; rv:43.0) Gecko/20100101 Firefox/43.0"
46.105.196.9 www.astro52.com - [07/Jan/2016:16:26:08 +0100] "GET /labydata/gtnestgauche.html HTTP/1.1" 200 320 "http://www.astro52.com/labydata/gtnest.html" "Mozilla/5.0 (Windows NT 6.1; WOW64; rv:43.0) Gecko/20100101 Firefox/43.0"
46.105.196.11 www.astro52.com - [07/Jan/2016:16:26:08 +0100] "GET /labydata/gtnestdroite.html HTTP/1.1" 200 328 "http://www.astro52.com/labydata/gtnest.html" "Mozilla/5.0 (Windows NT 6.1; WOW64; rv:43.0) Gecko/20100101 Firefox/43.0"
46.105.196.8 www.astro52.com - [07/Jan/2016:16:26:08 +0100] "GET /labydata/gtnest.gif HTTP/1.1" 200 6611 "http://www.astro52.com/labydata/gtnestdroite.html" "Mozilla/5.0 (Windows NT 6.1; WOW64; rv:43.0) Gecko/20100101 Firefox/43.0"
46.105.196.11 www.astro52.com - [07/Jan/2016:16:26:13 +0100] "GET /labydata/t8nord.html HTTP/1.1" 200 258 "http://www.astro52.com/labydata/gtnestdroite.html" "Mozilla/5.0 (Windows NT 6.1; WOW64; rv:43.0) Gecko/20100101 Firefox/43.0"
46.105.196.10 www.astro52.com - [07/Jan/2016:16:26:13 +0100] "GET /labydata/t8nordgauche.html HTTP/1.1" 200 320 "http://www.astro52.com/labydata/t8nord.html" "Mozilla/5.0 (Windows NT 6.1; WOW64; rv:43.0) Gecko/20100101 Firefox/43.0"
46.105.196.6 www.astro52.com - [07/Jan/2016:16:26:13 +0100] "GET /labydata/t8norddroite.html HTTP/1.1" 200 326 "http://www.astro52.com/labydata/t8nord.html" "Mozilla/5.0 (Windows NT 6.1; WOW64; rv:43.0) Gecko/20100101 Firefox/43.0"
46.105.196.8 www.astro52.com - [07/Jan/2016:16:26:18 +0100] "GET /labydata/pb6.html HTTP/1.1" 200 258 "http://www.astro52.com/labydata/t8norddroite.html" "Mozilla/5.0 (Windows NT 6.1; WOW64; rv:43.0) Gecko/20100101 Firefox/43.0"
46.105.196.8 www.astro52.com - [07/Jan/2016:16:26:18 +0100] "GET /labydata/pb6gauche.html HTTP/1.1" 200 490 "http://www.astro52.com/labydata/pb6.html" "Mozilla/5.0 (Windows NT 6.1; WOW64; rv:43.0) Gecko/20100101 Firefox/43.0"
46.105.196.11 www.astro52.com - [07/Jan/2016:16:26:18 +0100] "GET /labydata/pb6droite.html HTTP/1.1" 200 359 "http://www.astro52.com/labydata/pb6.html" "Mozilla/5.0 (Windows NT 6.1; WOW64; rv:43.0) Gecko/20100101 Firefox/43.0"
46.105.196.10 www.astro52.com - [07/Jan/2016:16:26:19 +0100] "GET /labydata/c6.html HTTP/1.1" 200 257 "http://www.astro52.com/labydata/pb6droite.html" "Mozilla/5.0 (Windows NT 6.1; WOW64; rv:43.0) Gecko/20100101 Firefox/43.0"
46.105.196.12 www.astro52.com - [07/Jan/2016:16:26:19 +0100] "GET /labydata/c6gauche.html HTTP/1.1" 200 401 "http://www.astro52.com/labydata/c6.html" "Mozilla/5.0 (Windows NT 6.1; WOW64; rv:43.0) Gecko/20100101 Firefox/43.0"
46.105.196.8 www.astro52.com - [07/Jan/2016:16:26:19 +0100] "GET /labydata/c6droite.html HTTP/1.1" 200 326 "http://www.astro52.com/labydata/c6.html" "Mozilla/5.0 (Windows NT 6.1; WOW64; rv:43.0) Gecko/20100101 Firefox/43.0"
46.105.196.5 www.astro52.com - [07/Jan/2016:16:26:22 +0100] "GET /labydata/gtnest.html HTTP/1.1" 200 258 "http://www.astro52.com/labydata/c6droite.html" "Mozilla/5.0 (Windows NT 6.1; WOW64; rv:43.0) Gecko/20100101 Firefox/43.0"
46.105.196.9 www.astro52.com - [07/Jan/2016:16:26:23 +0100] "GET /labydata/gtnestgauche.html HTTP/1.1" 200 320 "http://www.astro52.com/labydata/gtnest.html" "Mozilla/5.0 (Windows NT 6.1; WOW64; rv:43.0) Gecko/20100101 Firefox/43.0"
46.105.196.11 www.astro52.com - [07/Jan/2016:16:26:23 +0100] "GET /labydata/gtnestdroite.html HTTP/1.1" 200 328 "http://www.astro52.com/labydata/gtnest.html" "Mozilla/5.0 (Windows NT 6.1; WOW64; rv:43.0) Gecko/20100101 Firefox/43.0"
46.105.196.11 www.astro52.com - [07/Jan/2016:16:26:24 +0100] "GET /labydata/t8nord.html HTTP/1.1" 200 258 "http://www.astro52.com/labydata/gtnestdroite.html" "Mozilla/5.0 (Windows NT 6.1; WOW64; rv:43.0) Gecko/20100101 Firefox/43.0"
46.105.196.10 www.astro52.com - [07/Jan/2016:16:26:24 +0100] "GET /labydata/pb1.html HTTP/1.1" 200 258 "http://www.astro52.com/labydata/introestdroite.html" "Mozilla/5.0 (Windows NT 6.1; WOW64; rv:42.0) Gecko/20100101 Firefox/42.0"
46.105.196.10 www.astro52.com - [07/Jan/2016:16:26:24 +0100] "GET /labydata/t8nordgauche.html HTTP/1.1" 200 320 "http://www.astro52.com/labydata/t8nord.html" "Mozilla/5.0 (Windows NT 6.1; WOW64; rv:43.0) Gecko/20100101 Firefox/43.0"
46.105.196.6 www.astro52.com - [07/Jan/2016:16:26:24 +0100] "GET /labydata/t8norddroite.html HTTP/1.1" 200 326 "http://www.astro52.com/labydata/t8nord.html" "Mozilla/5.0 (Windows NT 6.1; WOW64; rv:43.0) Gecko/20100101 Firefox/43.0"
46.105.196.10 www.astro52.com - [07/Jan/2016:16:26:24 +0100] "GET /labydata/pb1gauche.html HTTP/1.1" 200 538 "http://www.astro52.com/labydata/pb1.html" "Mozilla/5.0 (Windows NT 6.1; WOW64; rv:42.0) Gecko/20100101 Firefox/42.0"
46.105.196.9 www.astro52.com - [07/Jan/2016:16:26:24 +0100] "GET /labydata/pb1droite.html HTTP/1.1" 200 359 "http://www.astro52.com/labydata/pb1.html" "Mozilla/5.0 (Windows NT 6.1; WOW64; rv:42.0) Gecko/20100101 Firefox/42.0"
46.105.196.12 www.astro52.com - [07/Jan/2016:16:26:26 +0100] "GET /labydata/c1.html HTTP/1.1" 200 257 "http://www.astro52.com/labydata/pb1droite.html" "Mozilla/5.0 (Windows NT 6.1; WOW64; rv:42.0) Gecko/20100101 Firefox/42.0"
46.105.196.7 www.astro52.com - [07/Jan/2016:16:26:26 +0100] "GET /labydata/c1gauche.html HTTP/1.1" 200 427 "http://www.astro52.com/labydata/c1.html" "Mozilla/5.0 (Windows NT 6.1; WOW64; rv:42.0) Gecko/20100101 Firefox/42.0"
46.105.196.6 www.astro52.com - [07/Jan/2016:16:26:26 +0100] "GET /labydata/c1droite.html HTTP/1.1" 200 324 "http://www.astro52.com/labydata/c1.html" "Mozilla/5.0 (Windows NT 6.1; WOW64; rv:42.0) Gecko/20100101 Firefox/42.0"
46.105.196.11 www.astro52.com - [07/Jan/2016:16:26:28 +0100] "GET /labydata/t1sud.html HTTP/1.1" 200 258 "http://www.astro52.com/labydata/c1droite.html" "Mozilla/5.0 (Windows NT 6.1; WOW64; rv:42.0) Gecko/20100101 Firefox/42.0"
46.105.196.5 www.astro52.com - [07/Jan/2016:16:26:28 +0100] "GET /labydata/t1sudgauche.html HTTP/1.1" 200 324 "http://www.astro52.com/labydata/t1sud.html" "Mozilla/5.0 (Windows NT 6.1; WOW64; rv:42.0) Gecko/20100101 Firefox/42.0"
46.105.196.12 www.astro52.com - [07/Jan/2016:16:26:28 +0100] "GET /labydata/t1suddroite.html HTTP/1.1" 200 326 "http://www.astro52.com/labydata/t1sud.html" "Mozilla/5.0 (Windows NT 6.1; WOW64; rv:42.0) Gecko/20100101 Firefox/42.0"
46.105.196.5 www.astro52.com - [07/Jan/2016:16:26:31 +0100] "GET /labydata/pb2.html HTTP/1.1" 200 258 "http://www.astro52.com/labydata/t1suddroite.html" "Mozilla/5.0 (Windows NT 6.1; WOW64; rv:42.0) Gecko/20100101 Firefox/42.0"
46.105.196.12 www.astro52.com - [07/Jan/2016:16:26:31 +0100] "GET /labydata/pb2droite.html HTTP/1.1" 200 359 "http://www.astro52.com/labydata/pb2.html" "Mozilla/5.0 (Windows NT 6.1; WOW64; rv:42.0) Gecko/20100101 Firefox/42.0"
46.105.196.5 www.astro52.com - [07/Jan/2016:16:26:31 +0100] "GET /labydata/pb2gauche.html HTTP/1.1" 200 557 "http://www.astro52.com/labydata/pb2.html" "Mozilla/5.0 (Windows NT 6.1; WOW64; rv:42.0) Gecko/20100101 Firefox/42.0"
46.105.196.8 www.astro52.com - [07/Jan/2016:16:26:33 +0100] "GET /calculs/additions5.html HTTP/1.1" 200 1053 "http://www.astro52.com/calculs/" "Mozilla/5.0 (Windows NT 6.1; WOW64; rv:43.0) Gecko/20100101 Firefox/43.0"
46.105.196.11 www.astro52.com - [07/Jan/2016:16:26:34 +0100] "GET /labydata/c2.html HTTP/1.1" 200 257 "http://www.astro52.com/labydata/pb2droite.html" "Mozilla/5.0 (Windows NT 6.1; WOW64; rv:42.0) Gecko/20100101 Firefox/42.0"
46.105.196.6 www.astro52.com - [07/Jan/2016:16:26:34 +0100] "GET /labydata/c2droite.html HTTP/1.1" 200 323 "http://www.astro52.com/labydata/c2.html" "Mozilla/5.0 (Windows NT 6.1; WOW64; rv:42.0) Gecko/20100101 Firefox/42.0"
46.105.196.12 www.astro52.com - [07/Jan/2016:16:26:34 +0100] "GET /labydata/c2gauche.html HTTP/1.1" 200 423 "http://www.astro52.com/labydata/c2.html" "Mozilla/5.0 (Windows NT 6.1; WOW64; rv:42.0) Gecko/20100101 Firefox/42.0"
46.105.196.5 www.astro52.com - [07/Jan/2016:16:26:34 +0100] "GET /labydata/c2.gif HTTP/1.1" 200 5470 "http://www.astro52.com/labydata/c2droite.html" "Mozilla/5.0 (Windows NT 6.1; WOW64; rv:42.0) Gecko/20100101 Firefox/42.0"
46.105.196.8 www.astro52.com - [07/Jan/2016:16:26:35 +0100] "GET /labydata/pb6.html HTTP/1.1" 200 258 "http://www.astro52.com/labydata/t8norddroite.html" "Mozilla/5.0 (Windows NT 6.1; WOW64; rv:43.0) Gecko/20100101 Firefox/43.0"
46.105.196.8 www.astro52.com - [07/Jan/2016:16:26:35 +0100] "GET /labydata/pb6gauche.html HTTP/1.1" 200 490 "http://www.astro52.com/labydata/pb6.html" "Mozilla/5.0 (Windows NT 6.1; WOW64; rv:43.0) Gecko/20100101 Firefox/43.0"
46.105.196.11 www.astro52.com - [07/Jan/2016:16:26:35 +0100] "GET /labydata/pb6droite.html HTTP/1.1" 200 359 "http://www.astro52.com/labydata/pb6.html" "Mozilla/5.0 (Windows NT 6.1; WOW64; rv:43.0) Gecko/20100101 Firefox/43.0"
46.105.196.12 www.astro52.com - [07/Jan/2016:16:26:36 +0100] "GET /labydata/t6.html HTTP/1.1" 200 256 "http://www.astro52.com/labydata/c2droite.html" "Mozilla/5.0 (Windows NT 6.1; WOW64; rv:42.0) Gecko/20100101 Firefox/42.0"
46.105.196.7 www.astro52.com - [07/Jan/2016:16:26:36 +0100] "GET /labydata/t6gauche.html HTTP/1.1" 200 326 "http://www.astro52.com/labydata/t6.html" "Mozilla/5.0 (Windows NT 6.1; WOW64; rv:42.0) Gecko/20100101 Firefox/42.0"
46.105.196.11 www.astro52.com - [07/Jan/2016:16:26:36 +0100] "GET /labydata/t6droite.html HTTP/1.1" 200 326 "http://www.astro52.com/labydata/t6.html" "Mozilla/5.0 (Windows NT 6.1; WOW64; rv:42.0) Gecko/20100101 Firefox/42.0"
46.105.196.10 www.astro52.com - [07/Jan/2016:16:26:36 +0100] "GET /labydata/t6.gif HTTP/1.1" 200 5618 "http://www.astro52.com/labydata/t6droite.html" "Mozilla/5.0 (Windows NT 6.1; WOW64; rv:42.0) Gecko/20100101 Firefox/42.0"
46.105.196.12 www.astro52.com - [07/Jan/2016:16:26:37 +0100] "GET /labydata/t1est.html HTTP/1.1" 200 258 "http://www.astro52.com/labydata/t6droite.html" "Mozilla/5.0 (Windows NT 6.1; WOW64; rv:42.0) Gecko/20100101 Firefox/42.0"
46.105.196.10 www.astro52.com - [07/Jan/2016:16:26:37 +0100] "GET /labydata/t1estgauche.html HTTP/1.1" 200 324 "http://www.astro52.com/labydata/t1est.html" "Mozilla/5.0 (Windows NT 6.1; WOW64; rv:42.0) Gecko/20100101 Firefox/42.0"
46.105.196.11 www.astro52.com - [07/Jan/2016:16:26:37 +0100] "GET /labydata/t1estdroite.html HTTP/1.1" 200 326 "http://www.astro52.com/labydata/t1est.html" "Mozilla/5.0 (Windows NT 6.1; WOW64; rv:42.0) Gecko/20100101 Firefox/42.0"
46.105.196.7 www.astro52.com - [07/Jan/2016:16:26:38 +0100] "GET /labydata/t1est.gif HTTP/1.1" 200 6824 "http://www.astro52.com/labydata/t1estdroite.html" "Mozilla/5.0 (Windows NT 6.1; WOW64; rv:42.0) Gecko/20100101 Firefox/42.0"
46.105.196.5 www.astro52.com - [07/Jan/2016:16:26:39 +0100] "GET /labydata/pb2.html HTTP/1.1" 200 258 "http://www.astro52.com/labydata/t1estdroite.html" "Mozilla/5.0 (Windows NT 6.1; WOW64; rv:42.0) Gecko/20100101 Firefox/42.0"
46.105.196.5 www.astro52.com - [07/Jan/2016:16:26:39 +0100] "GET /labydata/pb2gauche.html HTTP/1.1" 200 557 "http://www.astro52.com/labydata/pb2.html" "Mozilla/5.0 (Windows NT 6.1; WOW64; rv:42.0) Gecko/20100101 Firefox/42.0"
46.105.196.12 www.astro52.com - [07/Jan/2016:16:26:39 +0100] "GET /labydata/pb2droite.html HTTP/1.1" 200 359 "http://www.astro52.com/labydata/pb2.html" "Mozilla/5.0 (Windows NT 6.1; WOW64; rv:42.0) Gecko/20100101 Firefox/42.0"
46.105.196.10 www.astro52.com - [07/Jan/2016:16:26:39 +0100] "GET /labydata/c6.html HTTP/1.1" 200 257 "http://www.astro52.com/labydata/pb6droite.html" "Mozilla/5.0 (Windows NT 6.1; WOW64; rv:43.0) Gecko/20100101 Firefox/43.0"
46.105.196.8 www.astro52.com - [07/Jan/2016:16:26:39 +0100] "GET /labydata/c6droite.html HTTP/1.1" 200 326 "http://www.astro52.com/labydata/c6.html" "Mozilla/5.0 (Windows NT 6.1; WOW64; rv:43.0) Gecko/20100101 Firefox/43.0"
46.105.196.12 www.astro52.com - [07/Jan/2016:16:26:39 +0100] "GET /labydata/c6gauche.html HTTP/1.1" 200 401 "http://www.astro52.com/labydata/c6.html" "Mozilla/5.0 (Windows NT 6.1; WOW64; rv:43.0) Gecko/20100101 Firefox/43.0"
46.105.196.5 www.astro52.com - [07/Jan/2016:16:26:41 +0100] "GET /labydata/gtnest.html HTTP/1.1" 200 258 "http://www.astro52.com/labydata/c6droite.html" "Mozilla/5.0 (Windows NT 6.1; WOW64; rv:43.0) Gecko/20100101 Firefox/43.0"
46.105.196.9 www.astro52.com - [07/Jan/2016:16:26:41 +0100] "GET /labydata/gtnestgauche.html HTTP/1.1" 200 320 "http://www.astro52.com/labydata/gtnest.html" "Mozilla/5.0 (Windows NT 6.1; WOW64; rv:43.0) Gecko/20100101 Firefox/43.0"
46.105.196.11 www.astro52.com - [07/Jan/2016:16:26:41 +0100] "GET /labydata/gtnestdroite.html HTTP/1.1" 200 328 "http://www.astro52.com/labydata/gtnest.html" "Mozilla/5.0 (Windows NT 6.1; WOW64; rv:43.0) Gecko/20100101 Firefox/43.0"
46.105.196.11 www.astro52.com - [07/Jan/2016:16:26:42 +0100] "GET /labydata/c2.html HTTP/1.1" 200 257 "http://www.astro52.com/labydata/pb2droite.html" "Mozilla/5.0 (Windows NT 6.1; WOW64; rv:42.0) Gecko/20100101 Firefox/42.0"
46.105.196.6 www.astro52.com - [07/Jan/2016:16:26:42 +0100] "GET /labydata/c2droite.html HTTP/1.1" 200 323 "http://www.astro52.com/labydata/c2.html" "Mozilla/5.0 (Windows NT 6.1; WOW64; rv:42.0) Gecko/20100101 Firefox/42.0"
46.105.196.12 www.astro52.com - [07/Jan/2016:16:26:42 +0100] "GET /labydata/c2gauche.html HTTP/1.1" 200 423 "http://www.astro52.com/labydata/c2.html" "Mozilla/5.0 (Windows NT 6.1; WOW64; rv:42.0) Gecko/20100101 Firefox/42.0"
46.105.196.12 www.astro52.com - [07/Jan/2016:16:26:43 +0100] "GET /labydata/t6.html HTTP/1.1" 200 256 "http://www.astro52.com/labydata/c2droite.html" "Mozilla/5.0 (Windows NT 6.1; WOW64; rv:42.0) Gecko/20100101 Firefox/42.0"
46.105.196.11 www.astro52.com - [07/Jan/2016:16:26:43 +0100] "GET /labydata/t6droite.html HTTP/1.1" 200 326 "http://www.astro52.com/labydata/t6.html" "Mozilla/5.0 (Windows NT 6.1; WOW64; rv:42.0) Gecko/20100101 Firefox/42.0"
46.105.196.7 www.astro52.com - [07/Jan/2016:16:26:43 +0100] "GET /labydata/t6gauche.html HTTP/1.1" 200 326 "http://www.astro52.com/labydata/t6.html" "Mozilla/5.0 (Windows NT 6.1; WOW64; rv:42.0) Gecko/20100101 Firefox/42.0"
46.105.196.12 www.astro52.com - [07/Jan/2016:16:26:44 +0100] "GET /labydata/t1est.html HTTP/1.1" 200 258 "http://www.astro52.com/labydata/t6droite.html" "Mozilla/5.0 (Windows NT 6.1; WOW64; rv:42.0) Gecko/20100101 Firefox/42.0"
46.105.196.11 www.astro52.com - [07/Jan/2016:16:26:44 +0100] "GET /labydata/t1estdroite.html HTTP/1.1" 200 326 "http://www.astro52.com/labydata/t1est.html" "Mozilla/5.0 (Windows NT 6.1; WOW64; rv:42.0) Gecko/20100101 Firefox/42.0"
46.105.196.10 www.astro52.com - [07/Jan/2016:16:26:44 +0100] "GET /labydata/t1estgauche.html HTTP/1.1" 200 324 "http://www.astro52.com/labydata/t1est.html" "Mozilla/5.0 (Windows NT 6.1; WOW64; rv:42.0) Gecko/20100101 Firefox/42.0"
46.105.196.5 www.astro52.com - [07/Jan/2016:16:26:45 +0100] "GET /labydata/pb2.html HTTP/1.1" 200 258 "http://www.astro52.com/labydata/t1estdroite.html" "Mozilla/5.0 (Windows NT 6.1; WOW64; rv:42.0) Gecko/20100101 Firefox/42.0"
46.105.196.5 www.astro52.com - [07/Jan/2016:16:26:45 +0100] "GET /labydata/pb2gauche.html HTTP/1.1" 200 557 "http://www.astro52.com/labydata/pb2.html" "Mozilla/5.0 (Windows NT 6.1; WOW64; rv:42.0) Gecko/20100101 Firefox/42.0"
46.105.196.12 www.astro52.com - [07/Jan/2016:16:26:45 +0100] "GET /labydata/pb2droite.html HTTP/1.1" 200 359 "http://www.astro52.com/labydata/pb2.html" "Mozilla/5.0 (Windows NT 6.1; WOW64; rv:42.0) Gecko/20100101 Firefox/42.0"
46.105.196.11 www.astro52.com - [07/Jan/2016:16:26:46 +0100] "GET /labydata/c2.html HTTP/1.1" 200 257 "http://www.astro52.com/labydata/pb2droite.html" "Mozilla/5.0 (Windows NT 6.1; WOW64; rv:42.0) Gecko/20100101 Firefox/42.0"
46.105.196.6 www.astro52.com - [07/Jan/2016:16:26:46 +0100] "GET /labydata/c2droite.html HTTP/1.1" 200 323 "http://www.astro52.com/labydata/c2.html" "Mozilla/5.0 (Windows NT 6.1; WOW64; rv:42.0) Gecko/20100101 Firefox/42.0"
46.105.196.12 www.astro52.com - [07/Jan/2016:16:26:46 +0100] "GET /labydata/c2gauche.html HTTP/1.1" 200 423 "http://www.astro52.com/labydata/c2.html" "Mozilla/5.0 (Windows NT 6.1; WOW64; rv:42.0) Gecko/20100101 Firefox/42.0"
46.105.196.11 www.astro52.com - [07/Jan/2016:16:26:46 +0100] "GET /labydata/t8nord.html HTTP/1.1" 200 258 "http://www.astro52.com/labydata/gtnestdroite.html" "Mozilla/5.0 (Windows NT 6.1; WOW64; rv:43.0) Gecko/20100101 Firefox/43.0"
46.105.196.10 www.astro52.com - [07/Jan/2016:16:26:46 +0100] "GET /labydata/t8nordgauche.html HTTP/1.1" 200 320 "http://www.astro52.com/labydata/t8nord.html" "Mozilla/5.0 (Windows NT 6.1; WOW64; rv:43.0) Gecko/20100101 Firefox/43.0"
46.105.196.6 www.astro52.com - [07/Jan/2016:16:26:46 +0100] "GET /labydata/t8norddroite.html HTTP/1.1" 200 326 "http://www.astro52.com/labydata/t8nord.html" "Mozilla/5.0 (Windows NT 6.1; WOW64; rv:43.0) Gecko/20100101 Firefox/43.0"
46.105.196.12 www.astro52.com - [07/Jan/2016:16:26:47 +0100] "GET /labydata/t6.html HTTP/1.1" 200 256 "http://www.astro52.com/labydata/c2droite.html" "Mozilla/5.0 (Windows NT 6.1; WOW64; rv:42.0) Gecko/20100101 Firefox/42.0"
46.105.196.7 www.astro52.com - [07/Jan/2016:16:26:47 +0100] "GET /labydata/t6gauche.html HTTP/1.1" 200 326 "http://www.astro52.com/labydata/t6.html" "Mozilla/5.0 (Windows NT 6.1; WOW64; rv:42.0) Gecko/20100101 Firefox/42.0"
46.105.196.11 www.astro52.com - [07/Jan/2016:16:26:47 +0100] "GET /labydata/t6droite.html HTTP/1.1" 200 326 "http://www.astro52.com/labydata/t6.html" "Mozilla/5.0 (Windows NT 6.1; WOW64; rv:42.0) Gecko/20100101 Firefox/42.0"
46.105.196.8 www.astro52.com - [07/Jan/2016:16:26:48 +0100] "GET /labydata/pb6.html HTTP/1.1" 200 258 "http://www.astro52.com/labydata/t8norddroite.html" "Mozilla/5.0 (Windows NT 6.1; WOW64; rv:43.0) Gecko/20100101 Firefox/43.0"
46.105.196.8 www.astro52.com - [07/Jan/2016:16:26:48 +0100] "GET /labydata/pb6gauche.html HTTP/1.1" 200 490 "http://www.astro52.com/labydata/pb6.html" "Mozilla/5.0 (Windows NT 6.1; WOW64; rv:43.0) Gecko/20100101 Firefox/43.0"
46.105.196.11 www.astro52.com - [07/Jan/2016:16:26:48 +0100] "GET /labydata/pb6droite.html HTTP/1.1" 200 359 "http://www.astro52.com/labydata/pb6.html" "Mozilla/5.0 (Windows NT 6.1; WOW64; rv:43.0) Gecko/20100101 Firefox/43.0"
46.105.196.12 www.astro52.com - [07/Jan/2016:16:26:48 +0100] "GET /labydata/t1est.html HTTP/1.1" 200 258 "http://www.astro52.com/labydata/t6droite.html" "Mozilla/5.0 (Windows NT 6.1; WOW64; rv:42.0) Gecko/20100101 Firefox/42.0"
46.105.196.10 www.astro52.com - [07/Jan/2016:16:26:49 +0100] "GET /labydata/t1estgauche.html HTTP/1.1" 200 324 "http://www.astro52.com/labydata/t1est.html" "Mozilla/5.0 (Windows NT 6.1; WOW64; rv:42.0) Gecko/20100101 Firefox/42.0"
46.105.196.11 www.astro52.com - [07/Jan/2016:16:26:49 +0100] "GET /labydata/t1estdroite.html HTTP/1.1" 200 326 "http://www.astro52.com/labydata/t1est.html" "Mozilla/5.0 (Windows NT 6.1; WOW64; rv:42.0) Gecko/20100101 Firefox/42.0"
46.105.196.12 www.astro52.com - [07/Jan/2016:16:26:49 +0100] "GET /labydata/a6.html HTTP/1.1" 200 256 "http://www.astro52.com/labydata/pb6droite.html" "Mozilla/5.0 (Windows NT 6.1; WOW64; rv:43.0) Gecko/20100101 Firefox/43.0"
46.105.196.7 www.astro52.com - [07/Jan/2016:16:26:49 +0100] "GET /labydata/a6gauche.html HTTP/1.1" 200 396 "http://www.astro52.com/labydata/a6.html" "Mozilla/5.0 (Windows NT 6.1; WOW64; rv:43.0) Gecko/20100101 Firefox/43.0"
46.105.196.6 www.astro52.com - [07/Jan/2016:16:26:49 +0100] "GET /labydata/a6droite.html HTTP/1.1" 200 326 "http://www.astro52.com/labydata/a6.html" "Mozilla/5.0 (Windows NT 6.1; WOW64; rv:43.0) Gecko/20100101 Firefox/43.0"
46.105.196.12 www.astro52.com - [07/Jan/2016:16:26:52 +0100] "GET /labydata/a6.html HTTP/1.1" 200 256 "http://www.astro52.com/labydata/pb6droite.html" "Mozilla/5.0 (Windows NT 6.1; WOW64; rv:43.0) Gecko/20100101 Firefox/43.0"
46.105.196.7 www.astro52.com - [07/Jan/2016:16:26:52 +0100] "GET /labydata/a6gauche.html HTTP/1.1" 200 396 "http://www.astro52.com/labydata/a6.html" "Mozilla/5.0 (Windows NT 6.1; WOW64; rv:43.0) Gecko/20100101 Firefox/43.0"
46.105.196.6 www.astro52.com - [07/Jan/2016:16:26:52 +0100] "GET /labydata/a6droite.html HTTP/1.1" 200 326 "http://www.astro52.com/labydata/a6.html" "Mozilla/5.0 (Windows NT 6.1; WOW64; rv:43.0) Gecko/20100101 Firefox/43.0"
46.105.196.5 www.astro52.com - [07/Jan/2016:16:26:52 +0100] "GET /labydata/pb2.html HTTP/1.1" 200 258 "http://www.astro52.com/labydata/t1estdroite.html" "Mozilla/5.0 (Windows NT 6.1; WOW64; rv:42.0) Gecko/20100101 Firefox/42.0"
46.105.196.12 www.astro52.com - [07/Jan/2016:16:26:52 +0100] "GET /labydata/pb2droite.html HTTP/1.1" 200 359 "http://www.astro52.com/labydata/pb2.html" "Mozilla/5.0 (Windows NT 6.1; WOW64; rv:42.0) Gecko/20100101 Firefox/42.0"
46.105.196.5 www.astro52.com - [07/Jan/2016:16:26:52 +0100] "GET /labydata/pb2gauche.html HTTP/1.1" 200 557 "http://www.astro52.com/labydata/pb2.html" "Mozilla/5.0 (Windows NT 6.1; WOW64; rv:42.0) Gecko/20100101 Firefox/42.0"
46.105.196.7 www.astro52.com - [07/Jan/2016:16:26:52 +0100] "GET /labydata/t9nord.html HTTP/1.1" 200 259 "http://www.astro52.com/labydata/a6droite.html" "Mozilla/5.0 (Windows NT 6.1; WOW64; rv:43.0) Gecko/20100101 Firefox/43.0"
46.105.196.12 www.astro52.com - [07/Jan/2016:16:26:53 +0100] "GET /labydata/t9nordgauche.html HTTP/1.1" 200 320 "http://www.astro52.com/labydata/t9nord.html" "Mozilla/5.0 (Windows NT 6.1; WOW64; rv:43.0) Gecko/20100101 Firefox/43.0"
46.105.196.7 www.astro52.com - [07/Jan/2016:16:26:53 +0100] "GET /labydata/t9norddroite.html HTTP/1.1" 200 326 "http://www.astro52.com/labydata/t9nord.html" "Mozilla/5.0 (Windows NT 6.1; WOW64; rv:43.0) Gecko/20100101 Firefox/43.0"
46.105.196.7 www.astro52.com - [07/Jan/2016:16:26:54 +0100] "GET /labydata/b2.html HTTP/1.1" 200 257 "http://www.astro52.com/labydata/pb2droite.html" "Mozilla/5.0 (Windows NT 6.1; WOW64; rv:42.0) Gecko/20100101 Firefox/42.0"
46.105.196.5 www.astro52.com - [07/Jan/2016:16:26:54 +0100] "GET /labydata/b2gauche.html HTTP/1.1" 200 415 "http://www.astro52.com/labydata/b2.html" "Mozilla/5.0 (Windows NT 6.1; WOW64; rv:42.0) Gecko/20100101 Firefox/42.0"
46.105.196.7 www.astro52.com - [07/Jan/2016:16:26:54 +0100] "GET /labydata/b2droite.html HTTP/1.1" 200 324 "http://www.astro52.com/labydata/b2.html" "Mozilla/5.0 (Windows NT 6.1; WOW64; rv:42.0) Gecko/20100101 Firefox/42.0"
46.105.196.12 www.astro52.com - [07/Jan/2016:16:26:55 +0100] "GET /labydata/pb7.html HTTP/1.1" 200 258 "http://www.astro52.com/labydata/t9norddroite.html" "Mozilla/5.0 (Windows NT 6.1; WOW64; rv:43.0) Gecko/20100101 Firefox/43.0"
46.105.196.8 www.astro52.com - [07/Jan/2016:16:26:55 +0100] "GET /labydata/pb7gauche.html HTTP/1.1" 200 520 "http://www.astro52.com/labydata/pb7.html" "Mozilla/5.0 (Windows NT 6.1; WOW64; rv:43.0) Gecko/20100101 Firefox/43.0"
46.105.196.8 www.astro52.com - [07/Jan/2016:16:26:55 +0100] "GET /labydata/pb7droite.html HTTP/1.1" 200 357 "http://www.astro52.com/labydata/pb7.html" "Mozilla/5.0 (Windows NT 6.1; WOW64; rv:43.0) Gecko/20100101 Firefox/43.0"
46.105.196.7 www.astro52.com - [07/Jan/2016:16:26:55 +0100] "GET /labydata/t9nord.html HTTP/1.1" 200 259 "http://www.astro52.com/labydata/a6droite.html" "Mozilla/5.0 (Windows NT 6.1; WOW64; rv:43.0) Gecko/20100101 Firefox/43.0"
46.105.196.12 www.astro52.com - [07/Jan/2016:16:26:56 +0100] "GET /labydata/t9nordgauche.html HTTP/1.1" 200 320 "http://www.astro52.com/labydata/t9nord.html" "Mozilla/5.0 (Windows NT 6.1; WOW64; rv:43.0) Gecko/20100101 Firefox/43.0"
46.105.196.7 www.astro52.com - [07/Jan/2016:16:26:56 +0100] "GET /labydata/t9norddroite.html HTTP/1.1" 200 326 "http://www.astro52.com/labydata/t9nord.html" "Mozilla/5.0 (Windows NT 6.1; WOW64; rv:43.0) Gecko/20100101 Firefox/43.0"
46.105.196.5 www.astro52.com - [07/Jan/2016:16:26:56 +0100] "GET /labydata/t3est.html HTTP/1.1" 200 257 "http://www.astro52.com/labydata/b2droite.html" "Mozilla/5.0 (Windows NT 6.1; WOW64; rv:42.0) Gecko/20100101 Firefox/42.0"
46.105.196.8 www.astro52.com - [07/Jan/2016:16:26:56 +0100] "GET /labydata/t3estgauche.html HTTP/1.1" 200 326 "http://www.astro52.com/labydata/t3est.html" "Mozilla/5.0 (Windows NT 6.1; WOW64; rv:42.0) Gecko/20100101 Firefox/42.0"
46.105.196.8 www.astro52.com - [07/Jan/2016:16:26:56 +0100] "GET /labydata/t3estdroite.html HTTP/1.1" 200 326 "http://www.astro52.com/labydata/t3est.html" "Mozilla/5.0 (Windows NT 6.1; WOW64; rv:42.0) Gecko/20100101 Firefox/42.0"
46.105.196.5 www.astro52.com - [07/Jan/2016:16:26:57 +0100] "GET /labydata/c7.html HTTP/1.1" 200 257 "http://www.astro52.com/labydata/pb7droite.html" "Mozilla/5.0 (Windows NT 6.1; WOW64; rv:43.0) Gecko/20100101 Firefox/43.0"
46.105.196.10 www.astro52.com - [07/Jan/2016:16:26:57 +0100] "GET /labydata/c7gauche.html HTTP/1.1" 200 390 "http://www.astro52.com/labydata/c7.html" "Mozilla/5.0 (Windows NT 6.1; WOW64; rv:43.0) Gecko/20100101 Firefox/43.0"
46.105.196.12 www.astro52.com - [07/Jan/2016:16:26:57 +0100] "GET /labydata/c7droite.html HTTP/1.1" 200 323 "http://www.astro52.com/labydata/c7.html" "Mozilla/5.0 (Windows NT 6.1; WOW64; rv:43.0) Gecko/20100101 Firefox/43.0"
46.105.196.5 www.astro52.com - [07/Jan/2016:16:26:57 +0100] "GET /labydata/c7.gif HTTP/1.1" 200 6887 "http://www.astro52.com/labydata/c7droite.html" "Mozilla/5.0 (Windows NT 6.1; WOW64; rv:43.0) Gecko/20100101 Firefox/43.0"
46.105.196.5 www.astro52.com - [07/Jan/2016:16:26:59 +0100] "GET /labydata/pb3.html HTTP/1.1" 200 257 "http://www.astro52.com/labydata/t3estdroite.html" "Mozilla/5.0 (Windows NT 6.1; WOW64; rv:42.0) Gecko/20100101 Firefox/42.0"
46.105.196.6 www.astro52.com - [07/Jan/2016:16:26:59 +0100] "GET /labydata/pb3gauche.html HTTP/1.1" 200 595 "http://www.astro52.com/labydata/pb3.html" "Mozilla/5.0 (Windows NT 6.1; WOW64; rv:42.0) Gecko/20100101 Firefox/42.0"
46.105.196.10 www.astro52.com - [07/Jan/2016:16:26:59 +0100] "GET /labydata/pb3droite.html HTTP/1.1" 200 355 "http://www.astro52.com/labydata/pb3.html" "Mozilla/5.0 (Windows NT 6.1; WOW64; rv:42.0) Gecko/20100101 Firefox/42.0"
46.105.196.6 www.astro52.com - [07/Jan/2016:16:27:00 +0100] "GET /labydata/b3.html HTTP/1.1" 200 256 "http://www.astro52.com/labydata/pb3droite.html" "Mozilla/5.0 (Windows NT 6.1; WOW64; rv:42.0) Gecko/20100101 Firefox/42.0"
46.105.196.11 www.astro52.com - [07/Jan/2016:16:27:01 +0100] "GET /labydata/b3droite.html HTTP/1.1" 200 325 "http://www.astro52.com/labydata/b3.html" "Mozilla/5.0 (Windows NT 6.1; WOW64; rv:42.0) Gecko/20100101 Firefox/42.0"
46.105.196.7 www.astro52.com - [07/Jan/2016:16:27:01 +0100] "GET /labydata/b3gauche.html HTTP/1.1" 200 394 "http://www.astro52.com/labydata/b3.html" "Mozilla/5.0 (Windows NT 6.1; WOW64; rv:42.0) Gecko/20100101 Firefox/42.0"
46.105.196.10 www.astro52.com - [07/Jan/2016:16:27:02 +0100] "GET /labydata/t4sud.html HTTP/1.1" 200 258 "http://www.astro52.com/labydata/b3droite.html" "Mozilla/5.0 (Windows NT 6.1; WOW64; rv:42.0) Gecko/20100101 Firefox/42.0"
46.105.196.12 www.astro52.com - [07/Jan/2016:16:27:02 +0100] "GET /labydata/t4suddroite.html HTTP/1.1" 200 326 "http://www.astro52.com/labydata/t4sud.html" "Mozilla/5.0 (Windows NT 6.1; WOW64; rv:42.0) Gecko/20100101 Firefox/42.0"
46.105.196.5 www.astro52.com - [07/Jan/2016:16:27:02 +0100] "GET /labydata/t4sudgauche.html HTTP/1.1" 200 320 "http://www.astro52.com/labydata/t4sud.html" "Mozilla/5.0 (Windows NT 6.1; WOW64; rv:42.0) Gecko/20100101 Firefox/42.0"
192.243.55.137 astro52.com - [07/Jan/2016:16:27:02 +0100] "GET /calculs/multiplications3.html HTTP/1.1" 200 3326 "-" "Mozilla/5.0 (compatible; SemrushBot/1~bl; +http://www.semrush.com/bot.html)"
46.105.196.12 www.astro52.com - [07/Jan/2016:16:27:03 +0100] "GET /labydata/pb7.html HTTP/1.1" 200 258 "http://www.astro52.com/labydata/t9norddroite.html" "Mozilla/5.0 (Windows NT 6.1; WOW64; rv:43.0) Gecko/20100101 Firefox/43.0"
46.105.196.8 www.astro52.com - [07/Jan/2016:16:27:04 +0100] "GET /labydata/pb7gauche.html HTTP/1.1" 200 520 "http://www.astro52.com/labydata/pb7.html" "Mozilla/5.0 (Windows NT 6.1; WOW64; rv:43.0) Gecko/20100101 Firefox/43.0"
46.105.196.8 www.astro52.com - [07/Jan/2016:16:27:04 +0100] "GET /labydata/pb7droite.html HTTP/1.1" 200 357 "http://www.astro52.com/labydata/pb7.html" "Mozilla/5.0 (Windows NT 6.1; WOW64; rv:43.0) Gecko/20100101 Firefox/43.0"
46.105.196.11 www.astro52.com - [07/Jan/2016:16:27:05 +0100] "GET /labydata/pb4.html HTTP/1.1" 200 258 "http://www.astro52.com/labydata/t4suddroite.html" "Mozilla/5.0 (Windows NT 6.1; WOW64; rv:42.0) Gecko/20100101 Firefox/42.0"
46.105.196.6 www.astro52.com - [07/Jan/2016:16:27:05 +0100] "GET /labydata/pb4droite.html HTTP/1.1" 200 360 "http://www.astro52.com/labydata/pb4.html" "Mozilla/5.0 (Windows NT 6.1; WOW64; rv:42.0) Gecko/20100101 Firefox/42.0"
46.105.196.7 www.astro52.com - [07/Jan/2016:16:27:05 +0100] "GET /labydata/pb4gauche.html HTTP/1.1" 200 534 "http://www.astro52.com/labydata/pb4.html" "Mozilla/5.0 (Windows NT 6.1; WOW64; rv:42.0) Gecko/20100101 Firefox/42.0"
46.105.196.6 www.astro52.com - [07/Jan/2016:16:27:06 +0100] "GET /labydata/b7.html HTTP/1.1" 200 257 "http://www.astro52.com/labydata/pb7droite.html" "Mozilla/5.0 (Windows NT 6.1; WOW64; rv:43.0) Gecko/20100101 Firefox/43.0"
46.105.196.7 www.astro52.com - [07/Jan/2016:16:27:06 +0100] "GET /labydata/b7gauche.html HTTP/1.1" 200 391 "http://www.astro52.com/labydata/b7.html" "Mozilla/5.0 (Windows NT 6.1; WOW64; rv:43.0) Gecko/20100101 Firefox/43.0"
46.105.196.8 www.astro52.com - [07/Jan/2016:16:27:06 +0100] "GET /labydata/b7droite.html HTTP/1.1" 200 327 "http://www.astro52.com/labydata/b7.html" "Mozilla/5.0 (Windows NT 6.1; WOW64; rv:43.0) Gecko/20100101 Firefox/43.0"
46.105.196.9 www.astro52.com - [07/Jan/2016:16:27:07 +0100] "GET /labydata/t10.html HTTP/1.1" 200 257 "http://www.astro52.com/labydata/c7droite.html" "Mozilla/5.0 (Windows NT 6.1; WOW64; rv:43.0) Gecko/20100101 Firefox/43.0"
46.105.196.8 www.astro52.com - [07/Jan/2016:16:27:07 +0100] "GET /labydata/t10gauche.html HTTP/1.1" 200 321 "http://www.astro52.com/labydata/t10.html" "Mozilla/5.0 (Windows NT 6.1; WOW64; rv:43.0) Gecko/20100101 Firefox/43.0"
46.105.196.12 www.astro52.com - [07/Jan/2016:16:27:07 +0100] "GET /labydata/t10droite.html HTTP/1.1" 200 324 "http://www.astro52.com/labydata/t10.html" "Mozilla/5.0 (Windows NT 6.1; WOW64; rv:43.0) Gecko/20100101 Firefox/43.0"
46.105.196.6 www.astro52.com - [07/Jan/2016:16:27:07 +0100] "GET /labydata/t10.gif HTTP/1.1" 200 5356 "http://www.astro52.com/labydata/t10droite.html" "Mozilla/5.0 (Windows NT 6.1; WOW64; rv:43.0) Gecko/20100101 Firefox/43.0"
46.105.196.7 www.astro52.com - [07/Jan/2016:16:27:08 +0100] "GET /labydata/t9est.html HTTP/1.1" 200 258 "http://www.astro52.com/labydata/t10droite.html" "Mozilla/5.0 (Windows NT 6.1; WOW64; rv:43.0) Gecko/20100101 Firefox/43.0"
46.105.196.5 www.astro52.com - [07/Jan/2016:16:27:08 +0100] "GET /labydata/t9estgauche.html HTTP/1.1" 200 320 "http://www.astro52.com/labydata/t9est.html" "Mozilla/5.0 (Windows NT 6.1; WOW64; rv:43.0) Gecko/20100101 Firefox/43.0"
46.105.196.8 www.astro52.com - [07/Jan/2016:16:27:08 +0100] "GET /labydata/t9estdroite.html HTTP/1.1" 200 325 "http://www.astro52.com/labydata/t9est.html" "Mozilla/5.0 (Windows NT 6.1; WOW64; rv:43.0) Gecko/20100101 Firefox/43.0"
46.105.196.11 www.astro52.com - [07/Jan/2016:16:27:08 +0100] "GET /labydata/t9est.gif HTTP/1.1" 200 7053 "http://www.astro52.com/labydata/t9estdroite.html" "Mozilla/5.0 (Windows NT 6.1; WOW64; rv:43.0) Gecko/20100101 Firefox/43.0"
46.105.196.10 www.astro52.com - [07/Jan/2016:16:27:09 +0100] "GET /labydata/t12nord.html HTTP/1.1" 200 260 "http://www.astro52.com/labydata/b7droite.html" "Mozilla/5.0 (Windows NT 6.1; WOW64; rv:43.0) Gecko/20100101 Firefox/43.0"
46.105.196.9 www.astro52.com - [07/Jan/2016:16:27:09 +0100] "GET /labydata/t12norddroite.html HTTP/1.1" 200 327 "http://www.astro52.com/labydata/t12nord.html" "Mozilla/5.0 (Windows NT 6.1; WOW64; rv:43.0) Gecko/20100101 Firefox/43.0"
46.105.196.11 www.astro52.com - [07/Jan/2016:16:27:09 +0100] "GET /labydata/t12nordgauche.html HTTP/1.1" 200 320 "http://www.astro52.com/labydata/t12nord.html" "Mozilla/5.0 (Windows NT 6.1; WOW64; rv:43.0) Gecko/20100101 Firefox/43.0"
46.105.196.12 www.astro52.com - [07/Jan/2016:16:27:10 +0100] "GET /labydata/pb7.html HTTP/1.1" 200 258 "http://www.astro52.com/labydata/t9estdroite.html" "Mozilla/5.0 (Windows NT 6.1; WOW64; rv:43.0) Gecko/20100101 Firefox/43.0"
46.105.196.8 www.astro52.com - [07/Jan/2016:16:27:10 +0100] "GET /labydata/pb7droite.html HTTP/1.1" 200 357 "http://www.astro52.com/labydata/pb7.html" "Mozilla/5.0 (Windows NT 6.1; WOW64; rv:43.0) Gecko/20100101 Firefox/43.0"
46.105.196.8 www.astro52.com - [07/Jan/2016:16:27:10 +0100] "GET /labydata/pb7gauche.html HTTP/1.1" 200 520 "http://www.astro52.com/labydata/pb7.html" "Mozilla/5.0 (Windows NT 6.1; WOW64; rv:43.0) Gecko/20100101 Firefox/43.0"
46.105.196.12 www.astro52.com - [07/Jan/2016:16:27:10 +0100] "GET /labydata/pb8.html HTTP/1.1" 200 257 "http://www.astro52.com/labydata/t12norddroite.html" "Mozilla/5.0 (Windows NT 6.1; WOW64; rv:43.0) Gecko/20100101 Firefox/43.0"
46.105.196.8 www.astro52.com - [07/Jan/2016:16:27:11 +0100] "GET /labydata/pb8gauche.html HTTP/1.1" 200 530 "http://www.astro52.com/labydata/pb8.html" "Mozilla/5.0 (Windows NT 6.1; WOW64; rv:43.0) Gecko/20100101 Firefox/43.0"
46.105.196.7 www.astro52.com - [07/Jan/2016:16:27:11 +0100] "GET /labydata/pb8droite.html HTTP/1.1" 200 359 "http://www.astro52.com/labydata/pb8.html" "Mozilla/5.0 (Windows NT 6.1; WOW64; rv:43.0) Gecko/20100101 Firefox/43.0"
46.105.196.7 www.astro52.com - [07/Jan/2016:16:27:11 +0100] "GET /labydata/b4.html HTTP/1.1" 200 257 "http://www.astro52.com/labydata/pb4droite.html" "Mozilla/5.0 (Windows NT 6.1; WOW64; rv:42.0) Gecko/20100101 Firefox/42.0"
46.105.196.9 www.astro52.com - [07/Jan/2016:16:27:11 +0100] "GET /labydata/b4gauche.html HTTP/1.1" 200 371 "http://www.astro52.com/labydata/b4.html" "Mozilla/5.0 (Windows NT 6.1; WOW64; rv:42.0) Gecko/20100101 Firefox/42.0"
46.105.196.10 www.astro52.com - [07/Jan/2016:16:27:11 +0100] "GET /labydata/b4droite.html HTTP/1.1" 200 328 "http://www.astro52.com/labydata/b4.html" "Mozilla/5.0 (Windows NT 6.1; WOW64; rv:42.0) Gecko/20100101 Firefox/42.0"
46.105.196.8 www.astro52.com - [07/Jan/2016:16:27:12 +0100] "GET /labydata/a8.html HTTP/1.1" 200 256 "http://www.astro52.com/labydata/pb8droite.html" "Mozilla/5.0 (Windows NT 6.1; WOW64; rv:43.0) Gecko/20100101 Firefox/43.0"
46.105.196.12 www.astro52.com - [07/Jan/2016:16:27:12 +0100] "GET /labydata/a8gauche.html HTTP/1.1" 200 378 "http://www.astro52.com/labydata/a8.html" "Mozilla/5.0 (Windows NT 6.1; WOW64; rv:43.0) Gecko/20100101 Firefox/43.0"
46.105.196.8 www.astro52.com - [07/Jan/2016:16:27:12 +0100] "GET /labydata/a8droite.html HTTP/1.1" 200 326 "http://www.astro52.com/labydata/a8.html" "Mozilla/5.0 (Windows NT 6.1; WOW64; rv:43.0) Gecko/20100101 Firefox/43.0"
46.105.196.10 www.astro52.com - [07/Jan/2016:16:27:14 +0100] "GET /labydata/t7ouest.html HTTP/1.1" 200 259 "http://www.astro52.com/labydata/b4droite.html" "Mozilla/5.0 (Windows NT 6.1; WOW64; rv:42.0) Gecko/20100101 Firefox/42.0"
46.105.196.12 www.astro52.com - [07/Jan/2016:16:27:14 +0100] "GET /labydata/t7ouestdroite.html HTTP/1.1" 200 327 "http://www.astro52.com/labydata/t7ouest.html" "Mozilla/5.0 (Windows NT 6.1; WOW64; rv:42.0) Gecko/20100101 Firefox/42.0"
46.105.196.8 www.astro52.com - [07/Jan/2016:16:27:14 +0100] "GET /labydata/t7ouestgauche.html HTTP/1.1" 200 321 "http://www.astro52.com/labydata/t7ouest.html" "Mozilla/5.0 (Windows NT 6.1; WOW64; rv:42.0) Gecko/20100101 Firefox/42.0"
46.105.196.11 www.astro52.com - [07/Jan/2016:16:27:16 +0100] "GET /labydata/pb9est.html HTTP/1.1" 200 260 "http://www.astro52.com/labydata/a8droite.html" "Mozilla/5.0 (Windows NT 6.1; WOW64; rv:43.0) Gecko/20100101 Firefox/43.0"
46.105.196.11 www.astro52.com - [07/Jan/2016:16:27:16 +0100] "GET /labydata/pb9estgauche.html HTTP/1.1" 200 492 "http://www.astro52.com/labydata/pb9est.html" "Mozilla/5.0 (Windows NT 6.1; WOW64; rv:43.0) Gecko/20100101 Firefox/43.0"
46.105.196.7 www.astro52.com - [07/Jan/2016:16:27:16 +0100] "GET /labydata/pb9estdroite.html HTTP/1.1" 200 345 "http://www.astro52.com/labydata/pb9est.html" "Mozilla/5.0 (Windows NT 6.1; WOW64; rv:43.0) Gecko/20100101 Firefox/43.0"
46.105.196.11 www.astro52.com - [07/Jan/2016:16:27:17 +0100] "GET /labydata/pb5.html HTTP/1.1" 200 257 "http://www.astro52.com/labydata/t7ouestdroite.html" "Mozilla/5.0 (Windows NT 6.1; WOW64; rv:42.0) Gecko/20100101 Firefox/42.0"
46.105.196.7 www.astro52.com - [07/Jan/2016:16:27:17 +0100] "GET /labydata/pb5gauche.html HTTP/1.1" 200 545 "http://www.astro52.com/labydata/pb5.html" "Mozilla/5.0 (Windows NT 6.1; WOW64; rv:42.0) Gecko/20100101 Firefox/42.0"
46.105.196.12 www.astro52.com - [07/Jan/2016:16:27:17 +0100] "GET /labydata/pb5droite.html HTTP/1.1" 200 359 "http://www.astro52.com/labydata/pb5.html" "Mozilla/5.0 (Windows NT 6.1; WOW64; rv:42.0) Gecko/20100101 Firefox/42.0"
46.105.196.7 www.astro52.com - [07/Jan/2016:16:27:19 +0100] "GET /labydata/a9.html HTTP/1.1" 200 256 "http://www.astro52.com/labydata/pb9estdroite.html" "Mozilla/5.0 (Windows NT 6.1; WOW64; rv:43.0) Gecko/20100101 Firefox/43.0"
46.105.196.7 www.astro52.com - [07/Jan/2016:16:27:19 +0100] "GET /labydata/a9droite.html HTTP/1.1" 200 324 "http://www.astro52.com/labydata/a9.html" "Mozilla/5.0 (Windows NT 6.1; WOW64; rv:43.0) Gecko/20100101 Firefox/43.0"
46.105.196.9 www.astro52.com - [07/Jan/2016:16:27:19 +0100] "GET /labydata/a9gauche.html HTTP/1.1" 200 391 "http://www.astro52.com/labydata/a9.html" "Mozilla/5.0 (Windows NT 6.1; WOW64; rv:43.0) Gecko/20100101 Firefox/43.0"
46.105.196.9 www.astro52.com - [07/Jan/2016:16:27:23 +0100] "GET /labydata/t14nord.html HTTP/1.1" 200 260 "http://www.astro52.com/labydata/a9droite.html" "Mozilla/5.0 (Windows NT 6.1; WOW64; rv:43.0) Gecko/20100101 Firefox/43.0"
