84.101.140.111 hyperclasse.net - [07/Jan/2016:19:38:46 +0100] "GET /favicon.ico HTTP/1.1" 404 183 "-" "Mozilla/5.0 (Windows NT 6.1; WOW64; rv:43.0) Gecko/20100101 Firefox/43.0"
84.101.140.111 hyperclasse.net - [07/Jan/2016:19:38:46 +0100] "GET /favicon.ico HTTP/1.1" 404 183 "-" "Mozilla/5.0 (Windows NT 6.1; WOW64; rv:43.0) Gecko/20100101 Firefox/43.0"
80.12.55.77 hyperclasse.net - [07/Jan/2016:19:39:25 +0100] "GET /cartabledeseverine/mes%20images/DSC03040.JPG HTTP/1.1" 200 94686 "http://www.lecartabledeseverine.fr/rallye-lecture-cycle-2-et-3-lire-c-est-partir-c260151" "Mozilla/5.0 (iPhone; CPU iPhone OS 9_2 like Mac OS X) AppleWebKit/601.1.46 (KHTML, like Gecko) Version/9.0 Mobile/13C75 Safari/601.1"
88.127.68.27 astro52.com - [07/Jan/2016:19:41:00 +0100] "GET /tmtlce1-2.GIF HTTP/1.1" 200 10027 "http://www.tomberdanslespoires.com/fiche-de-ce2.html" "Mozilla/5.0 (Windows NT 6.1; WOW64; rv:43.0) Gecko/20100101 Firefox/43.0"
88.127.68.27 astro52.com - [07/Jan/2016:19:41:00 +0100] "GET /tmtlce2.GIF HTTP/1.1" 200 21613 "http://www.tomberdanslespoires.com/fiche-de-ce2.html" "Mozilla/5.0 (Windows NT 6.1; WOW64; rv:43.0) Gecko/20100101 Firefox/43.0"
89.158.65.8 astro52.com - [07/Jan/2016:19:41:49 +0100] "GET /calculs/ HTTP/1.1" 200 1152 "https://www.google.fr/" "Mozilla/5.0 (Windows NT 6.1; WOW64) AppleWebKit/537.36 (KHTML, like Gecko) Chrome/47.0.2526.106 Safari/537.36"
89.158.65.8 astro52.com - [07/Jan/2016:19:41:49 +0100] "GET /nouvelle-presentation.css HTTP/1.1" 200 460 "http://astro52.com/calculs/" "Mozilla/5.0 (Windows NT 6.1; WOW64) AppleWebKit/537.36 (KHTML, like Gecko) Chrome/47.0.2526.106 Safari/537.36"
89.158.65.8 astro52.com - [07/Jan/2016:19:41:50 +0100] "GET /favicon.ico HTTP/1.1" 200 318 "http://astro52.com/calculs/" "Mozilla/5.0 (Windows NT 6.1; WOW64) AppleWebKit/537.36 (KHTML, like Gecko) Chrome/47.0.2526.106 Safari/537.36"
89.158.65.8 astro52.com - [07/Jan/2016:19:42:06 +0100] "GET /calculs/multiplications1.html HTTP/1.1" 200 1026 "http://astro52.com/calculs/" "Mozilla/5.0 (Windows NT 6.1; WOW64) AppleWebKit/537.36 (KHTML, like Gecko) Chrome/47.0.2526.106 Safari/537.36"
89.158.65.8 astro52.com - [07/Jan/2016:19:42:06 +0100] "GET /calculs/calculs.css HTTP/1.1" 200 347 "http://astro52.com/calculs/multiplications1.html" "Mozilla/5.0 (Windows NT 6.1; WOW64) AppleWebKit/537.36 (KHTML, like Gecko) Chrome/47.0.2526.106 Safari/537.36"
84.101.140.111 hyperclasse.net - [07/Jan/2016:19:42:17 +0100] "GET /cartabledeseverine/pagefourmiliere.htm HTTP/1.1" 404 200 "http://trukastuss.over-blog.com/article-13590260.html" "Mozilla/5.0 (Windows NT 6.1; WOW64; rv:43.0) Gecko/20100101 Firefox/43.0"
66.249.66.112 astro52.com - [07/Jan/2016:19:42:22 +0100] "GET /resol.css HTTP/1.1" 304 - "-" "Mozilla/5.0 (compatible; Googlebot/2.1; +http://www.google.com/bot.html)"
90.79.203.143 hyperclasse.net - [07/Jan/2016:19:44:03 +0100] "GET /cartabledeseverine/mes%20images/DSC03040.JPG HTTP/1.1" 200 94686 "http://www.lecartabledeseverine.fr/rallye-lecture-cycle-2-et-3-lire-c-est-partir-c260151" "Mozilla/5.0 (Macintosh; Intel Mac OS X 10_11_2) AppleWebKit/601.3.9 (KHTML, like Gecko) Version/9.0.2 Safari/601.3.9"
46.105.196.12 www.astro52.com - [07/Jan/2016:19:45:17 +0100] "GET /tmtlindirect.GIF HTTP/1.1" 200 19929 "https://www.google.fr/" "Mozilla/5.0 (iPhone; CPU iPhone OS 9_2 like Mac OS X) AppleWebKit/601.1.46 (KHTML, like Gecko) Version/9.0 Mobile/13C75 Safari/601.1"
46.105.192.230 www.astro52.com - [07/Jan/2016:19:45:50 +0100] "GET /maths-primaire-original.html HTTP/1.1" 200 25885 "-" "Mozilla/5.0 (X11; Linux x86_64; rv:10.0) Gecko/20150101 Firefox/20.0 (Chrome)"
46.105.192.230 www.astro52.com - [07/Jan/2016:19:45:50 +0100] "GET /maths-primaire-original.html HTTP/1.1" 200 25885 "-" "Mozilla/5.0 (X11; Linux x86_64; rv:10.0) Gecko/20150101 Firefox/20.0 (Chrome)"
46.105.192.231 www.astro52.com - [07/Jan/2016:19:45:55 +0100] "GET /dl.php?idfile=50 HTTP/1.1" 200 2350 "http://www.astro52.com/maths-primaire-original.html" "Mozilla/5.0 (Windows NT 6.2; rv:43.0) Gecko/20100101 Firefox/43.0"
46.105.192.231 www.astro52.com - [07/Jan/2016:19:45:57 +0100] "GET /dl.php?idfile=50 HTTP/1.1" 200 2350 "-" "Mozilla/5.0 (X11; Linux x86_64; rv:10.0) Gecko/20150101 Firefox/20.0 (Chrome)"
46.105.192.231 www.astro52.com - [07/Jan/2016:19:45:57 +0100] "GET /favicon.ico HTTP/1.1" 304 - "-" "Mozilla/5.0 (Windows NT 6.2; rv:43.0) Gecko/20100101 Firefox/43.0"
46.105.192.231 www.astro52.com - [07/Jan/2016:19:45:57 +0100] "GET /dl.php?idfile=50 HTTP/1.1" 200 2350 "-" "Mozilla/5.0 (X11; Linux x86_64; rv:10.0) Gecko/20150101 Firefox/20.0 (Chrome)"
46.105.192.229 www.astro52.com - [07/Jan/2016:19:45:58 +0100] "GET /dl/pyramides.zip HTTP/1.1" 304 - "http://www.astro52.com/dl.php?idfile=50" "Mozilla/5.0 (Windows NT 6.2; rv:43.0) Gecko/20100101 Firefox/43.0"
46.105.192.230 www.astro52.com - [07/Jan/2016:19:46:10 +0100] "GET /maths-primaire-original.html HTTP/1.1" 200 25885 "-" "Mozilla/5.0 (X11; Linux x86_64; rv:10.0) Gecko/20150101 Firefox/20.0 (Chrome)"
46.105.192.230 www.astro52.com - [07/Jan/2016:19:46:11 +0100] "GET /maths-primaire-original.html HTTP/1.1" 200 25885 "-" "Mozilla/5.0 (X11; Linux x86_64; rv:10.0) Gecko/20150101 Firefox/20.0 (Chrome)"
46.105.192.229 www.astro52.com - [07/Jan/2016:19:46:20 +0100] "GET /prescarre.html HTTP/1.1" 200 2391 "http://www.astro52.com/maths-primaire-original.html" "Mozilla/5.0 (Windows NT 6.2; rv:43.0) Gecko/20100101 Firefox/43.0"
46.105.192.230 www.astro52.com - [07/Jan/2016:19:46:21 +0100] "GET /pres-carre-1.png HTTP/1.1" 304 - "http://www.astro52.com/prescarre.html" "Mozilla/5.0 (Windows NT 6.2; rv:43.0) Gecko/20100101 Firefox/43.0"
46.105.192.231 www.astro52.com - [07/Jan/2016:19:46:21 +0100] "GET /pres-carre-2.png HTTP/1.1" 200 38964 "http://www.astro52.com/prescarre.html" "Mozilla/5.0 (Windows NT 6.2; rv:43.0) Gecko/20100101 Firefox/43.0"
46.105.192.230 www.astro52.com - [07/Jan/2016:19:46:21 +0100] "GET /pres-carre-4.png HTTP/1.1" 200 33249 "http://www.astro52.com/prescarre.html" "Mozilla/5.0 (Windows NT 6.2; rv:43.0) Gecko/20100101 Firefox/43.0"
46.105.192.229 www.astro52.com - [07/Jan/2016:19:46:21 +0100] "GET /pres-carre-3.png HTTP/1.1" 304 - "http://www.astro52.com/prescarre.html" "Mozilla/5.0 (Windows NT 6.2; rv:43.0) Gecko/20100101 Firefox/43.0"
46.105.192.230 www.astro52.com - [07/Jan/2016:19:46:21 +0100] "GET /pres-carre-5.png HTTP/1.1" 304 - "http://www.astro52.com/prescarre.html" "Mozilla/5.0 (Windows NT 6.2; rv:43.0) Gecko/20100101 Firefox/43.0"
46.105.192.229 www.astro52.com - [07/Jan/2016:19:46:21 +0100] "GET /prescarre.html HTTP/1.1" 200 2391 "-" "Mozilla/5.0 (X11; Linux x86_64; rv:10.0) Gecko/20150101 Firefox/20.0 (Chrome)"
46.105.192.229 www.astro52.com - [07/Jan/2016:19:46:22 +0100] "GET /prescarre.html HTTP/1.1" 200 2391 "-" "Mozilla/5.0 (X11; Linux x86_64; rv:10.0) Gecko/20150101 Firefox/20.0 (Chrome)"
46.105.192.230 www.astro52.com - [07/Jan/2016:19:46:23 +0100] "GET /dl.php?idfile=033 HTTP/1.1" 200 2364 "http://www.astro52.com/prescarre.html" "Mozilla/5.0 (Windows NT 6.2; rv:43.0) Gecko/20100101 Firefox/43.0"
46.105.192.229 www.astro52.com - [07/Jan/2016:19:46:25 +0100] "GET /prescarre.html HTTP/1.1" 200 2391 "-" "Mozilla/5.0 (X11; Linux x86_64; rv:10.0) Gecko/20150101 Firefox/20.0 (Chrome)"
46.105.192.229 www.astro52.com - [07/Jan/2016:19:46:26 +0100] "GET /prescarre.html HTTP/1.1" 200 2391 "-" "Mozilla/5.0 (X11; Linux x86_64; rv:10.0) Gecko/20150101 Firefox/20.0 (Chrome)"
46.105.192.231 www.astro52.com - [07/Jan/2016:19:46:27 +0100] "GET /dl/carres.zip HTTP/1.1" 304 - "http://www.astro52.com/dl.php?idfile=033" "Mozilla/5.0 (Windows NT 6.2; rv:43.0) Gecko/20100101 Firefox/43.0"
46.105.192.229 www.astro52.com - [07/Jan/2016:19:46:33 +0100] "GET /prescarre.html HTTP/1.1" 200 2391 "-" "Mozilla/5.0 (X11; Linux x86_64; rv:10.0) Gecko/20150101 Firefox/20.0 (Chrome)"
46.105.192.229 www.astro52.com - [07/Jan/2016:19:46:33 +0100] "GET /prescarre.html HTTP/1.1" 200 2391 "-" "Mozilla/5.0 (X11; Linux x86_64; rv:10.0) Gecko/20150101 Firefox/20.0 (Chrome)"
46.105.192.230 www.astro52.com - [07/Jan/2016:19:46:37 +0100] "GET /dl.php?idfile=033 HTTP/1.1" 200 2364 "-" "Mozilla/5.0 (X11; Linux x86_64; rv:10.0) Gecko/20150101 Firefox/20.0 (Chrome)"
46.105.192.230 www.astro52.com - [07/Jan/2016:19:46:38 +0100] "GET /dl.php?idfile=033 HTTP/1.1" 200 2364 "-" "Mozilla/5.0 (X11; Linux x86_64; rv:10.0) Gecko/20150101 Firefox/20.0 (Chrome)"
46.105.192.229 www.astro52.com - [07/Jan/2016:19:46:39 +0100] "GET /cartes.htm HTTP/1.1" 200 3831 "-" "Mozilla/5.0 (X11; Linux x86_64; rv:10.0) Gecko/20150101 Firefox/20.0 (Chrome)"
46.105.192.229 www.astro52.com - [07/Jan/2016:19:46:40 +0100] "GET /cartes.htm HTTP/1.1" 200 3831 "-" "Mozilla/5.0 (X11; Linux x86_64; rv:10.0) Gecko/20150101 Firefox/20.0 (Chrome)"
46.105.192.229 www.astro52.com - [07/Jan/2016:19:46:45 +0100] "GET /dl.php?idfile=019 HTTP/1.1" 200 2362 "-" "Mozilla/5.0 (X11; Linux x86_64; rv:10.0) Gecko/20150101 Firefox/20.0 (Chrome)"
46.105.192.229 www.astro52.com - [07/Jan/2016:19:46:45 +0100] "GET /dl.php?idfile=019 HTTP/1.1" 200 2362 "-" "Mozilla/5.0 (X11; Linux x86_64; rv:10.0) Gecko/20150101 Firefox/20.0 (Chrome)"
46.105.192.231 www.astro52.com - [07/Jan/2016:19:46:47 +0100] "GET /presjccc.html HTTP/1.1" 200 2618 "-" "Mozilla/5.0 (X11; Linux x86_64; rv:10.0) Gecko/20150101 Firefox/20.0 (Chrome)"
46.105.192.231 www.astro52.com - [07/Jan/2016:19:46:47 +0100] "GET /presjccc.html HTTP/1.1" 200 2618 "-" "Mozilla/5.0 (X11; Linux x86_64; rv:10.0) Gecko/20150101 Firefox/20.0 (Chrome)"
90.122.128.40 minipedia.fr - [07/Jan/2016:19:46:48 +0100] "GET /reimscathedrale.htm HTTP/1.1" 200 2382 "https://www.google.fr" "Mozilla/5.0 (Windows NT 6.1; WOW64; rv:43.0) Gecko/20100101 Firefox/43.0"
90.122.128.40 minipedia.fr - [07/Jan/2016:19:46:52 +0100] "GET /catreimsgen.jpg HTTP/1.1" 200 65793 "http://minipedia.fr/reimscathedrale.htm" "Mozilla/5.0 (Windows NT 6.1; WOW64; rv:43.0) Gecko/20100101 Firefox/43.0"
90.122.128.40 minipedia.fr - [07/Jan/2016:19:46:52 +0100] "GET /catreimssale.jpg HTTP/1.1" 200 37144 "http://minipedia.fr/reimscathedrale.htm" "Mozilla/5.0 (Windows NT 6.1; WOW64; rv:43.0) Gecko/20100101 Firefox/43.0"
90.122.128.40 minipedia.fr - [07/Jan/2016:19:46:52 +0100] "GET /catreimsreno.jpg HTTP/1.1" 200 49685 "http://minipedia.fr/reimscathedrale.htm" "Mozilla/5.0 (Windows NT 6.1; WOW64; rv:43.0) Gecko/20100101 Firefox/43.0"
90.122.128.40 minipedia.fr - [07/Jan/2016:19:46:52 +0100] "GET /catarcbout.GIF HTTP/1.1" 200 7525 "http://minipedia.fr/reimscathedrale.htm" "Mozilla/5.0 (Windows NT 6.1; WOW64; rv:43.0) Gecko/20100101 Firefox/43.0"
90.122.128.40 minipedia.fr - [07/Jan/2016:19:46:52 +0100] "GET /catreimslys.jpg HTTP/1.1" 200 90888 "http://minipedia.fr/reimscathedrale.htm" "Mozilla/5.0 (Windows NT 6.1; WOW64; rv:43.0) Gecko/20100101 Firefox/43.0"
90.122.128.40 minipedia.fr - [07/Jan/2016:19:46:52 +0100] "GET /catreimsarcb.jpg HTTP/1.1" 200 115437 "http://minipedia.fr/reimscathedrale.htm" "Mozilla/5.0 (Windows NT 6.1; WOW64; rv:43.0) Gecko/20100101 Firefox/43.0"
90.122.128.40 minipedia.fr - [07/Jan/2016:19:46:52 +0100] "GET /catreimsarcb2.jpg HTTP/1.1" 200 123059 "http://minipedia.fr/reimscathedrale.htm" "Mozilla/5.0 (Windows NT 6.1; WOW64; rv:43.0) Gecko/20100101 Firefox/43.0"
90.122.128.40 minipedia.fr - [07/Jan/2016:19:46:52 +0100] "GET /catreimsgar.jpg HTTP/1.1" 200 91508 "http://minipedia.fr/reimscathedrale.htm" "Mozilla/5.0 (Windows NT 6.1; WOW64; rv:43.0) Gecko/20100101 Firefox/43.0"
90.122.128.40 minipedia.fr - [07/Jan/2016:19:46:52 +0100] "GET /astro52/salade.png HTTP/1.1" 200 735 "http://minipedia.fr/reimscathedrale.htm" "Mozilla/5.0 (Windows NT 6.1; WOW64; rv:43.0) Gecko/20100101 Firefox/43.0"
90.122.128.40 minipedia.fr - [07/Jan/2016:19:46:52 +0100] "GET /favicon.ico HTTP/1.1" 404 183 "-" "Mozilla/5.0 (Windows NT 6.1; WOW64; rv:43.0) Gecko/20100101 Firefox/43.0"
90.122.128.40 minipedia.fr - [07/Jan/2016:19:46:53 +0100] "GET /favicon.ico HTTP/1.1" 404 183 "-" "Mozilla/5.0 (Windows NT 6.1; WOW64; rv:43.0) Gecko/20100101 Firefox/43.0"
78.224.230.5 hyperclasse.net - [07/Jan/2016:19:47:39 +0100] "GET /cartabledeseverine/mes%20images/DSC03040.JPG HTTP/1.1" 200 94686 "http://www.lecartabledeseverine.fr/rallye-lecture-cycle-2-et-3-lire-c-est-partir-c260151" "Mozilla/5.0 (Linux; Android 5.1; XT1032 Build/LPB23.13-56) AppleWebKit/537.36 (KHTML, like Gecko) Chrome/47.0.2526.83 Mobile Safari/537.36"
207.46.13.156 hyperclasse.net - [07/Jan/2016:19:47:50 +0100] "GET /lire-et-ecrire/exe-edg-p27OI-sa-exe1.htm HTTP/1.1" 200 45267 "-" "Mozilla/5.0 (compatible; bingbot/2.0; +http://www.bing.com/bingbot.htm)"
90.79.203.143 hyperclasse.net - [07/Jan/2016:19:48:02 +0100] "GET /cartabledeseverine/mes%20images/DSC03040.JPG HTTP/1.1" 304 - "http://www.lecartabledeseverine.fr/rallye-lecture-cycle-2-et-3-lire-c-est-partir-c260151" "Mozilla/5.0 (Macintosh; Intel Mac OS X 10_10_5) AppleWebKit/601.2.7 (KHTML, like Gecko) Version/9.0.1 Safari/601.2.7"
89.158.65.8 astro52.com - [07/Jan/2016:19:49:28 +0100] "GET /calculs/multiplications2.html HTTP/1.1" 200 1044 "http://astro52.com/calculs/" "Mozilla/5.0 (Windows NT 6.1; WOW64) AppleWebKit/537.36 (KHTML, like Gecko) Chrome/47.0.2526.106 Safari/537.36"
2.3.9.209 hyperclasse.net - [07/Jan/2016:19:50:01 +0100] "GET /cartabledeseverine/mes%20images/DSC03040.JPG HTTP/1.1" 304 - "http://www.lecartabledeseverine.fr/rallye-lecture-cycle-2-et-3-lire-c-est-partir-c260151" "Mozilla/5.0 (compatible; MSIE 9.0; Windows NT 6.0; Trident/5.0)"
84.101.219.116 hyperclasse.net - [07/Jan/2016:19:50:04 +0100] "GET /cartabledeseverine/mes%20images/DSC03040.JPG HTTP/1.1" 200 94686 "http://www.lecartabledeseverine.fr/rallye-lecture-cycle-2-et-3-lire-c-est-partir-c260151" "Mozilla/5.0 (Windows NT 6.3; WOW64) AppleWebKit/537.36 (KHTML, like Gecko) Chrome/47.0.2526.106 Safari/537.36"
89.158.65.8 astro52.com - [07/Jan/2016:19:50:17 +0100] "GET /calculs/additions1.html HTTP/1.1" 200 1016 "http://astro52.com/calculs/" "Mozilla/5.0 (Windows NT 6.1; WOW64) AppleWebKit/537.36 (KHTML, like Gecko) Chrome/47.0.2526.106 Safari/537.36"
46.105.196.6 www.astro52.com - [07/Jan/2016:19:51:54 +0100] "GET /dico.htm HTTP/1.1" 200 9469 "https://www.google.de/" "Mozilla/5.0 (Windows NT 10.0; WOW64) AppleWebKit/537.36 (KHTML, like Gecko) Chrome/47.0.2526.106 Safari/537.36"
46.105.196.10 www.astro52.com - [07/Jan/2016:19:51:57 +0100] "GET /favicon.ico HTTP/1.1" 200 318 "http://www.astro52.com/dico.htm" "Mozilla/5.0 (Windows NT 10.0; WOW64) AppleWebKit/537.36 (KHTML, like Gecko) Chrome/47.0.2526.106 Safari/537.36"
90.79.203.143 hyperclasse.net - [07/Jan/2016:19:52:16 +0100] "GET /cartabledeseverine/mes%20images/DSC03040.JPG HTTP/1.1" 200 94686 "http://www.lecartabledeseverine.fr/rallye-lecture-cycle-2-et-3-lire-c-est-partir-c260151" "Mozilla/5.0 (Macintosh; Intel Mac OS X 10_10_5) AppleWebKit/601.2.7 (KHTML, like Gecko) Version/9.0.1 Safari/601.2.7"
151.80.31.117 minipedia.fr - [07/Jan/2016:19:52:28 +0100] "GET /catreimsgen.jpg HTTP/1.1" 304 - "-" "Mozilla/5.0 (compatible; AhrefsBot/5.0; +http://ahrefs.com/robot/)"
89.158.65.8 astro52.com - [07/Jan/2016:19:52:47 +0100] "GET /calculs/additions2.html HTTP/1.1" 200 1015 "http://astro52.com/calculs/" "Mozilla/5.0 (Windows NT 6.1; WOW64) AppleWebKit/537.36 (KHTML, like Gecko) Chrome/47.0.2526.106 Safari/537.36"
46.105.194.10 www.astro52.com - [07/Jan/2016:19:53:36 +0100] "GET /lune2011/lune-jupiter-20-aout-2011.html HTTP/1.1" 200 2443 "-" "Mozilla/5.0 (Windows NT 6.1; WOW64) AppleWebKit/534+ (KHTML, like Gecko) BingPreview/1.0b"
46.105.194.9 www.astro52.com - [07/Jan/2016:19:53:36 +0100] "GET /lune2011/lune-20-aout-2011-5h16-niv.jpg HTTP/1.1" 200 900038 "http://www.astro52.com/lune2011/lune-jupiter-20-aout-2011.html" "Mozilla/5.0 (Windows NT 6.1; WOW64) AppleWebKit/534+ (KHTML, like Gecko) BingPreview/1.0b"
46.105.194.15 www.astro52.com - [07/Jan/2016:19:53:36 +0100] "GET /lune2011/lune-20-aout-2011-5h27-niv.jpg HTTP/1.1" 304 - "http://www.astro52.com/lune2011/lune-jupiter-20-aout-2011.html" "Mozilla/5.0 (Windows NT 6.1; WOW64) AppleWebKit/534+ (KHTML, like Gecko) BingPreview/1.0b"
46.105.194.5 www.astro52.com - [07/Jan/2016:19:53:36 +0100] "GET /lune2011/lune-20-aout-2011-5h01-niv.jpg HTTP/1.1" 200 670486 "http://www.astro52.com/lune2011/lune-jupiter-20-aout-2011.html" "Mozilla/5.0 (Windows NT 6.1; WOW64) AppleWebKit/534+ (KHTML, like Gecko) BingPreview/1.0b"
46.105.194.13 www.astro52.com - [07/Jan/2016:19:53:39 +0100] "GET /lune2011/triptyque-jupiter-20-aout-2011.jpg HTTP/1.1" 200 136552 "http://www.astro52.com/lune2011/lune-jupiter-20-aout-2011.html" "Mozilla/5.0 (Windows NT 6.1; WOW64) AppleWebKit/534+ (KHTML, like Gecko) BingPreview/1.0b"
46.105.194.10 www.astro52.com - [07/Jan/2016:19:53:48 +0100] "GET /lune2011/lune-20-aout-2011-4h49-niv.jpg HTTP/1.1" 304 - "-" "Mozilla/5.0 (Windows NT 6.3; Win64; x64; Trident/7.0; rv:11.0) like Gecko"
46.105.194.10 www.astro52.com - [07/Jan/2016:19:53:48 +0100] "GET /lune2011/lune-20-aout-2011-4h49-niv.jpg HTTP/1.1" 200 771202 "http://www.astro52.com/lune2011/lune-jupiter-20-aout-2011.html" "Mozilla/5.0 (Windows NT 6.1; WOW64) AppleWebKit/534+ (KHTML, like Gecko) BingPreview/1.0b"
46.105.194.10 www.astro52.com - [07/Jan/2016:19:53:50 +0100] "GET /lune2011/lune-20-aout-2011-4h49-niv.jpg HTTP/1.1" 200 771202 "http://www.astro52.com/lune2011/lune-jupiter-20-aout-2011.html" "Mozilla/5.0 (Windows NT 6.1; WOW64) AppleWebKit/534+ (KHTML, like Gecko) BingPreview/1.0b"
89.158.65.8 astro52.com - [07/Jan/2016:19:54:48 +0100] "GET /calculs/additions3.html HTTP/1.1" 200 1023 "http://astro52.com/calculs/" "Mozilla/5.0 (Windows NT 6.1; WOW64) AppleWebKit/537.36 (KHTML, like Gecko) Chrome/47.0.2526.106 Safari/537.36"
89.158.65.8 astro52.com - [07/Jan/2016:19:57:14 +0100] "GET /calculs/additions4.html HTTP/1.1" 200 1032 "http://astro52.com/calculs/" "Mozilla/5.0 (Windows NT 6.1; WOW64) AppleWebKit/537.36 (KHTML, like Gecko) Chrome/47.0.2526.106 Safari/537.36"
89.158.65.8 astro52.com - [07/Jan/2016:19:57:14 +0100] "GET /calculs/calculs.css HTTP/1.1" 304 - "http://astro52.com/calculs/additions4.html" "Mozilla/5.0 (Windows NT 6.1; WOW64) AppleWebKit/537.36 (KHTML, like Gecko) Chrome/47.0.2526.106 Safari/537.36"
37.211.12.12 hyperclasse.net - [07/Jan/2016:20:00:04 +0100] "GET /cartabledeseverine/mes%20images/DSC03040.JPG HTTP/1.1" 304 - "http://www.lecartabledeseverine.fr/rallye-lecture-cycle-2-et-3-lire-c-est-partir-c260151" "Mozilla/5.0 (Windows NT 6.3; WOW64) AppleWebKit/537.36 (KHTML, like Gecko) Chrome/47.0.2526.106 Safari/537.36"
46.105.192.37 www.astro52.com - [07/Jan/2016:20:01:20 +0100] "GET /polysoust.GIF HTTP/1.1" 304 - "-" "Mozilla/5.0 (Macintosh; U; Intel Mac OS X 10_6_8; fr-fr) AppleWebKit/533.21.1 (KHTML, like Gecko) Version/5.0.5 Safari/533.21.1"
89.158.65.8 astro52.com - [07/Jan/2016:20:01:47 +0100] "GET /calculs/additions5.html HTTP/1.1" 200 1053 "http://astro52.com/calculs/" "Mozilla/5.0 (Windows NT 6.1; WOW64) AppleWebKit/537.36 (KHTML, like Gecko) Chrome/47.0.2526.106 Safari/537.36"
46.105.192.231 www.astro52.com - [07/Jan/2016:20:02:43 +0100] "GET /presjccc.html HTTP/1.1" 200 2618 "-" "Mozilla/5.0 (X11; Linux x86_64; rv:10.0) Gecko/20150101 Firefox/20.0 (Chrome)"
46.105.192.231 www.astro52.com - [07/Jan/2016:20:02:43 +0100] "GET /presjccc.html HTTP/1.1" 200 2618 "-" "Mozilla/5.0 (X11; Linux x86_64; rv:10.0) Gecko/20150101 Firefox/20.0 (Chrome)"
46.105.192.231 www.astro52.com - [07/Jan/2016:20:02:58 +0100] "GET /presjccc.html HTTP/1.1" 200 2618 "-" "Mozilla/5.0 (X11; Linux x86_64; rv:10.0) Gecko/20150101 Firefox/20.0 (Chrome)"
46.105.192.231 www.astro52.com - [07/Jan/2016:20:02:58 +0100] "GET /presjccc.html HTTP/1.1" 200 2618 "-" "Mozilla/5.0 (X11; Linux x86_64; rv:10.0) Gecko/20150101 Firefox/20.0 (Chrome)"
46.105.194.167 www.astro52.com - [07/Jan/2016:20:03:05 +0100] "GET /ciel-profond/L6946.fit HTTP/1.1" 304 - "-" "Mozilla/5.0 (compatible; Yahoo! Slurp; http://help.yahoo.com/help/us/ysearch/slurp)"
46.105.192.231 www.astro52.com - [07/Jan/2016:20:04:11 +0100] "GET /presjccc.html HTTP/1.1" 200 2618 "-" "Mozilla/5.0 (X11; Linux x86_64; rv:10.0) Gecko/20150101 Firefox/20.0 (Chrome)"
46.105.192.231 www.astro52.com - [07/Jan/2016:20:04:11 +0100] "GET /presjccc.html HTTP/1.1" 200 2618 "-" "Mozilla/5.0 (X11; Linux x86_64; rv:10.0) Gecko/20150101 Firefox/20.0 (Chrome)"
46.105.196.7 www.astro52.com - [07/Jan/2016:20:04:19 +0100] "GET /addi.GIF HTTP/1.1" 200 22333 "https://www.google.fr/" "Mozilla/5.0 (iPhone; CPU iPhone OS 9_2 like Mac OS X) AppleWebKit/601.1.46 (KHTML, like Gecko) Version/9.0 Mobile/13C75 Safari/601.1"
46.105.194.165 www.astro52.com - [07/Jan/2016:20:05:19 +0100] "GET /robots.txt HTTP/1.1" 304 - "http://www.astro52.com/robots.txt" "Mozilla/5.0 (compatible; MSIE 9.0; Windows NT 6.1; Trident/5.0); 360Spider(compatible; HaosouSpider; http://www.haosou.com/help/help_3_2.html)"
46.105.196.12 www.astro52.com - [07/Jan/2016:20:06:06 +0100] "GET /soust.GIF HTTP/1.1" 200 14332 "-" "Mozilla/5.0 (Linux; Android 4.4.2; D2303 Build/18.3.C.0.37) AppleWebKit/537.36 (KHTML, like Gecko) Version/4.0 Chrome/30.0.0.0 Mobile Safari/537.36 GSA/3.4.16.1149292.arm"
187.137.222.68 hyperclasse.net - [07/Jan/2016:20:06:52 +0100] "GET /lire-et-ecrire/rue.jpg HTTP/1.1" 304 - "https://www.google.com.mx/" "Mozilla/5.0 (Windows NT 6.1) AppleWebKit/537.36 (KHTML, like Gecko) Chrome/47.0.2526.106 Safari/537.36"
46.105.194.13 www.astro52.com - [07/Jan/2016:20:08:50 +0100] "GET /julien.htm HTTP/1.1" 200 2531 "-" "Mozilla/5.0 (compatible; bingbot/2.0; +http://www.bing.com/bingbot.htm)"
83.156.102.211 hyperclasse.net - [07/Jan/2016:20:11:39 +0100] "GET /cartabledeseverine/mes%20images/DSC03040.JPG HTTP/1.1" 200 94686 "http://www.lecartabledeseverine.fr/rallye-lecture-cycle-2-et-3-lire-c-est-partir-c260151" "Mozilla/5.0 (Windows NT 6.3; WOW64) AppleWebKit/537.36 (KHTML, like Gecko) Chrome/47.0.2526.106 Safari/537.36"
46.105.196.9 www.astro52.com - [07/Jan/2016:20:12:16 +0100] "GET /planetes.htm HTTP/1.1" 200 2842 "https://www.google.fr/" "Mozilla/5.0 (iPhone; CPU iPhone OS 8_4 like Mac OS X) AppleWebKit/600.1.4 (KHTML, like Gecko) Version/8.0 Mobile/12H143 Safari/600.1.4"
46.105.196.6 www.astro52.com - [07/Jan/2016:20:12:17 +0100] "GET /calculs/ HTTP/1.1" 200 1152 "http://www.google.be/url?sa=t&rct=j&q=&esrc=s&source=web&cd=11&ved=0ahUKEwijxO_6s5jKAhWDVxQKHddBCM8QFghFMAo&url=http%3A%2F%2Fwww.astro52.com%2Fcalculs%2F&usg=AFQjCNGR8LSiIev5x2RCvZmc9rc1IBSdpQ&bvm=bv.110151844,d.d24" "Mozilla/5.0 (Macintosh; Intel Mac OS X 10_7_5) AppleWebKit/537.73.11 (KHTML, like Gecko) Version/6.1.1 Safari/537.73.11"
46.105.196.5 www.astro52.com - [07/Jan/2016:20:12:17 +0100] "GET /nouvelle-presentation.css HTTP/1.1" 200 460 "http://www.astro52.com/calculs/" "Mozilla/5.0 (Macintosh; Intel Mac OS X 10_7_5) AppleWebKit/537.73.11 (KHTML, like Gecko) Version/6.1.1 Safari/537.73.11"
46.105.196.10 www.astro52.com - [07/Jan/2016:20:12:18 +0100] "GET /favicon.ico HTTP/1.1" 200 318 "http://www.astro52.com/calculs/" "Mozilla/5.0 (Macintosh; Intel Mac OS X 10_7_5) AppleWebKit/537.73.11 (KHTML, like Gecko) Version/6.1.1 Safari/537.73.11"
46.105.196.11 www.astro52.com - [07/Jan/2016:20:12:20 +0100] "GET /calculs/multiplications1.html HTTP/1.1" 200 1026 "http://www.astro52.com/calculs/" "Mozilla/5.0 (Macintosh; Intel Mac OS X 10_7_5) AppleWebKit/537.73.11 (KHTML, like Gecko) Version/6.1.1 Safari/537.73.11"
46.105.196.8 www.astro52.com - [07/Jan/2016:20:12:20 +0100] "GET /calculs/calculs.css HTTP/1.1" 200 347 "http://www.astro52.com/calculs/multiplications1.html" "Mozilla/5.0 (Macintosh; Intel Mac OS X 10_7_5) AppleWebKit/537.73.11 (KHTML, like Gecko) Version/6.1.1 Safari/537.73.11"
176.158.128.87 minipedia.fr - [07/Jan/2016:20:13:07 +0100] "GET /singe-amazonie2.jpg HTTP/1.1" 404 189 "http://izidon.unblog.fr/lamazonie-en-question/les-singes-damazonie/" "Mozilla/5.0 (Macintosh; Intel Mac OS X 10_10_5) AppleWebKit/601.2.7 (KHTML, like Gecko) Version/9.0.1 Safari/601.2.7"
176.158.128.87 minipedia.fr - [07/Jan/2016:20:13:07 +0100] "GET /singe-amazonie1.jpg HTTP/1.1" 404 190 "http://izidon.unblog.fr/lamazonie-en-question/les-singes-damazonie/" "Mozilla/5.0 (Macintosh; Intel Mac OS X 10_10_5) AppleWebKit/601.2.7 (KHTML, like Gecko) Version/9.0.1 Safari/601.2.7"
176.158.128.87 minipedia.fr - [07/Jan/2016:20:13:07 +0100] "GET /singe-amazonie5.jpg HTTP/1.1" 404 190 "http://izidon.unblog.fr/lamazonie-en-question/les-singes-damazonie/" "Mozilla/5.0 (Macintosh; Intel Mac OS X 10_10_5) AppleWebKit/601.2.7 (KHTML, like Gecko) Version/9.0.1 Safari/601.2.7"
176.158.128.87 minipedia.fr - [07/Jan/2016:20:13:07 +0100] "GET /singe-amazonie4.jpg HTTP/1.1" 404 189 "http://izidon.unblog.fr/lamazonie-en-question/les-singes-damazonie/" "Mozilla/5.0 (Macintosh; Intel Mac OS X 10_10_5) AppleWebKit/601.2.7 (KHTML, like Gecko) Version/9.0.1 Safari/601.2.7"
176.158.128.87 minipedia.fr - [07/Jan/2016:20:13:07 +0100] "GET /singe-amazonie3.jpg HTTP/1.1" 404 190 "http://izidon.unblog.fr/lamazonie-en-question/les-singes-damazonie/" "Mozilla/5.0 (Macintosh; Intel Mac OS X 10_10_5) AppleWebKit/601.2.7 (KHTML, like Gecko) Version/9.0.1 Safari/601.2.7"
78.238.37.166 hyperclasse.net - [07/Jan/2016:20:13:37 +0100] "GET /cartabledeseverine/mes%20images/DSC03040.JPG HTTP/1.1" 200 94686 "http://www.lecartabledeseverine.fr/rallye-lecture-cycle-2-et-3-lire-c-est-partir-c260151" "Mozilla/5.0 (Windows NT 6.3; WOW64) AppleWebKit/537.36 (KHTML, like Gecko) Chrome/47.0.2526.106 Safari/537.36"
46.105.192.231 www.astro52.com - [07/Jan/2016:20:15:01 +0100] "GET /presjccc.html HTTP/1.1" 200 2618 "-" "Mozilla/5.0 (X11; Linux x86_64; rv:10.0) Gecko/20150101 Firefox/20.0 (Chrome)"
46.105.192.231 www.astro52.com - [07/Jan/2016:20:15:02 +0100] "GET /presjccc.html HTTP/1.1" 200 2618 "-" "Mozilla/5.0 (X11; Linux x86_64; rv:10.0) Gecko/20150101 Firefox/20.0 (Chrome)"
46.105.192.230 www.astro52.com - [07/Jan/2016:20:15:04 +0100] "GET /maths-primaire-original.html HTTP/1.1" 200 25885 "-" "Mozilla/5.0 (X11; Linux x86_64; rv:10.0) Gecko/20150101 Firefox/20.0 (Chrome)"
46.105.192.230 www.astro52.com - [07/Jan/2016:20:15:04 +0100] "GET /maths-primaire-original.html HTTP/1.1" 200 25885 "-" "Mozilla/5.0 (X11; Linux x86_64; rv:10.0) Gecko/20150101 Firefox/20.0 (Chrome)"
46.105.192.41 www.astro52.com - [07/Jan/2016:20:15:10 +0100] "GET /robots.txt HTTP/1.1" 304 - "-" "Mozilla/5.0 (compatible; MJ12bot/v1.4.5; http://www.majestic12.co.uk/bot.php?+)"
46.105.192.39 www.astro52.com - [07/Jan/2016:20:15:11 +0100] "GET /ciel-profond/m74/?C=D;O=A HTTP/1.1" 200 1407 "-" "Mozilla/5.0 (compatible; MJ12bot/v1.4.5; http://www.majestic12.co.uk/bot.php?+)"
46.105.192.42 www.astro52.com - [07/Jan/2016:20:15:13 +0100] "GET /ciel-profond/m74/?C=M;O=A HTTP/1.1" 200 1407 "-" "Mozilla/5.0 (compatible; MJ12bot/v1.4.5; http://www.majestic12.co.uk/bot.php?+)"
105.100.10.143 astro52.com - [07/Jan/2016:20:15:52 +0100] "GET /resolution.htm HTTP/1.1" 200 15408 "http://forum.magicmaman.com/showthread.php?647341-Ma_fille_a_des_difficultes_en_math_-_Logique___ou_cela_ne_lui_plait_pas_du_tout__" "Mozilla/5.0 (Windows NT 6.1; WOW64; rv:43.0) Gecko/20100101 Firefox/43.0"
105.100.10.143 astro52.com - [07/Jan/2016:20:15:52 +0100] "GET /resol.css HTTP/1.1" 200 436 "http://astro52.com/resolution.htm" "Mozilla/5.0 (Windows NT 6.1; WOW64; rv:43.0) Gecko/20100101 Firefox/43.0"
105.100.10.143 astro52.com - [07/Jan/2016:20:15:52 +0100] "GET /polysoust.GIF HTTP/1.1" 200 21008 "http://astro52.com/resolution.htm" "Mozilla/5.0 (Windows NT 6.1; WOW64; rv:43.0) Gecko/20100101 Firefox/43.0"
105.100.10.143 astro52.com - [07/Jan/2016:20:15:52 +0100] "GET /addi.GIF HTTP/1.1" 200 22333 "http://astro52.com/resolution.htm" "Mozilla/5.0 (Windows NT 6.1; WOW64; rv:43.0) Gecko/20100101 Firefox/43.0"
105.100.10.143 astro52.com - [07/Jan/2016:20:15:52 +0100] "GET /soust.GIF HTTP/1.1" 200 14332 "http://astro52.com/resolution.htm" "Mozilla/5.0 (Windows NT 6.1; WOW64; rv:43.0) Gecko/20100101 Firefox/43.0"
105.100.10.143 astro52.com - [07/Jan/2016:20:15:52 +0100] "GET /comut.png HTTP/1.1" 200 3868 "http://astro52.com/resolution.htm" "Mozilla/5.0 (Windows NT 6.1; WOW64; rv:43.0) Gecko/20100101 Firefox/43.0"
105.100.10.143 astro52.com - [07/Jan/2016:20:15:52 +0100] "GET /champs.png HTTP/1.1" 200 10398 "http://astro52.com/resolution.htm" "Mozilla/5.0 (Windows NT 6.1; WOW64; rv:43.0) Gecko/20100101 Firefox/43.0"
105.100.10.143 astro52.com - [07/Jan/2016:20:15:52 +0100] "GET /shematiser.png HTTP/1.1" 200 4353 "http://astro52.com/resolution.htm" "Mozilla/5.0 (Windows NT 6.1; WOW64; rv:43.0) Gecko/20100101 Firefox/43.0"
105.100.10.143 astro52.com - [07/Jan/2016:20:15:53 +0100] "GET /salade.png HTTP/1.1" 200 735 "http://astro52.com/resolution.htm" "Mozilla/5.0 (Windows NT 6.1; WOW64; rv:43.0) Gecko/20100101 Firefox/43.0"
105.100.10.143 astro52.com - [07/Jan/2016:20:15:53 +0100] "GET /favicon.ico HTTP/1.1" 200 318 "-" "Mozilla/5.0 (Windows NT 6.1; WOW64; rv:43.0) Gecko/20100101 Firefox/43.0"
46.105.195.70 www.astro52.com - [07/Jan/2016:20:16:47 +0100] "GET /sym/symetrie.htm HTTP/1.1" 200 12894 "-" "Mozilla/5.0 (compatible; Googlebot/2.1; +http://www.google.com/bot.html)"
77.151.146.112 hyperclasse.net - [07/Jan/2016:20:17:11 +0100] "GET /cartabledeseverine/mes%20images/DSC03040.JPG HTTP/1.1" 200 94686 "-" "Mozilla/5.0 (Linux; U; Android 4.3; fr-fr; GT-I9300 Build/JSS15J) AppleWebKit/534.30 (KHTML, like Gecko) Version/4.0 Mobile Safari/534.30 GSA/5.7.14.16.arm"
92.148.77.20 hyperclasse.net - [07/Jan/2016:20:17:47 +0100] "GET /cartabledeseverine/mes%20images/DSC03040.JPG HTTP/1.1" 304 - "http://www.lecartabledeseverine.fr/rallye-lecture-cycle-2-et-3-lire-c-est-partir-c260151" "Mozilla/5.0 (Windows NT 6.3; WOW64) AppleWebKit/537.36 (KHTML, like Gecko) Chrome/31.0.1650.59 Safari/537.36"
80.200.222.65 hyperclasse.net - [07/Jan/2016:20:20:44 +0100] "GET /cartabledeseverine/mes%20images/DSC03040.JPG HTTP/1.1" 304 - "http://www.lecartabledeseverine.fr/rallye-lecture-cycle-2-et-3-lire-c-est-partir-c260151" "Mozilla/5.0 (Windows NT 6.1; WOW64; Trident/7.0; rv:11.0) like Gecko"
105.100.10.143 astro52.com - [07/Jan/2016:20:22:01 +0100] "GET / HTTP/1.1" 200 1929 "http://astro52.com/resolution.htm" "Mozilla/5.0 (Windows NT 6.1; WOW64; rv:43.0) Gecko/20100101 Firefox/43.0"
105.100.10.143 astro52.com - [07/Jan/2016:20:22:01 +0100] "GET /nouvelle-presentation.css HTTP/1.1" 200 460 "http://astro52.com/" "Mozilla/5.0 (Windows NT 6.1; WOW64; rv:43.0) Gecko/20100101 Firefox/43.0"
105.100.10.143 astro52.com - [07/Jan/2016:20:22:01 +0100] "GET /accueilastro52.png HTTP/1.1" 200 16361 "http://astro52.com/" "Mozilla/5.0 (Windows NT 6.1; WOW64; rv:43.0) Gecko/20100101 Firefox/43.0"
105.100.10.143 astro52.com - [07/Jan/2016:20:22:01 +0100] "GET /nouveau-contact.png HTTP/1.1" 200 1628 "http://astro52.com/" "Mozilla/5.0 (Windows NT 6.1; WOW64; rv:43.0) Gecko/20100101 Firefox/43.0"
46.105.196.11 www.astro52.com - [07/Jan/2016:20:22:32 +0100] "GET /sym/fatoucouleur.gif HTTP/1.1" 200 19887 "https://www.google.com/" "Mozilla/5.0 (Windows NT 6.1; WOW64) AppleWebKit/537.36 (KHTML, like Gecko) Chrome/47.0.2526.106 Safari/537.36"
105.100.10.143 astro52.com - [07/Jan/2016:20:22:58 +0100] "GET /remediation-maths.html HTTP/1.1" 200 20005 "http://astro52.com/" "Mozilla/5.0 (Windows NT 6.1; WOW64; rv:43.0) Gecko/20100101 Firefox/43.0"
78.252.105.6 astro52.com - [07/Jan/2016:20:24:10 +0100] "GET /favicon.ico HTTP/1.1" 200 318 "-" "Mozilla/5.0 (Windows NT 6.3; Trident/7.0; Touch; rv:11.0) like Gecko"
81.49.190.141 minipedia.fr - [07/Jan/2016:20:24:12 +0100] "GET /catarcbout.GIF HTTP/1.1" 304 - "http://images.google.fr/imgres?imgurl=http%3A%2F%2Fminipedia.fr%2Fcatarcbout.GIF&imgrefurl=http%3A%2F%2Fminipedia.fr%2Freimscathedrale.htm&h=288&w=898&tbnid=TOApVA-GdZAeoM%3A&docid=gpuWQ_GQXhm6UM&ei=ULuOVrH-BIKuU6eivJAH&tbm=isch&iact=rc&uact=3&dur=599&page=1&start=0&ndsp=20&ved=0ahUKEwix5qrNtpjKAhUC1xQKHScRD3IQrQMIVzAL" "Mozilla/5.0 (Windows NT 6.1; WOW64; rv:43.0) Gecko/20100101 Firefox/43.0"
81.49.190.141 minipedia.fr - [07/Jan/2016:20:24:12 +0100] "GET /reimscathedrale.htm HTTP/1.1" 200 5213 "http://images.google.fr/imgres?imgurl=http%3A%2F%2Fminipedia.fr%2Fcatarcbout.GIF&imgrefurl=http%3A%2F%2Fminipedia.fr%2Freimscathedrale.htm&h=288&w=898&tbnid=TOApVA-GdZAeoM%3A&docid=gpuWQ_GQXhm6UM&ei=ULuOVrH-BIKuU6eivJAH&tbm=isch&iact=rc&uact=3&dur=599&page=1&start=0&ndsp=20&ved=0ahUKEwix5qrNtpjKAhUC1xQKHScRD3IQrQMIVzAL" "Mozilla/5.0 (Windows NT 6.1; WOW64; rv:43.0) Gecko/20100101 Firefox/43.0"
81.49.190.141 minipedia.fr - [07/Jan/2016:20:24:13 +0100] "GET /catreimsgen.jpg HTTP/1.1" 304 - "http://minipedia.fr/reimscathedrale.htm" "Mozilla/5.0 (Windows NT 6.1; WOW64; rv:43.0) Gecko/20100101 Firefox/43.0"
81.49.190.141 minipedia.fr - [07/Jan/2016:20:24:13 +0100] "GET /catreimslys.jpg HTTP/1.1" 304 - "http://minipedia.fr/reimscathedrale.htm" "Mozilla/5.0 (Windows NT 6.1; WOW64; rv:43.0) Gecko/20100101 Firefox/43.0"
81.49.190.141 minipedia.fr - [07/Jan/2016:20:24:13 +0100] "GET /catreimssale.jpg HTTP/1.1" 304 - "http://minipedia.fr/reimscathedrale.htm" "Mozilla/5.0 (Windows NT 6.1; WOW64; rv:43.0) Gecko/20100101 Firefox/43.0"
81.49.190.141 minipedia.fr - [07/Jan/2016:20:24:13 +0100] "GET /catreimsarcb.jpg HTTP/1.1" 304 - "http://minipedia.fr/reimscathedrale.htm" "Mozilla/5.0 (Windows NT 6.1; WOW64; rv:43.0) Gecko/20100101 Firefox/43.0"
81.49.190.141 minipedia.fr - [07/Jan/2016:20:24:13 +0100] "GET /catreimsarcb2.jpg HTTP/1.1" 304 - "http://minipedia.fr/reimscathedrale.htm" "Mozilla/5.0 (Windows NT 6.1; WOW64; rv:43.0) Gecko/20100101 Firefox/43.0"
81.49.190.141 minipedia.fr - [07/Jan/2016:20:24:13 +0100] "GET /catreimsreno.jpg HTTP/1.1" 304 - "http://minipedia.fr/reimscathedrale.htm" "Mozilla/5.0 (Windows NT 6.1; WOW64; rv:43.0) Gecko/20100101 Firefox/43.0"
81.49.190.141 minipedia.fr - [07/Jan/2016:20:24:14 +0100] "GET /catreimsgar.jpg HTTP/1.1" 304 - "http://minipedia.fr/reimscathedrale.htm" "Mozilla/5.0 (Windows NT 6.1; WOW64; rv:43.0) Gecko/20100101 Firefox/43.0"
81.49.190.141 minipedia.fr - [07/Jan/2016:20:24:14 +0100] "GET /astro52/salade.png HTTP/1.1" 304 - "http://minipedia.fr/reimscathedrale.htm" "Mozilla/5.0 (Windows NT 6.1; WOW64; rv:43.0) Gecko/20100101 Firefox/43.0"
88.180.221.122 hyperclasse.net - [07/Jan/2016:20:24:33 +0100] "GET /prog/trousfaciles2.png HTTP/1.1" 200 17181 "http://images.google.fr/imgres?imgurl=http%3A%2F%2Fhyperclasse.net%2Fprog%2Ftrousfaciles2.png&imgrefurl=http%3A%2F%2Fwww.astro52.com%2Ffrancais-primaire.html&h=303&w=671&tbnid=jXNVhStvill4wM%3A&docid=1wyAkUMP0f7EbM&hl=fr&ei=CLuOVt6qPIi8sQHig5PoDg&tbm=isch&iact=rc&uact=3&dur=881&page=1&start=0&ndsp=38&ved=0ahUKEwjezrertpjKAhUIXiwKHeLBBO0QrQMIgAEwHw" "Mozilla/5.0 (Windows NT 6.1; WOW64; Trident/7.0; rv:11.0) like Gecko"
46.105.196.6 www.astro52.com - [07/Jan/2016:20:24:33 +0100] "GET /francais-primaire.html HTTP/1.1" 200 3694 "http://images.google.fr/imgres?imgurl=http%3A%2F%2Fhyperclasse.net%2Fprog%2Ftrousfaciles2.png&imgrefurl=http%3A%2F%2Fwww.astro52.com%2Ffrancais-primaire.html&h=303&w=671&tbnid=jXNVhStvill4wM%3A&docid=1wyAkUMP0f7EbM&hl=fr&ei=CLuOVt6qPIi8sQHig5PoDg&tbm=isch&iact=rc&uact=3&dur=881&page=1&start=0&ndsp=38&ved=0ahUKEwjezrertpjKAhUIXiwKHeLBBO0QrQMIgAEwHw" "Mozilla/5.0 (Windows NT 6.1; WOW64; Trident/7.0; rv:11.0) like Gecko"
46.105.196.11 www.astro52.com - [07/Jan/2016:20:24:33 +0100] "GET /accueilastro52.png HTTP/1.1" 200 16361 "http://www.astro52.com/francais-primaire.html" "Mozilla/5.0 (Windows NT 6.1; WOW64; Trident/7.0; rv:11.0) like Gecko"
46.105.196.8 www.astro52.com - [07/Jan/2016:20:24:34 +0100] "GET /nouveau-contact.png HTTP/1.1" 200 1628 "http://www.astro52.com/francais-primaire.html" "Mozilla/5.0 (Windows NT 6.1; WOW64; Trident/7.0; rv:11.0) like Gecko"
46.105.196.6 www.astro52.com - [07/Jan/2016:20:24:37 +0100] "GET /planetes/jupiter-best-of-2010.jpg HTTP/1.1" 200 47159 "http://blogs.rediff.com/bagiha91/page/4/" "Mozilla/5.0 (iPad; CPU OS 8_4 like Mac OS X) AppleWebKit/600.1.4 (KHTML, like Gecko) GSA/11.1.66360 Mobile/12H143 Safari/600.1.4"
46.105.192.167 www.astro52.com - [07/Jan/2016:20:25:17 +0100] "GET /robots.txt HTTP/1.1" 304 - "-" "Mozilla/5.0 (compatible; YandexBot/3.0; +http://yandex.com/bots)"
46.105.192.165 www.astro52.com - [07/Jan/2016:20:25:22 +0100] "GET /problemes-fiche-16.doc HTTP/1.1" 304 - "-" "Mozilla/5.0 (compatible; YandexBot/3.0; +http://yandex.com/bots)"
89.158.65.8 astro52.com - [07/Jan/2016:20:26:00 +0100] "GET /calculs/soustractions1.html HTTP/1.1" 200 1015 "http://astro52.com/calculs/" "Mozilla/5.0 (Windows NT 6.1; WOW64) AppleWebKit/537.36 (KHTML, like Gecko) Chrome/47.0.2526.106 Safari/537.36"
89.158.65.8 astro52.com - [07/Jan/2016:20:26:00 +0100] "GET /calculs/calculs.css HTTP/1.1" 304 - "http://astro52.com/calculs/soustractions1.html" "Mozilla/5.0 (Windows NT 6.1; WOW64) AppleWebKit/537.36 (KHTML, like Gecko) Chrome/47.0.2526.106 Safari/537.36"
83.157.243.21 hyperclasse.net - [07/Jan/2016:20:26:07 +0100] "GET /cartabledeseverine/mes%20images/DSC03040.JPG HTTP/1.1" 304 - "http://www.lecartabledeseverine.fr/rallye-lecture-cycle-2-et-3-lire-c-est-partir-c260151" "Mozilla/5.0 (Windows NT 6.1; WOW64; Trident/7.0; rv:11.0) like Gecko"
89.158.65.8 astro52.com - [07/Jan/2016:20:26:14 +0100] "GET /calculs/multiplications3.html HTTP/1.1" 200 1030 "http://astro52.com/calculs/" "Mozilla/5.0 (Windows NT 6.1; WOW64) AppleWebKit/537.36 (KHTML, like Gecko) Chrome/47.0.2526.106 Safari/537.36"
89.158.65.8 astro52.com - [07/Jan/2016:20:26:25 +0100] "GET /calculs/multiplications2.html HTTP/1.1" 200 1044 "http://astro52.com/calculs/" "Mozilla/5.0 (Windows NT 6.1; WOW64) AppleWebKit/537.36 (KHTML, like Gecko) Chrome/47.0.2526.106 Safari/537.36"
92.163.17.84 hyperclasse.net - [07/Jan/2016:20:26:29 +0100] "GET /cartabledeseverine/ HTTP/1.1" 200 6608 "https://www.google.fr/" "Mozilla/5.0 (Windows NT 6.3; WOW64) AppleWebKit/537.36 (KHTML, like Gecko) Chrome/47.0.2526.106 Safari/537.36"
92.163.17.84 hyperclasse.net - [07/Jan/2016:20:26:29 +0100] "GET /cartabledeseverine/coinhautgauche.gif HTTP/1.1" 200 445 "http://hyperclasse.net/cartabledeseverine/" "Mozilla/5.0 (Windows NT 6.3; WOW64) AppleWebKit/537.36 (KHTML, like Gecko) Chrome/47.0.2526.106 Safari/537.36"
92.163.17.84 hyperclasse.net - [07/Jan/2016:20:26:29 +0100] "GET /cartabledeseverine/mes%20images/Animationbarrecrayonenfants.gif HTTP/1.1" 200 8542 "http://hyperclasse.net/cartabledeseverine/" "Mozilla/5.0 (Windows NT 6.3; WOW64) AppleWebKit/537.36 (KHTML, like Gecko) Chrome/47.0.2526.106 Safari/537.36"
92.163.17.84 hyperclasse.net - [07/Jan/2016:20:26:29 +0100] "GET /cartabledeseverine/spacer.gif HTTP/1.1" 200 63 "http://hyperclasse.net/cartabledeseverine/" "Mozilla/5.0 (Windows NT 6.3; WOW64) AppleWebKit/537.36 (KHTML, like Gecko) Chrome/47.0.2526.106 Safari/537.36"
92.163.17.84 hyperclasse.net - [07/Jan/2016:20:26:29 +0100] "GET /cartabledeseverine/coinhautdroit.gif HTTP/1.1" 200 444 "http://hyperclasse.net/cartabledeseverine/" "Mozilla/5.0 (Windows NT 6.3; WOW64) AppleWebKit/537.36 (KHTML, like Gecko) Chrome/47.0.2526.106 Safari/537.36"
92.163.17.84 hyperclasse.net - [07/Jan/2016:20:26:29 +0100] "GET /cartabledeseverine/mes%20images/Animationlecartabledeseverine2.gif HTTP/1.1" 200 12404 "http://hyperclasse.net/cartabledeseverine/" "Mozilla/5.0 (Windows NT 6.3; WOW64) AppleWebKit/537.36 (KHTML, like Gecko) Chrome/47.0.2526.106 Safari/537.36"
92.163.17.84 hyperclasse.net - [07/Jan/2016:20:26:29 +0100] "GET /cartabledeseverine/mes%20images/misajour.gif HTTP/1.1" 200 311 "http://hyperclasse.net/cartabledeseverine/" "Mozilla/5.0 (Windows NT 6.3; WOW64) AppleWebKit/537.36 (KHTML, like Gecko) Chrome/47.0.2526.106 Safari/537.36"
92.163.17.84 hyperclasse.net - [07/Jan/2016:20:26:29 +0100] "GET /cartabledeseverine/coinbasgauche.gif HTTP/1.1" 200 444 "http://hyperclasse.net/cartabledeseverine/" "Mozilla/5.0 (Windows NT 6.3; WOW64) AppleWebKit/537.36 (KHTML, like Gecko) Chrome/47.0.2526.106 Safari/537.36"
92.163.17.84 hyperclasse.net - [07/Jan/2016:20:26:29 +0100] "GET /cartabledeseverine/coinbasdroit.gif HTTP/1.1" 200 444 "http://hyperclasse.net/cartabledeseverine/" "Mozilla/5.0 (Windows NT 6.3; WOW64) AppleWebKit/537.36 (KHTML, like Gecko) Chrome/47.0.2526.106 Safari/537.36"
92.163.17.84 hyperclasse.net - [07/Jan/2016:20:26:29 +0100] "GET /cartabledeseverine/petiteligne.gif HTTP/1.1" 200 158 "http://hyperclasse.net/cartabledeseverine/" "Mozilla/5.0 (Windows NT 6.3; WOW64) AppleWebKit/537.36 (KHTML, like Gecko) Chrome/47.0.2526.106 Safari/537.36"
92.163.17.84 hyperclasse.net - [07/Jan/2016:20:26:29 +0100] "GET /cartabledeseverine/mes%20images/livre%20dor.gif HTTP/1.1" 200 5537 "http://hyperclasse.net/cartabledeseverine/" "Mozilla/5.0 (Windows NT 6.3; WOW64) AppleWebKit/537.36 (KHTML, like Gecko) Chrome/47.0.2526.106 Safari/537.36"
92.163.17.84 hyperclasse.net - [07/Jan/2016:20:26:29 +0100] "GET /cartabledeseverine/mes%20images/WHGSchoolEmail.gif HTTP/1.1" 200 2340 "http://hyperclasse.net/cartabledeseverine/" "Mozilla/5.0 (Windows NT 6.3; WOW64) AppleWebKit/537.36 (KHTML, like Gecko) Chrome/47.0.2526.106 Safari/537.36"
92.163.17.84 hyperclasse.net - [07/Jan/2016:20:26:29 +0100] "GET /cartabledeseverine/mes%20images/WHGSchoolGroup1.gif HTTP/1.1" 200 8556 "http://hyperclasse.net/cartabledeseverine/" "Mozilla/5.0 (Windows NT 6.3; WOW64) AppleWebKit/537.36 (KHTML, like Gecko) Chrome/47.0.2526.106 Safari/537.36"
92.163.17.84 hyperclasse.net - [07/Jan/2016:20:26:29 +0100] "GET /cartabledeseverine/entredeuxhaut.gif HTTP/1.1" 200 550 "http://hyperclasse.net/cartabledeseverine/" "Mozilla/5.0 (Windows NT 6.3; WOW64) AppleWebKit/537.36 (KHTML, like Gecko) Chrome/47.0.2526.106 Safari/537.36"
92.163.17.84 hyperclasse.net - [07/Jan/2016:20:26:29 +0100] "GET /cartabledeseverine/mes%20images/classece2.gif HTTP/1.1" 200 16211 "http://hyperclasse.net/cartabledeseverine/" "Mozilla/5.0 (Windows NT 6.3; WOW64) AppleWebKit/537.36 (KHTML, like Gecko) Chrome/47.0.2526.106 Safari/537.36"
92.163.17.84 hyperclasse.net - [07/Jan/2016:20:26:29 +0100] "GET /cartabledeseverine/mes%20images/logo_cartables.gif HTTP/1.1" 200 2898 "http://hyperclasse.net/cartabledeseverine/" "Mozilla/5.0 (Windows NT 6.3; WOW64) AppleWebKit/537.36 (KHTML, like Gecko) Chrome/47.0.2526.106 Safari/537.36"
92.163.17.84 hyperclasse.net - [07/Jan/2016:20:26:29 +0100] "GET /cartabledeseverine/mes%20images/18_logo4.gif HTTP/1.1" 200 7960 "http://hyperclasse.net/cartabledeseverine/" "Mozilla/5.0 (Windows NT 6.3; WOW64) AppleWebKit/537.36 (KHTML, like Gecko) Chrome/47.0.2526.106 Safari/537.36"
92.163.17.84 hyperclasse.net - [07/Jan/2016:20:26:29 +0100] "GET /cartabledeseverine/mes%20images/logsitinstit.gif HTTP/1.1" 200 3545 "http://hyperclasse.net/cartabledeseverine/" "Mozilla/5.0 (Windows NT 6.3; WOW64) AppleWebKit/537.36 (KHTML, like Gecko) Chrome/47.0.2526.106 Safari/537.36"
92.163.17.84 hyperclasse.net - [07/Jan/2016:20:26:29 +0100] "GET /cartabledeseverine/mes%20images/Animationlogosite2.gif HTTP/1.1" 200 47643 "http://hyperclasse.net/cartabledeseverine/" "Mozilla/5.0 (Windows NT 6.3; WOW64) AppleWebKit/537.36 (KHTML, like Gecko) Chrome/47.0.2526.106 Safari/537.36"
92.163.17.84 hyperclasse.net - [07/Jan/2016:20:26:29 +0100] "GET /cartabledeseverine/mes%20images/Planete-LOGO.gif HTTP/1.1" 200 2684 "http://hyperclasse.net/cartabledeseverine/" "Mozilla/5.0 (Windows NT 6.3; WOW64) AppleWebKit/537.36 (KHTML, like Gecko) Chrome/47.0.2526.106 Safari/537.36"
92.163.17.84 hyperclasse.net - [07/Jan/2016:20:26:29 +0100] "GET /cartabledeseverine/entredeuxbas.gif HTTP/1.1" 200 549 "http://hyperclasse.net/cartabledeseverine/" "Mozilla/5.0 (Windows NT 6.3; WOW64) AppleWebKit/537.36 (KHTML, like Gecko) Chrome/47.0.2526.106 Safari/537.36"
92.163.17.84 hyperclasse.net - [07/Jan/2016:20:26:30 +0100] "GET /cartabledeseverine/mes%20images/fond1010.gif HTTP/1.1" 200 1545 "http://hyperclasse.net/cartabledeseverine/" "Mozilla/5.0 (Windows NT 6.3; WOW64) AppleWebKit/537.36 (KHTML, like Gecko) Chrome/47.0.2526.106 Safari/537.36"
92.163.17.84 hyperclasse.net - [07/Jan/2016:20:26:30 +0100] "GET /cartabledeseverine/milieuhaut.gif HTTP/1.1" 200 325 "http://hyperclasse.net/cartabledeseverine/" "Mozilla/5.0 (Windows NT 6.3; WOW64) AppleWebKit/537.36 (KHTML, like Gecko) Chrome/47.0.2526.106 Safari/537.36"
92.163.17.84 hyperclasse.net - [07/Jan/2016:20:26:30 +0100] "GET /cartabledeseverine/bordmilieugauche.gif HTTP/1.1" 200 337 "http://hyperclasse.net/cartabledeseverine/" "Mozilla/5.0 (Windows NT 6.3; WOW64) AppleWebKit/537.36 (KHTML, like Gecko) Chrome/47.0.2526.106 Safari/537.36"
92.163.17.84 hyperclasse.net - [07/Jan/2016:20:26:30 +0100] "GET /cartabledeseverine/bordmilieudroit.gif HTTP/1.1" 200 347 "http://hyperclasse.net/cartabledeseverine/" "Mozilla/5.0 (Windows NT 6.3; WOW64) AppleWebKit/537.36 (KHTML, like Gecko) Chrome/47.0.2526.106 Safari/537.36"
92.163.17.84 hyperclasse.net - [07/Jan/2016:20:26:30 +0100] "GET /cartabledeseverine/milieubas.gif HTTP/1.1" 200 332 "http://hyperclasse.net/cartabledeseverine/" "Mozilla/5.0 (Windows NT 6.3; WOW64) AppleWebKit/537.36 (KHTML, like Gecko) Chrome/47.0.2526.106 Safari/537.36"
92.163.17.84 hyperclasse.net - [07/Jan/2016:20:26:30 +0100] "GET /cartabledeseverine/entredeuxmilieu.gif HTTP/1.1" 200 618 "http://hyperclasse.net/cartabledeseverine/" "Mozilla/5.0 (Windows NT 6.3; WOW64) AppleWebKit/537.36 (KHTML, like Gecko) Chrome/47.0.2526.106 Safari/537.36"
92.163.17.84 hyperclasse.net - [07/Jan/2016:20:26:31 +0100] "GET /favicon.ico HTTP/1.1" 404 183 "http://hyperclasse.net/cartabledeseverine/" "Mozilla/5.0 (Windows NT 6.3; WOW64) AppleWebKit/537.36 (KHTML, like Gecko) Chrome/47.0.2526.106 Safari/537.36"
46.105.196.10 www.astro52.com - [07/Jan/2016:20:27:02 +0100] "GET /ocp8/sym/identique.jpg HTTP/1.1" 200 33498 "-" "Mozilla/5.0 (Linux; Android 4.4.4; ZTE Blade Apex3 Build/KTU84P) AppleWebKit/537.36 (KHTML, like Gecko) Version/4.0 Chrome/33.0.0.0 Mobile Safari/537.36 GSA/5.7.14.19.arm"
46.105.194.42 www.astro52.com - [07/Jan/2016:20:27:36 +0100] "GET /lunephases.htm HTTP/1.1" 200 695 "https://www.google.ca/" "Mozilla/5.0 (iPhone; CPU iPhone OS 9_1 like Mac OS X) AppleWebKit/601.1.46 (KHTML, like Gecko) Version/9.0 Mobile/13B143 Safari/601.1"
46.105.194.44 www.astro52.com - [07/Jan/2016:20:27:36 +0100] "GET /lunephases.GIF HTTP/1.1" 304 - "http://www.astro52.com/lunephases.htm" "Mozilla/5.0 (iPhone; CPU iPhone OS 9_1 like Mac OS X) AppleWebKit/601.1.46 (KHTML, like Gecko) Version/9.0 Mobile/13B143 Safari/601.1"
86.213.233.22 hyperclasse.net - [07/Jan/2016:20:27:37 +0100] "GET /cartabledeseverine/mes%20images/DSC03040.JPG HTTP/1.1" 200 94686 "http://www.lecartabledeseverine.fr/rallye-lecture-cycle-2-et-3-lire-c-est-partir-c260151" "Mozilla/5.0 (iPhone; CPU iPhone OS 9_1 like Mac OS X) AppleWebKit/601.1.46 (KHTML, like Gecko) Version/9.0 Mobile/13B143 Safari/601.1"
151.80.31.117 minipedia.fr - [07/Jan/2016:20:27:47 +0100] "GET /pyramides/?C=M;O=A HTTP/1.1" 200 1490 "-" "Mozilla/5.0 (compatible; AhrefsBot/5.0; +http://ahrefs.com/robot/)"
105.100.10.143 astro52.com - [07/Jan/2016:20:28:01 +0100] "GET /presjccc.html HTTP/1.1" 200 1140 "http://astro52.com/remediation-maths.html" "Mozilla/5.0 (Windows NT 6.1; WOW64; rv:43.0) Gecko/20100101 Firefox/43.0"
105.100.10.143 astro52.com - [07/Jan/2016:20:28:02 +0100] "GET /presjcccs1.png HTTP/1.1" 200 115690 "http://astro52.com/presjccc.html" "Mozilla/5.0 (Windows NT 6.1; WOW64; rv:43.0) Gecko/20100101 Firefox/43.0"
105.100.10.143 astro52.com - [07/Jan/2016:20:28:02 +0100] "GET /presjcccs3.png HTTP/1.1" 200 123930 "http://astro52.com/presjccc.html" "Mozilla/5.0 (Windows NT 6.1; WOW64; rv:43.0) Gecko/20100101 Firefox/43.0"
105.100.10.143 astro52.com - [07/Jan/2016:20:28:02 +0100] "GET /presjcccs2.png HTTP/1.1" 200 105593 "http://astro52.com/presjccc.html" "Mozilla/5.0 (Windows NT 6.1; WOW64; rv:43.0) Gecko/20100101 Firefox/43.0"
105.100.10.143 astro52.com - [07/Jan/2016:20:28:02 +0100] "GET /presjcccs4.png HTTP/1.1" 200 109991 "http://astro52.com/presjccc.html" "Mozilla/5.0 (Windows NT 6.1; WOW64; rv:43.0) Gecko/20100101 Firefox/43.0"
105.100.10.143 astro52.com - [07/Jan/2016:20:28:02 +0100] "GET /presjcccsv.png HTTP/1.1" 200 71942 "http://astro52.com/presjccc.html" "Mozilla/5.0 (Windows NT 6.1; WOW64; rv:43.0) Gecko/20100101 Firefox/43.0"
46.105.195.72 www.astro52.com - [07/Jan/2016:20:28:16 +0100] "GET / HTTP/1.1" 200 4371 "-" "Mozilla/5.0 (compatible; Googlebot/2.1; +http://www.google.com/bot.html)"
86.223.130.70 hyperclasse.net - [07/Jan/2016:20:28:39 +0100] "GET /cartabledeseverine/mes%20images/DSC03040.JPG HTTP/1.1" 200 94686 "http://www.lecartabledeseverine.fr/rallye-lecture-cycle-2-et-3-lire-c-est-partir-c260151" "Mozilla/5.0 (Windows NT 6.3; WOW64; Trident/7.0; rv:11.0) like Gecko"
81.250.83.203 astro52.com - [07/Jan/2016:20:28:49 +0100] "GET /polysoust.GIF HTTP/1.1" 304 - "http://www.comment-apprendre.fr/comment-apprendre-la-soustraction-au-cp.html" "Mozilla/5.0 (Windows NT 6.3; WOW64) AppleWebKit/537.36 (KHTML, like Gecko) Chrome/47.0.2526.106 Safari/537.36"
81.250.83.203 astro52.com - [07/Jan/2016:20:28:49 +0100] "GET /soust.GIF HTTP/1.1" 304 - "http://www.comment-apprendre.fr/comment-apprendre-la-soustraction-au-cp.html" "Mozilla/5.0 (Windows NT 6.3; WOW64) AppleWebKit/537.36 (KHTML, like Gecko) Chrome/47.0.2526.106 Safari/537.36"
45.32.130.87 hyperclasse.net - [07/Jan/2016:20:29:09 +0100] "GET / HTTP/1.1" 200 1770 "-" "Mozilla/5.0 (Windows NT 6.1; WOW64) AppleWebKit/537.36 (KHTML, like Gecko) Chrome/40.0.2214.115 Safari/537.36"
79.87.82.217 astro52.com - [07/Jan/2016:20:30:39 +0100] "GET /pedagoaccueil.htm HTTP/1.1" 301 199 "http://www.gommeetgribouillages.fr/zil.html" "Mozilla/5.0 (Windows NT 10.0; WOW64) AppleWebKit/537.36 (KHTML, like Gecko) Chrome/47.0.2526.106 Safari/537.36"
46.105.196.6 www.astro52.com - [07/Jan/2016:20:30:40 +0100] "GET /index.html HTTP/1.1" 200 1929 "http://www.gommeetgribouillages.fr/zil.html" "Mozilla/5.0 (Windows NT 10.0; WOW64) AppleWebKit/537.36 (KHTML, like Gecko) Chrome/47.0.2526.106 Safari/537.36"
